000
CXUS51 KOKX 011543
CLMEWR
CLIMATE REPORT
NATIONAL WEATHER SERVICE NEW YORK, NY
1143 AM EDT THU JUN 01 2023
...................................
...THE NEWARK NJ CLIMATE SUMMARY FOR THE MONTH OF MAY 2023...
CLIMATE NORMAL PERIOD 1991 TO 2020
CLIMATE RECORD PERIOD 1931 TO 2023
WEATHER OBSERVED NORMAL DEPART LAST YEAR`S
VALUE DATE(S) VALUE FROM VALUE DATE(S)
NORMAL
................................................................
TEMPERATURE (F)
RECORD
HIGH 99 05/20/1996
LOW 33 05/09/1947
HIGHEST 90 05/12 MM MM 98 05/31
LOWEST 44 05/18 MM MM 43 05/01
AVG. MAXIMUM 74.0 72.6 1.4 75.2
AVG. MINIMUM 53.1 53.9 -0.8 57.3
MEAN 63.5 63.3 0.2 66.2
DAYS MAX >= 90 1 1.9 -0.9 4
DAYS MAX <= 32 0 0.0 0.0 0
DAYS MIN <= 32 0 0.0 0.0 0
DAYS MIN <= 0 0 0.0 0.0 0
PRECIPITATION (INCHES)
RECORD
MAXIMUM 10.22 1984
MINIMUM 0.52 1964
TOTALS 0.89 3.97 -3.08 5.23
DAILY AVG. 0.03 0.13 -0.10 0.17
DAYS >= .01 7 11.4 -4.4 12
DAYS >= .10 1 7.3 -6.3 12
DAYS >= .50 1 2.7 -1.7 3
DAYS >= 1.00 0 0.9 -0.9 1
GREATEST
24 HR. TOTAL 2.33 04/30 TO 05/01 1.82 05/06 TO 05/07
STORM TOTAL 0.66 1.21
(MM/DD(HH)) MM
SNOWFALL (INCHES)
TOTALS 0.0 0.0 0.0 T
LIQUID EQUIV 0.00 0.00 0.00 T
SINCE 7/1 2.7 31.5 -28.8 MM
LIQUID 7/1 0.27 3.10 -2.83 MM
SNOWDEPTH AVG. 0 0
DAYS >= TRACE 0 0.0 0.0 MM
DAYS >= 1.0 0 0.0 0.0 MM
GREATEST
SNOW DEPTH 0 0 MM
24 HR TOTAL MM MM
STORM TOTAL 0.0 0.0
(MM/DD(HH)) MM
DEGREE DAYS
HEATING TOTAL 90 124 -34 76
SINCE 7/1 3835 4687 -852 MM
COOLING TOTAL 51 69 -18 122
SINCE 1/1 90 84 6 MM
................................................................
WIND (MPH)
AVERAGE WIND SPEED 9.0
HIGHEST WIND SPEED/DIRECTION 31/260 DATE 05/02
HIGHEST GUST SPEED/DIRECTION 39/240 DATE 05/01
39/230 05/02
WEATHER CONDITIONS. NUMBER OF DAYS WITH
THUNDERSTORM 0 MIXED PRECIP 0
HEAVY RAIN 1 RAIN 2
LIGHT RAIN 9 FREEZING RAIN 0
LT FREEZING RAIN 0 HAIL 0
HEAVY SNOW 0 SNOW 0
LIGHT SNOW 0 SLEET 0
FOG 2 FOG W/VIS <= 1/4 MILE 0
HAZE 1
- INDICATES NEGATIVE NUMBERS.
R INDICATES RECORD WAS SET OR TIED.
MM INDICATES DATA IS MISSING.
T INDICATES TRACE AMOUNT.
$$