000
CXAK56 PAFG 010957
CF6FAI
PRELIMINARY LOCAL CLIMATOLOGICAL DATA (WS FORM: F-6)
STATION: FAIRBANKS AK
MONTH: MARCH
YEAR: 2023
LATITUDE: 64 49 N
LONGITUDE: 147 52 W
TEMPERATURE IN F: :PCPN: SNOW: WIND :SUNSHINE: SKY :PK WND
================================================================================
1 2 3 4 5 6A 6B 7 8 9 10 11 12 13 14 15 16 17 18
12Z AVG MX 2MIN
DY MAX MIN AVG DEP HDD CDD WTR SNW DPTH SPD SPD DIR MIN PSBL S-S WX SPD DR
================================================================================
1 16 -3 7 3 58 0 0.00 0.0 26 2.4 9 200 M M 9 11 200
2 11 1 6 1 59 0 0.02 0.6 26 1.9 8 240 M M 10 1 10 290
3 4 -25 -10 -15 75 0 0.01 0.2 26 3.5 20 270 M M 7 1 22 280
4 3 -34 -15 -20 80 0 T T 26 2.4 7 50 M M 5 1 8 50
5 18 -13 3 -3 62 0 0.00 0.0 25 2.6 10 50 M M 7 10 60
6 27 -1 13 7 52 0 0.00 0.0 25 0.3 7 80 M M 8 7 80
7 38 9 24 18 41 0 0.00 0.0 25 1.2 7 190 M M 7 8 190
8 31 5 18 12 47 0 0.09 1.4 24 2.5 14 260 M M 9 1 18 250
9 31 21 26 19 39 0 0.08 2.2 26 9.7 22 260 M M 10 1 27 260
10 21 -5 8 1 57 0 T T 27 1.2 7 40 M M 5 12 8 200
11 20 -15 3 -5 62 0 0.00 0.0 27 0.5 6 50 M M 3 1 6 50
12 12 -10 1 -7 64 0 0.04 0.2 26 2.3 10 330 M M 8 1 14 320
13 9 -16 -3 -11 68 0 T T 26 2.0 7 190 M M 4 8 200
14 11 -23 -6 -15 71 0 0.00 0.0 26 8.6 20 20 M M 5 24 20
15 10 -3 4 -5 61 0 0.00 0.0 26 10.6 17 10 M M 7 22 10
16 7 -14 -3 -13 68 0 0.00 0.0 26 5.5 13 200 M M 4 15 200
17 22 -20 1 -9 64 0 0.00 0.0 26 2.2 8 70 M M 7 9 60
18 33 2 18 7 47 0 0.00 0.0 25 4.8 14 30 M M 7 16 30
19 42 6 24 13 41 0 0.00 0.0 24 3.0 14 190 M M 5 19 200
20 39 -3 18 6 47 0 0.00 0.0 24 3.9 15 210 M M 2 22 220
21 37 0 19 6 46 0 0.00 0.0 24 2.0 7 50 M M 7 7 30
22 42 0 21 8 44 0 0.00 0.0 24 4.8 10 60 M M 7 M M
23 33 8 21 7 44 0 0.00 0.0 24 7.1 18 270 M M 7 22 280
24 24 0 12 -3 53 0 0.01 0.2 24 6.4 21 240 M M 7 1 29 250
25 21 -6 8 -8 57 0 0.00 0.0 24 1.9 7 40 M M 5 8 60
26 34 0 17 1 48 0 0.00 0.0 24 3.7 8 30 M M 8 9 60
27 42 29 36 19 29 0 0.11 1.0 23 5.3 20 250 M M 10 16 27 250
28 32 7 20 2 45 0 T T 24 6.0 18 270 M M 7 1 24 270
29 35 5 20 1 45 0 0.00 0.0 24 3.9 9 90 M M 7 12 50
30 37 17 27 7 38 0 0.00 0.0 24 6.1 13 360 M M 8 17 340
31 25 10 18 -2 47 0 T T 24 5.1 12 340 M M 9 15 340
================================================================================
SM 767 -71 1659 0 0.36 5.8 123.4 M 211
================================================================================
AV 24.7 -2.3 4.0 FASTST M M 7 MAX(MPH)
MISC ----> 22 260 29 250
================================================================================
NOTES:
# LAST OF SEVERAL OCCURRENCES
COLUMN 17 PEAK WIND IN M.P.H.
PRELIMINARY LOCAL CLIMATOLOGICAL DATA (WS FORM: F-6) , PAGE 2
STATION: FAIRBANKS AK
MONTH: MARCH
YEAR: 2023
LATITUDE: 64 49 N
LONGITUDE: 147 52 W
[TEMPERATURE DATA] [PRECIPITATION DATA] SYMBOLS USED IN COLUMN 16
AVERAGE MONTHLY: 11.2 TOTAL FOR MONTH: 0.36 1 = FOG OR MIST
DPTR FM NORMAL: 0.5 DPTR FM NORMAL: -0.04 2 = FOG REDUCING VISIBILITY
HIGHEST: 42 ON 27,22 GRTST 24HR 0.16 ON 8- 9 TO 1/4 MILE OR LESS
LOWEST: -34 ON 4 3 = THUNDER
SNOW, ICE PELLETS, HAIL 4 = ICE PELLETS
TOTAL MONTH: 6.0 INCHES 5 = HAIL
GRTST 24HR 2.2 ON 9- 9 6 = FREEZING RAIN OR DRIZZLE
GRTST DEPTH: 27 ON 11,10 7 = DUSTSTORM OR SANDSTORM:
VSBY 1/2 MILE OR LESS
8 = SMOKE OR HAZE
[NO. OF DAYS WITH] [WEATHER - DAYS WITH] 9 = BLOWING SNOW
X = TORNADO
MAX 32 OR BELOW: 20 0.01 INCH OR MORE: 7
MAX 90 OR ABOVE: 0 0.10 INCH OR MORE: 1
MIN 32 OR BELOW: 31 0.50 INCH OR MORE: 0
MIN 0 OR BELOW: 19 1.00 INCH OR MORE: 0
[HDD (BASE 65) ]
TOTAL THIS MO. 1659 CLEAR (SCALE 0-3) 2
DPTR FM NORMAL -23 PTCLDY (SCALE 4-7) 22
TOTAL FM JUL 1 11210 CLOUDY (SCALE 8-10) 7
DPTR FM NORMAL -669
[CDD (BASE 65) ]
TOTAL THIS MO. 0
DPTR FM NORMAL 0 [PRESSURE DATA]
TOTAL FM JAN 1 0 HIGHEST SLP M ON M
DPTR FM NORMAL 0 LOWEST SLP 28.95 ON 1
[REMARKS]
#FINAL-03-23#