000
CXUS53 KFGF 010815
CF6FAR
PRELIMINARY LOCAL CLIMATOLOGICAL DATA (WS FORM: F-6)
STATION: FARGO HECTOR INTL AP ND
MONTH: MAY
YEAR: 2021
LATITUDE: 46 54 N
LONGITUDE: 96 48 W
TEMPERATURE IN F: :PCPN: SNOW: WIND :SUNSHINE: SKY :PK WND
================================================================================
1 2 3 4 5 6A 6B 7 8 9 10 11 12 13 14 15 16 17 18
12Z AVG MX 2MIN
DY MAX MIN AVG DEP HDD CDD WTR SNW DPTH SPD SPD DIR MIN PSBL S-S WX SPD DR
================================================================================
1 86 47 67 17 0 2 0.00 0.0 0 10.5 30 290 M M 0 43 260
2 78 48 63 12 2 0 T 0.0 0 14.6 35 350 M M 4 46 350
3 56 36 46 -5 19 0 T 0.0 0 20.9 31 350 M M 9 43 360
4 56 26 41 -11 24 0 0.00 0.0 0 11.8 24 350 M M 0 31 350
5 58 37 48 -4 17 0 0.01 0.0 0 7.7 21 320 M M 7 29 320
6 65 28 47 -5 18 0 0.00 0.0 0 11.7 31 280 M M 1 42 270
7 59 27 43 -10 22 0 0.00 0.0 0 10.4 21 10 M M 0 31 40
8 61 33 47 -6 18 0 0.00 0.0 0 7.0 15 30 M M 0 8 20 120
9 61 28 45 -9 20 0 0.00 0.0 0 12.1 24 20 M M 0 36 360
10 58 29 44 -10 21 0 0.00 0.0 0 7.4 20 30 M M 2 24 360
11 65 29 47 -7 18 0 0.00 0.0 0 4.4 9 140 M M 0 M M
12 72 39 56 1 9 0 0.00 0.0 0 9.6 21 190 M M 2 28 200
13 75 48 62 7 3 0 T 0.0 0 12.5 30 190 M M 3 38 160
14 70 47 59 3 6 0 T 0.0 0 9.0 20 140 M M 4 25 140
15 77 42 60 4 5 0 0.00 0.0 0 4.4 9 340 M M 1 12 13 340
16 84 49 67 10 0 2 0.00 0.0 0 8.1 18 210 M M 2 8 27 190
17 84 54 69 12 0 4 0.00 0.0 0 10.7 23 180 M M 1 30 160
18 80 57 69 11 0 4 0.00 0.0 0 17.2 31 150 M M 3 41 160
19 83 61 72 14 0 7 0.00 0.0 0 15.4 23 170 M M 2 1 34 150
20 79 57 68 10 0 3 0.21 0.0 0 9.2 24 210 M M 7 123 31 190
21 86 56 71 12 0 6 T 0.0 0 10.8 20 160 M M 7 12 35 170
22 58 51 55 -4 10 0 T 0.0 0 12.3 20 360 M M 9 1 26 360
23 77 49 63 3 2 0 0.06 0.0 0 11.5 22 120 M M 7 13 30 120
24 86 57 72 12 0 7 0.00 0.0 0 17.4 32 210 M M 0 45 200
25 77 50 64 4 1 0 0.09 0.0 0 20.2 37 270 M M 4 178 47 260
26 56 39 48 -13 17 0 0.00 0.0 0 14.7 26 350 M M 4 7 35 340
27 55 36 46 -15 19 0 0.00 0.0 0 9.5 17 50 M M 2 26 20
28 66 31 49 -13 16 0 0.00 0.0 0 9.6 21 190 M M 0 27 180
29 66 44 55 -7 10 0 T 0.0 0 14.5 31 190 M M 4 38 190
30 79 48 64 2 1 0 T 0.0 0 10.2 30 310 M M 3 1 38 300
31 75 46 61 -1 4 0 0.00 0.0 0 8.1 15 340 M M 0 19 290
================================================================================
SM 2188 1329 282 35 0.37 0.0 353.4 M 88
================================================================================
AV 70.6 42.9 11.4 FASTST M M 3 MAX(MPH)
MISC ----> 37 270 47 260
================================================================================
NOTES:
# LAST OF SEVERAL OCCURRENCES
COLUMN 17 PEAK WIND IN M.P.H.
PRELIMINARY LOCAL CLIMATOLOGICAL DATA (WS FORM: F-6) , PAGE 2
STATION: FARGO HECTOR INTL AP ND
MONTH: MAY
YEAR: 2021
LATITUDE: 46 54 N
LONGITUDE: 96 48 W
[TEMPERATURE DATA] [PRECIPITATION DATA] SYMBOLS USED IN COLUMN 16
AVERAGE MONTHLY: 56.7 TOTAL FOR MONTH: 0.37 1 = FOG OR MIST
DPTR FM NORMAL: 0.1 DPTR FM NORMAL: -2.72 2 = FOG REDUCING VISIBILITY
HIGHEST: 86 ON 24,21 GRTST 24HR 0.21 ON 20-20 TO 1/4 MILE OR LESS
LOWEST: 26 ON 4 3 = THUNDER
SNOW, ICE PELLETS, HAIL 4 = ICE PELLETS
TOTAL MONTH: 0.0 INCH 5 = HAIL
GRTST 24HR 0.0 6 = FREEZING RAIN OR DRIZZLE
GRTST DEPTH: 0 7 = DUSTSTORM OR SANDSTORM:
VSBY 1/2 MILE OR LESS
8 = SMOKE OR HAZE
[NO. OF DAYS WITH] [WEATHER - DAYS WITH] 9 = BLOWING SNOW
X = TORNADO
MAX 32 OR BELOW: 0 0.01 INCH OR MORE: 4
MAX 90 OR ABOVE: 0 0.10 INCH OR MORE: 1
MIN 32 OR BELOW: 7 0.50 INCH OR MORE: 0
MIN 0 OR BELOW: 0 1.00 INCH OR MORE: 0
[HDD (BASE 65) ]
TOTAL THIS MO. 282 CLEAR (SCALE 0-3) 19
DPTR FM NORMAL -9 PTCLDY (SCALE 4-7) 10
TOTAL FM JUL 1 8171 CLOUDY (SCALE 8-10) 2
DPTR FM NORMAL -575
[CDD (BASE 65) ]
TOTAL THIS MO. 35
DPTR FM NORMAL 6 [PRESSURE DATA]
TOTAL FM JAN 1 35 HIGHEST SLP M ON M
DPTR FM NORMAL 5 LOWEST SLP 29.43 ON 1
[REMARKS]
#FINAL-05-21#