000
CXUS52 KRAH 011345
CF6FAY
PRELIMINARY LOCAL CLIMATOLOGICAL DATA (WS FORM: F-6)
STATION: FAYETTEVILLE REGL AIRPORT NC
MONTH: MARCH
YEAR: 2020
LATITUDE: 35 0 N
LONGITUDE: 78 53 W
TEMPERATURE IN F: :PCPN: SNOW: WIND :SUNSHINE: SKY :PK WND
================================================================================
1 2 3 4 5 6A 6B 7 8 9 10 11 12 13 14 15 16 17 18
12Z AVG MX 2MIN
DY MAX MIN AVG DEP HDD CDD WTR SNW DPTH SPD SPD DIR MIN PSBL S-S WX SPD DR
================================================================================
1 59 26 43 -7 22 0 0.00 M M 5.6 13 210 M M 0 17 200
2 70 34 52 2 13 0 0.00 M M 8.5 24 220 M M 3 30 210
3 66 54 60 9 5 0 0.12 M M 9.7 22 310 M M 8 1 31 230
4 59 51 55 4 10 0 0.00 M M 4.9 14 350 M M 6 1 16 350
5 53 46 50 -1 15 0 0.57 M M 6.1 14 20 M M 8 1 18 330
6 61 43 52 1 13 0 0.05 M M 12.7 26 300 M M 6 1 38 290
7 56 34 45 -7 20 0 0.00 M M 10.7 22 340 M M 0 30 360
8 62 32 47 -5 18 0 0.00 M M 4.5 12 220 M M 0 22 140
9 71 32 52 0 13 0 0.00 M M 8.4 22 210 M M 1 29 230
10 73 55 64 11 1 0 0.00 M M 10.0 22 230 M M 4 29 220
11 78 52 65 12 0 0 0.05 M M 6.8 31 290 M M 3 1 41 290
12 78 50 64 11 1 0 0.00 M M 6.1 13 220 M M 1 1 17 190
13 75 65 70 17 0 5 0.00 M M 9.8 23 220 M M 4 26 230
14 71 52 62 8 3 0 0.00 M M 6.7 15 90 M M 4 25 40
15 60 48 54 0 11 0 0.12 M M 8.9 18 30 M M 7 1 22 30
16 63 47 55 1 10 0 0.00 M M 7.2 15 30 M M 9 20 30
17 59 50 55 0 10 0 0.24 M M 3.5 9 250 M M 10 18 12 250
18 71 54 63 8 2 0 0.00 M M 6.4 13 120 M M 7 128 16 70
19 83 59 71 16 0 6 0.07 M M 7.9 16 220 M M 5 1 19 190
20 87 67 77 21 0 12 0.00 M M 13.8 25 230 M M 1 32 230
21 78 54 66 10 0 1 0.01 M M 6.3 18 20 M M 6 1 24 50
22 57 47 52 -4 13 0 0.11 M M 10.5 17 20 M M 9 1 25 50
23 56 47 52 -4 13 0 0.06 M M 6.0 14 350 M M 9 1 18 240
24 63 53 58 1 7 0 0.07 M M 6.1 17 90 M M 10 1 21 100
25 65 48 57 0 8 0 0.91 M M 9.8 20 300 M M 7 1 26 320
26 65 49 57 0 8 0 0.00 M M 5.5 13 60 M M 6 17 60
27 83 53 68 10 0 3 0.00 M M 8.1 16 230 M M 3 1 20 230
28 90 66 78 20 0 13 0.00 M M 11.5 21 220 M M 0 1 26 200
29 88 67 78 20 0 13 0.00 M M 12.8 23 220 M M 0 32 210
30 80 62 71 13 0 6 0.00 M M 9.1 18 260 M M 0 24 250
31 68 48 58 -1 7 0 0.13 M M 11.5 23 30 M M 7 1 26 20
================================================================================
SM 2148 1545 223 59 2.51 M 255.4 M 144
================================================================================
AV 69.3 49.8 8.2 FASTST M M 5 MAX(MPH)
MISC ----> # 31 290 # 41 290
================================================================================
NOTES:
# LAST OF SEVERAL OCCURRENCES
COLUMN 17 PEAK WIND IN M.P.H.
PRELIMINARY LOCAL CLIMATOLOGICAL DATA (WS FORM: F-6) , PAGE 2
STATION: FAYETTEVILLE REGL AIRPORT NC
MONTH: MARCH
YEAR: 2020
LATITUDE: 35 0 N
LONGITUDE: 78 53 W
[TEMPERATURE DATA] [PRECIPITATION DATA] SYMBOLS USED IN COLUMN 16
AVERAGE MONTHLY: 59.6 TOTAL FOR MONTH: 2.51 1 = FOG OR MIST
DPTR FM NORMAL: 5.3 DPTR FM NORMAL: -1.04 2 = FOG REDUCING VISIBILITY
HIGHEST: 90 ON 28 GRTST 24HR 0.91 ON 25-25 TO 1/4 MILE OR LESS
LOWEST: 26 ON 1 3 = THUNDER
SNOW, ICE PELLETS, HAIL 4 = ICE PELLETS
TOTAL MONTH: M 5 = HAIL
GRTST 24HR M ON M 6 = FREEZING RAIN OR DRIZZLE
GRTST DEPTH: M ON M 7 = DUSTSTORM OR SANDSTORM:
VSBY 1/2 MILE OR LESS
8 = SMOKE OR HAZE
[NO. OF DAYS WITH] [WEATHER - DAYS WITH] 9 = BLOWING SNOW
X = TORNADO
MAX 32 OR BELOW: 0 0.01 INCH OR MORE: 13
MAX 90 OR ABOVE: 1 0.10 INCH OR MORE: 7
MIN 32 OR BELOW: 3 0.50 INCH OR MORE: 2
MIN 0 OR BELOW: 0 1.00 INCH OR MORE: 0
[HDD (BASE 65) ]
TOTAL THIS MO. 223 CLEAR (SCALE 0-3) 12
DPTR FM NORMAL -121 PTCLDY (SCALE 4-7) 13
TOTAL FM JUL 1 2052 CLOUDY (SCALE 8-10) 6
DPTR FM NORMAL -517
[CDD (BASE 65) ]
TOTAL THIS MO. 59
DPTR FM NORMAL 47 [PRESSURE DATA]
TOTAL FM JAN 1 79 HIGHEST SLP M ON M
DPTR FM NORMAL 63 LOWEST SLP 29.66 ON 3
[REMARKS]
#FINAL-03-20#