000
CXUS54 KOUN 010810
CF6FDR
PRELIMINARY LOCAL CLIMATOLOGICAL DATA (WS FORM: F-6)
STATION: FREDERICK MUNICIPAL
MONTH: MARCH
YEAR: 2023
LATITUDE: 34 21 N
LONGITUDE: 98 59 W
TEMPERATURE IN F: :PCPN: SNOW: WIND :SUNSHINE: SKY :PK WND
================================================================================
1 2 3 4 5 6A 6B 7 8 9 10 11 12 13 14 15 16 17 18
12Z AVG MX 2MIN
DY MAX MIN AVG DEP HDD CDD WTR SNW DPTH SPD SPD DIR MIN PSBL S-S WX SPD DR
================================================================================
1 64 44 54 5 11 0 0.00 M M 10.2 22 10 M M 0 26 10
2 61 42 52 2 13 0 0.06 M M 11.4 25 10 M M 6 138 30 10
3 65 38 52 2 13 0 0.00 M M 12.2 24 320 M M 1 29 320
4 61 36 49 -1 16 0 0.00 M M 8.9 18 360 M M 0 23 330
5 M M M M M M 0.00 M M M M M M M 0 M M
6 75 50 63 12 2 0 M M M 10.3 15 10 M M 0 18 340
7 54 45 50 -1 15 0 0.00 M M 14.4 23 360 M M 6 3 28 10
8 60 39 50 -2 15 0 0.02 M M 10.4 21 350 M M 8 13 25 10
9 57 42 50 -2 15 0 0.03 M M 7.8 17 360 M M 7 1 19 360
10 59 37 48 -4 17 0 0.00 M M 9.6 15 170 M M 1 1 19 200
11 90 46 68 15 0 3 0.00 M M 15.2 29 300 M M 0 1 36 290
12 61 36 49 -4 16 0 M M M 13.1 20 50 M M 4 31 360
13 47 34 41 -13 24 0 M M M 9.4 14 40 M M 6 M M
14 56 30 43 -11 22 0 T M M 9.6 17 130 M M 4 21 140
15 73 35 54 0 11 0 0.00 M M 17.4 32 160 M M 3 42 170
16 75 39 57 3 8 0 0.18 M M 20.5 39 350 M M 6 138 53 290
17 53 31 42 -13 23 0 0.00 M M 12.8 17 20 M M 0 21 10
18 52 30 41 -14 24 0 M M M 10.0 21 30 M M 0 29 350
19 54 24 39 -17 26 0 0.00 M M 10.1 16 150 M M 0 23 180
20 59 38 49 -7 16 0 0.02 0.0 0 18.0 35 180 M M 3 41 180
21 78 50 64 8 1 0 0.07 0.0 0 14.8 29 200 M M 3 1 32 190
22 83 59 71 15 0 6 0.00 0.0 0 13.0 21 180 M M 0 26 220
23 73 53 63 6 2 0 0.01 0.0 0 10.4 21 50 M M 4 13 25 70
24 75 44 60 3 5 0 0.00 M M 12.1 30 260 M M 4 38 250
25 73 39 56 -1 9 0 0.00 M M 10.6 25 280 M M 0 12 35 260
26 65 36 51 -7 14 0 0.00 M M 12.5 22 20 M M 0 26 10
27 62 33 48 -10 17 0 0.00 0.0 M 8.7 25 10 M M 1 33 360
28 60 36 48 -10 17 0 0.00 0.0 M 12.5 26 350 M M 0 32 20
29 69 38 54 -4 11 0 0.00 0.0 M 10.9 22 170 M M 4 25 160
30 68 44 56 -3 9 0 T M M 15.0 24 160 M M 7 18 29 170
31 76 45 61 2 4 0 M M M 18.1 45 250 M M 1 8 59 270
================================================================================
SM 1958 1193 376 9 0.39 0.0 369.9 M 79
================================================================================
AV 65.3 39.8 12.3 FASTST M M 3 MAX(MPH)
MISC ----> 45 250 59 270
================================================================================
NOTES:
# LAST OF SEVERAL OCCURRENCES
COLUMN 17 PEAK WIND IN M.P.H.
PRELIMINARY LOCAL CLIMATOLOGICAL DATA (WS FORM: F-6) , PAGE 2
STATION: FREDERICK MUNICIPAL
MONTH: MARCH
YEAR: 2023
LATITUDE: 34 21 N
LONGITUDE: 98 59 W
[TEMPERATURE DATA] [PRECIPITATION DATA] SYMBOLS USED IN COLUMN 16
AVERAGE MONTHLY: 52.5 TOTAL FOR MONTH: 0.39 1 = FOG OR MIST
DPTR FM NORMAL: -1.8 DPTR FM NORMAL: M 2 = FOG REDUCING VISIBILITY
HIGHEST: 90 ON 11 GRTST 24HR 0.18 ON 16-16 TO 1/4 MILE OR LESS
LOWEST: 24 ON 19 3 = THUNDER
SNOW, ICE PELLETS, HAIL 4 = ICE PELLETS
TOTAL MONTH: 0.0 INCH 5 = HAIL
GRTST 24HR 0.0 6 = FREEZING RAIN OR DRIZZLE
GRTST DEPTH: 0 7 = DUSTSTORM OR SANDSTORM:
VSBY 1/2 MILE OR LESS
8 = SMOKE OR HAZE
[NO. OF DAYS WITH] [WEATHER - DAYS WITH] 9 = BLOWING SNOW
X = TORNADO
MAX 32 OR BELOW: 0 0.01 INCH OR MORE: 7
MAX 90 OR ABOVE: 1 0.10 INCH OR MORE: 1
MIN 32 OR BELOW: 4 0.50 INCH OR MORE: 0
MIN 0 OR BELOW: 0 1.00 INCH OR MORE: 0
[HDD (BASE 65) ]
TOTAL THIS MO. 376 CLEAR (SCALE 0-3) 18
DPTR FM NORMAL 27 PTCLDY (SCALE 4-7) 12
TOTAL FM JUL 1 2628 CLOUDY (SCALE 8-10) 1
DPTR FM NORMAL -182
[CDD (BASE 65) ]
TOTAL THIS MO. 9
DPTR FM NORMAL -10 [PRESSURE DATA]
TOTAL FM JAN 1 9 HIGHEST SLP M ON M
DPTR FM NORMAL -12 LOWEST SLP 29.41 ON 2
[REMARKS]
#FINAL-03-23#