000
CXUS54 KOUN 010810
CF6FDR
PRELIMINARY LOCAL CLIMATOLOGICAL DATA (WS FORM: F-6)
STATION: FREDERICK MUNICIPAL
MONTH: APRIL
YEAR: 2022
LATITUDE: 34 21 N
LONGITUDE: 98 59 W
TEMPERATURE IN F: :PCPN: SNOW: WIND :SUNSHINE: SKY :PK WND
================================================================================
1 2 3 4 5 6A 6B 7 8 9 10 11 12 13 14 15 16 17 18
12Z AVG MX 2MIN
DY MAX MIN AVG DEP HDD CDD WTR SNW DPTH SPD SPD DIR MIN PSBL S-S WX SPD DR
================================================================================
1 78 37 58 -1 7 0 0.37 M M 14.8 29 170 M M 2 13 35 120
2 74 46 60 1 5 0 0.00 M M 8.0 16 10 M M 0 19 360
3 88 49 69 9 0 4 0.00 M M 14.5 29 180 M M 1 37 150
4 70 53 62 2 3 0 0.19 0.0 0 13.3 21 70 M M 6 13 24 60
5 95 50 73 13 0 8 0.00 M M 11.9 38 20 M M 5 12 62 10
6 71 53 62 2 3 0 M M M 17.9 54 20 M M 1 28 62 10
7 69 45 57 -3 8 0 0.00 M M 19.1 47 330 M M 1 8 58 330
8 69 42 56 -5 9 0 0.00 M M 13.7 30 340 M M 0 36 330
9 91 39 65 4 0 0 0.00 M M 14.2 33 210 M M 0 40 210
10 94 61 78 17 0 13 0.00 0.0 M 14.5 23 170 M M 0 29 170
11 82 60 71 10 0 6 0.00 0.0 M 11.2 32 50 M M 2 38 50
12 96 59 78 16 0 13 0.00 0.0 M 22.0 35 180 M M 0 43 210
13 71 44 58 -4 7 0 0.00 0.0 M 17.5 40 10 M M 0 46 10
14 77 35 56 -6 9 0 0.00 M M 12.9 23 170 M M 0 28 150
15 96 48 72 10 0 7 0.00 M M 13.3 26 210 M M 0 31 210
16 68 46 57 -5 8 0 0.00 M M 17.6 35 20 M M 5 42 20
17 79 43 61 -2 4 0 0.00 M M 10.1 21 310 M M 1 27 310
18 70 43 57 -6 8 0 0.00 M M 13.3 24 50 M M 0 30 60
19 71 46 59 -4 6 0 0.02 M M 18.0 33 150 M M 5 3 43 140
20 99 63 81 18 0 16 0.00 M M 17.1 32 210 M M 4 39 220
21 96 67 82 18 0 17 0.00 M M 19.9 32 160 M M 0 40 160
22 87 68 78 14 0 13 0.00 M M 24.6 39 160 M M 4 46 150
23 89 65 77 13 0 12 1.25 M M 19.3 35 180 M M 4 13 41 150
24 68 53 61 -3 4 0 0.01 M M 14.8 28 30 M M 7 32 30
25 70 49 60 -5 5 0 0.00 M M 14.4 26 20 M M 0 32 360
26 74 45 60 -5 5 0 0.00 M M 11.1 18 150 M M 0 26 140
27 75 50 63 -2 2 0 0.00 M M 15.2 28 160 M M 5 33 170
28 86 60 73 7 0 8 T 0.0 0 18.3 30 150 M M 6 37 160
29 96 66 81 15 0 16 0.00 0.0 0 20.9 41 160 M M 1 8 47 160
30 83 53 68 2 0 3 0.00 0.0 0 12.3 25 340 M M 0 33 360
================================================================================
SM 2432 1538 93 136 1.84 0.0 465.7 M 60
================================================================================
AV 81.1 51.3 15.5 FASTST M M 2 MAX(MPH)
MISC ----> 54 20 62 10
================================================================================
NOTES:
# LAST OF SEVERAL OCCURRENCES
COLUMN 17 PEAK WIND IN M.P.H.
PRELIMINARY LOCAL CLIMATOLOGICAL DATA (WS FORM: F-6) , PAGE 2
STATION: FREDERICK MUNICIPAL
MONTH: APRIL
YEAR: 2022
LATITUDE: 34 21 N
LONGITUDE: 98 59 W
[TEMPERATURE DATA] [PRECIPITATION DATA] SYMBOLS USED IN COLUMN 16
AVERAGE MONTHLY: 66.2 TOTAL FOR MONTH: 1.84 1 = FOG OR MIST
DPTR FM NORMAL: 3.7 DPTR FM NORMAL: M 2 = FOG REDUCING VISIBILITY
HIGHEST: 99 ON 20 GRTST 24HR 1.26 ON 23-24 TO 1/4 MILE OR LESS
LOWEST: 35 ON 14 3 = THUNDER
SNOW, ICE PELLETS, HAIL 4 = ICE PELLETS
TOTAL MONTH: 0.0 INCH 5 = HAIL
GRTST 24HR 0.0 6 = FREEZING RAIN OR DRIZZLE
GRTST DEPTH: 0 7 = DUSTSTORM OR SANDSTORM:
VSBY 1/2 MILE OR LESS
8 = SMOKE OR HAZE
[NO. OF DAYS WITH] [WEATHER - DAYS WITH] 9 = BLOWING SNOW
X = TORNADO
MAX 32 OR BELOW: 0 0.01 INCH OR MORE: 5
MAX 90 OR ABOVE: 8 0.10 INCH OR MORE: 3
MIN 32 OR BELOW: 0 0.50 INCH OR MORE: 1
MIN 0 OR BELOW: 0 1.00 INCH OR MORE: 1
[HDD (BASE 65) ]
TOTAL THIS MO. 93 CLEAR (SCALE 0-3) 20
DPTR FM NORMAL -49 PTCLDY (SCALE 4-7) 10
TOTAL FM JUL 1 2540 CLOUDY (SCALE 8-10) 0
DPTR FM NORMAL -411
[CDD (BASE 65) ]
TOTAL THIS MO. 136
DPTR FM NORMAL 70 [PRESSURE DATA]
TOTAL FM JAN 1 153 HIGHEST SLP M ON M
DPTR FM NORMAL 66 LOWEST SLP 29.23 ON 6
[REMARKS]
#FINAL-04-22#