000
CXUS52 KFFC 011010
CF6FFC
PRELIMINARY LOCAL CLIMATOLOGICAL DATA (WS FORM: F-6)
STATION: PEACHTREE CITY
MONTH: MARCH
YEAR: 2022
LATITUDE: 33 20 N
LONGITUDE: 84 34 W
TEMPERATURE IN F: :PCPN: SNOW: WIND :SUNSHINE: SKY :PK WND
================================================================================
1 2 3 4 5 6A 6B 7 8 9 10 11 12 13 14 15 16 17 18
12Z AVG MX 2MIN
DY MAX MIN AVG DEP HDD CDD WTR SNW DPTH SPD SPD DIR MIN PSBL S-S WX SPD DR
================================================================================
1 71 35 53 1 12 0 0.00 M M 2.0 12 300 M M 0 16 310
2 79 35 57 5 8 0 0.00 M M 2.6 13 290 M M 0 19 290
3 80 39 60 8 5 0 0.00 M M 2.3 14 290 M M 0 22 300
4 81 41 61 8 4 0 0.00 M M 4.5 13 100 M M 0 18 21 80
5 79 48 64 11 1 0 0.00 M M 4.8 18 140 M M 1 18 26 130
6 81 52 67 14 0 2 0.00 M M 2.5 13 240 M M 4 1 21 170
7 77 54 66 13 0 1 0.17 M M 3.5 24 340 M M 6 138 33 340
8 57 48 53 -1 12 0 1.29 M M 5.1 13 350 M M 9 138 17 340
9 59 50 55 1 10 0 0.18 M M 5.6 16 310 M M 7 1 21 300
10 72 47 60 6 5 0 T 0.0 M 3.7 12 60 M M 4 17 80
11 59 50 55 1 10 0 0.01 M M 4.9 12 90 M M 10 1 15 90
12 56 29 43 -11 22 0 0.90 M M 18.3 32 310 M M 6 13 47 320
13 58 24 41 -14 24 0 0.00 M M 2.5 14 320 M M 0 17 330
14 67 30 49 -6 16 0 0.00 M M 2.5 14 130 M M 0 20 110
15 67 42 55 0 10 0 0.62 M M 5.2 15 120 M M 8 1 23 110
16 69 49 59 4 6 0 0.77 M M 3.6 18 270 M M 8 123 27 270
17 76 49 63 7 2 0 0.00 M M 1.2 9 250 M M 5 12 14 240
18 61 47 54 -2 11 0 0.83 M M 4.3 22 140 M M 6 13 34 230
19 68 49 59 3 6 0 0.00 M M 8.6 18 320 M M 3 1 24 330
20 71 37 54 -2 11 0 0.00 M 0 5.3 21 330 M M 0 29 330
21 75 35 55 -1 10 0 0.00 M M 2.8 14 130 M M 0 21 130
22 79 45 62 5 3 0 T M M 9.5 21 140 M M 2 34 120
23 78 59 69 12 0 4 0.52 M M 8.1 20 140 M M 7 1 30 140
24 68 46 57 0 8 0 0.00 M M 5.1 16 270 M M 1 27 290
25 65 42 54 -3 11 0 0.00 M M 6.7 23 330 M M 4 34 320
26 66 42 54 -4 11 0 0.00 M M 9.5 23 300 M M 0 41 300
27 68 39 54 -4 11 0 0.00 M M 7.7 20 320 M M 0 31 320
28 70 40 55 -3 10 0 0.00 M M 3.6 16 320 M M 2 21 310
29 78 43 61 3 4 0 0.00 M M 2.8 13 130 M M 2 8 18 140
30 84 50 67 9 0 2 0.00 M M 7.9 21 140 M M 0 18 35 160
31 74 55 65 6 0 0 0.74 M M 6.4 20 140 M M 6 1 30 200
================================================================================
SM 2193 1351 243 9 6.03 0.0 163.1 M 101
================================================================================
AV 70.7 43.6 5.3 FASTST M M 3 MAX(MPH)
MISC ----> 32 310 47 320
================================================================================
NOTES:
# LAST OF SEVERAL OCCURRENCES
COLUMN 17 PEAK WIND IN M.P.H.
PRELIMINARY LOCAL CLIMATOLOGICAL DATA (WS FORM: F-6) , PAGE 2
STATION: PEACHTREE CITY
MONTH: MARCH
YEAR: 2022
LATITUDE: 33 20 N
LONGITUDE: 84 34 W
[TEMPERATURE DATA] [PRECIPITATION DATA] SYMBOLS USED IN COLUMN 16
AVERAGE MONTHLY: 57.2 TOTAL FOR MONTH: 6.03 1 = FOG OR MIST
DPTR FM NORMAL: 1.9 DPTR FM NORMAL: 1.13 2 = FOG REDUCING VISIBILITY
HIGHEST: 84 ON 30 GRTST 24HR 1.47 ON 8- 9 TO 1/4 MILE OR LESS
LOWEST: 24 ON 13 3 = THUNDER
SNOW, ICE PELLETS, HAIL 4 = ICE PELLETS
TOTAL MONTH: 0.0 INCH 5 = HAIL
GRTST 24HR 0.0 6 = FREEZING RAIN OR DRIZZLE
GRTST DEPTH: 0 7 = DUSTSTORM OR SANDSTORM:
VSBY 1/2 MILE OR LESS
8 = SMOKE OR HAZE
[NO. OF DAYS WITH] [WEATHER - DAYS WITH] 9 = BLOWING SNOW
X = TORNADO
MAX 32 OR BELOW: 0 0.01 INCH OR MORE: 10
MAX 90 OR ABOVE: 0 0.10 INCH OR MORE: 9
MIN 32 OR BELOW: 3 0.50 INCH OR MORE: 7
MIN 0 OR BELOW: 0 1.00 INCH OR MORE: 1
[HDD (BASE 65) ]
TOTAL THIS MO. 243 CLEAR (SCALE 0-3) 17
DPTR FM NORMAL -69 PTCLDY (SCALE 4-7) 12
TOTAL FM JUL 1 2051 CLOUDY (SCALE 8-10) 2
DPTR FM NORMAL -381
[CDD (BASE 65) ]
TOTAL THIS MO. 9
DPTR FM NORMAL -3 [PRESSURE DATA]
TOTAL FM JAN 1 24 HIGHEST SLP 30.51 ON 13
DPTR FM NORMAL 8 LOWEST SLP 29.56 ON 12
[REMARKS]
#FINAL-03-22#