000
CXUS53 KARX 100607
CF6FKA
PRELIMINARY LOCAL CLIMATOLOGICAL DATA (WS FORM: F-6)
STATION: PRESTON MN
MONTH: AUGUST
YEAR: 2021
LATITUDE: 43 40 N
LONGITUDE: 92 11 W
TEMPERATURE IN F: :PCPN: SNOW: WIND :SUNSHINE: SKY :PK WND
================================================================================
1 2 3 4 5 6A 6B 7 8 9 10 11 12 13 14 15 16 17 18
12Z AVG MX 2MIN
DY MAX MIN AVG DEP HDD CDD WTR SNW DPTH SPD SPD DIR MIN PSBL S-S WX SPD DR
================================================================================
1 73 56 65 M 0 0 0.00 0.0 0 5.5 13 20 M M 1 18 16 20
2 76 54 65 M 0 0 0.00 0.0 0 2.3 7 280 M M 2 M M
3 78 57 68 M 0 3 0.00 0.0 0 4.6 6 220 M M 1 M M
4 79 58 69 M 0 4 0.00 0.0 0 3.6 9 190 M M 0 M M
5 71 63 67 M 0 2 0.11 0.0 0 7.7 12 180 M M 5 1 17 180
6 81 64 73 M 0 8 0.00 0.0 0 3.2 13 210 M M 3 1 M M
7 81 66 74 M 0 9 0.36 0.0 0 5.8 12 210 M M 5 13 20 210
8 77 65 71 M 0 6 1.14 0.0 0 7.5 25 190 M M 5 13 33 190
9 80 65 73 M 0 8 0.00 0.0 0 2.6 7 20 M M 5 1 M M
10 82 67 75 M 0 10 0.00 0.0 0 6.1 10 170 M M 4 18 16 170
11 84 62 73 M 0 8 0.00 0.0 0 10.0 16 290 M M 4 1 22 290
12 80 58 69 M 0 4 0.00 0.0 0 7.3 12 320 M M 0 18 310
13 75 54 65 M 0 0 0.00 0.0 0 7.3 14 340 M M 0 20 280
14 78 52 65 M 0 0 0.00 0.0 0 4.8 8 280 M M 0 M M
15 78 55 67 M 0 2 0.00 0.0 0 5.9 13 150 M M 0 18 200
16 77 55 66 M 0 1 0.00 0.0 0 6.4 12 200 M M 0 16 150
17 81 57 69 M 0 4 0.00 0.0 0 7.0 12 150 M M 1 16 180
18 84 61 73 M 0 8 0.00 0.0 0 6.0 10 150 M M 1 M M
19 84 62 73 M 0 8 0.00 0.0 0 4.6 9 160 M M 1 8 M M
20 84 64 74 M 0 9 0.24 0.0 0 9.1 20 160 M M 2 3 28 180
21 73 55 64 M 1 0 0.07 0.0 0 8.9 18 290 M M 5 1 22 310
22 75 51 63 M 2 0 0.00 0.0 0 5.1 10 160 M M 1 16 90
23 80 64 72 M 0 7 0.16 0.0 0 6.2 13 210 M M 6 3 16 210
24 74 64 69 M 0 4 0.33 0.0 0 7.2 22 120 M M 5 13 37 0
25 83 61 72 M 0 7 0.00 0.0 0 4.5 13 360 M M 2 1 17 360
26 76 61 69 M 0 4 1.40 0.0 0 4.2 12 10 M M 4 13 33 160
27 77 65 71 M 0 6 1.92 0.0 0 7.2 16 140 M M 7 13 23 60
28 78 65 72 M 0 7 0.02 0.0 0 8.7 23 230 M M 2 33 230
29 77 61 69 M 0 4 0.06 0.0 0 8.4 20 280 M M 2 1 30 280
30 79 56 68 M 0 3 0.00 0.0 0 2.5 6 200 M M 1 M M
31 77 57 67 M 0 2 0.00 0.0 0 3.4 12 80 M M 2 16 80
================================================================================
SM 2432 1855 3 138 5.81 0.0 183.6 M 77
================================================================================
AV 78.5 59.8 5.9 FASTST M M 2 MAX(MPH)
MISC ----> 25 190 37 0
================================================================================
NOTES:
# LAST OF SEVERAL OCCURRENCES
COLUMN 17 PEAK WIND IN M.P.H.
PRELIMINARY LOCAL CLIMATOLOGICAL DATA (WS FORM: F-6) , PAGE 2
STATION: PRESTON MN
MONTH: AUGUST
YEAR: 2021
LATITUDE: 43 40 N
LONGITUDE: 92 11 W
[TEMPERATURE DATA] [PRECIPITATION DATA] SYMBOLS USED IN COLUMN 16
AVERAGE MONTHLY: 69.1 TOTAL FOR MONTH: 5.81 1 = FOG OR MIST
DPTR FM NORMAL: 0.0 DPTR FM NORMAL: M 2 = FOG REDUCING VISIBILITY
HIGHEST: 84 ON 20,19 GRTST 24HR 1.92 ON 27-27 TO 1/4 MILE OR LESS
LOWEST: 51 ON 22 3 = THUNDER
SNOW, ICE PELLETS, HAIL 4 = ICE PELLETS
TOTAL MONTH: 0.0 INCH 5 = HAIL
GRTST 24HR 0.0 6 = FREEZING RAIN OR DRIZZLE
GRTST DEPTH: 0 7 = DUSTSTORM OR SANDSTORM:
VSBY 1/2 MILE OR LESS
8 = SMOKE OR HAZE
[NO. OF DAYS WITH] [WEATHER - DAYS WITH] 9 = BLOWING SNOW
X = TORNADO
MAX 32 OR BELOW: 0 0.01 INCH OR MORE: 11
MAX 90 OR ABOVE: 0 0.10 INCH OR MORE: 8
MIN 32 OR BELOW: 0 0.50 INCH OR MORE: 3
MIN 0 OR BELOW: 0 1.00 INCH OR MORE: 3
[HDD (BASE 65) ]
TOTAL THIS MO. 3 CLEAR (SCALE 0-3) 20
DPTR FM NORMAL M PTCLDY (SCALE 4-7) 11
TOTAL FM JUL 1 5 CLOUDY (SCALE 8-10) 0
DPTR FM NORMAL M
[CDD (BASE 65) ]
TOTAL THIS MO. 138
DPTR FM NORMAL M [PRESSURE DATA]
TOTAL FM JAN 1 459 HIGHEST SLP M ON M
DPTR FM NORMAL M LOWEST SLP M ON M
[REMARKS]
#FINAL-08-21#