000
CXUS53 KMKX 010910
CF6FLD
PRELIMINARY LOCAL CLIMATOLOGICAL DATA (WS FORM: F-6)
STATION: FOND_DU_LAC WI
MONTH: NOVEMBER
YEAR: 2021
LATITUDE: 43 46 N
LONGITUDE: 88 29 W
TEMPERATURE IN F: :PCPN: SNOW: WIND :SUNSHINE: SKY :PK WND
================================================================================
1 2 3 4 5 6A 6B 7 8 9 10 11 12 13 14 15 16 17 18
12Z AVG MX 2MIN
DY MAX MIN AVG DEP HDD CDD WTR SNW DPTH SPD SPD DIR MIN PSBL S-S WX SPD DR
================================================================================
1 49 33 41 -2 24 0 T M M 10.7 25 280 M M 5 34 300
2 46 28 37 -5 28 0 0.00 M M 9.3 18 290 M M 1 28 280
3 46 22 34 -8 31 0 0.00 M M 4.5 13 290 M M 5 18 290
4 51 25 38 -4 27 0 0.00 M M 6.5 17 170 M M 5 23 190
5 56 34 45 4 20 0 0.00 M M 12.4 24 200 M M 1 33 210
6 64 44 54 13 11 0 0.00 M M 13.5 22 210 M M 2 31 200
7 69 44 57 17 8 0 0.00 M M 10.0 20 190 M M 0 28 210
8 70 48 59 19 6 0 0.00 M M 7.1 15 10 M M 0 22 20
9 57 30 44 5 21 0 0.00 M M 4.3 10 20 M M 0 14 10
10 59 27 43 4 22 0 T M M 8.7 23 130 M M 3 32 130
11 58 41 50 11 15 0 0.23 M M 14.1 24 240 M M 6 8 38 280
12 43 37 40 2 25 0 0.03 M M 10.0 17 200 M M 8 27 200
13 43 34 39 1 26 0 T M M 11.5 22 310 M M 8 29 310
14 39 31 35 -2 30 0 0.04 M M 11.4 21 320 M M 9 68 29 350
15 40 24 32 -5 33 0 0.00 M M 5.5 17 290 M M 1 21 290
16 53 22 38 2 27 0 0.00 M M 9.6 26 150 M M 1 36 150
17 55 37 46 10 19 0 0.00 M M 11.0 24 290 M M 3 36 290
18 37 31 34 -2 31 0 T M M 11.9 24 290 M M 8 35 290
19 42 23 33 -2 32 0 0.00 M M 8.9 17 180 M M 1 24 200
20 51 27 39 4 26 0 0.00 M M 9.2 17 210 M M 5 28 200
21 55 28 42 8 23 0 T M M 11.7 38 300 M M 5 54 290
22 36 19 28 -6 37 0 0.00 M M 9.0 20 280 M M 2 27 300
23 47 19 33 -1 32 0 0.00 M M 12.4 24 190 M M 1 35 200
24 53 40 47 14 18 0 0.00 M M 12.3 26 190 M M 1 37 180
25 49 18 34 1 31 0 T M M 12.8 23 320 M M 9 32 330
26 31 16 24 -8 41 0 0.00 M M 6.0 12 290 M M 5 17 290
27 42 30 36 4 29 0 0.00 M M 8.1 15 320 M M 8 21 320
28 42 21 32 0 33 0 0.00 M M 11.2 24 300 M M 2 33 300
29 40 21 31 0 34 0 T M M 8.1 18 170 M M 6 8 24 140
30 49 30 40 9 25 0 T M M 9.0 23 310 M M 1 35 300
================================================================================
SM 1472 884 765 0 0.30 M 290.7 M 112
================================================================================
AV 49.1 29.5 9.7 FASTST M M 4 MAX(MPH)
MISC ----> 38 300 54 290
================================================================================
NOTES:
# LAST OF SEVERAL OCCURRENCES
COLUMN 17 PEAK WIND IN M.P.H.
PRELIMINARY LOCAL CLIMATOLOGICAL DATA (WS FORM: F-6) , PAGE 2
STATION: FOND_DU_LAC WI
MONTH: NOVEMBER
YEAR: 2021
LATITUDE: 43 46 N
LONGITUDE: 88 29 W
[TEMPERATURE DATA] [PRECIPITATION DATA] SYMBOLS USED IN COLUMN 16
AVERAGE MONTHLY: 39.3 TOTAL FOR MONTH: 0.30 1 = FOG OR MIST
DPTR FM NORMAL: 2.6 DPTR FM NORMAL: -1.54 2 = FOG REDUCING VISIBILITY
HIGHEST: 70 ON 8 GRTST 24HR 0.23 ON 10-11 TO 1/4 MILE OR LESS
LOWEST: 16 ON 26 3 = THUNDER
SNOW, ICE PELLETS, HAIL 4 = ICE PELLETS
TOTAL MONTH: M 5 = HAIL
GRTST 24HR M ON M 6 = FREEZING RAIN OR DRIZZLE
GRTST DEPTH: M ON M 7 = DUSTSTORM OR SANDSTORM:
VSBY 1/2 MILE OR LESS
8 = SMOKE OR HAZE
[NO. OF DAYS WITH] [WEATHER - DAYS WITH] 9 = BLOWING SNOW
X = TORNADO
MAX 32 OR BELOW: 1 0.01 INCH OR MORE: 3
MAX 90 OR ABOVE: 0 0.10 INCH OR MORE: 1
MIN 32 OR BELOW: 20 0.50 INCH OR MORE: 0
MIN 0 OR BELOW: 0 1.00 INCH OR MORE: 0
[HDD (BASE 65) ]
TOTAL THIS MO. 765 CLEAR (SCALE 0-3) 15
DPTR FM NORMAL -84 PTCLDY (SCALE 4-7) 12
TOTAL FM JUL 1 1035 CLOUDY (SCALE 8-10) 3
DPTR FM NORMAL -481
[CDD (BASE 65) ]
TOTAL THIS MO. 0
DPTR FM NORMAL 0 [PRESSURE DATA]
TOTAL FM JAN 1 1031 HIGHEST SLP 30.49 ON 19
DPTR FM NORMAL 448 LOWEST SLP 29.34 ON 11
[REMARKS]
#FINAL-11-21#