000
CXUS52 KTBW 011129
CF6FMY
PRELIMINARY LOCAL CLIMATOLOGICAL DATA (WS FORM: F-6)
STATION: FORT MYERS
MONTH: APRIL
YEAR: 2023
LATITUDE: 26 34 N
LONGITUDE: 81 52 W
TEMPERATURE IN F: :PCPN: SNOW: WIND :SUNSHINE: SKY :PK WND
================================================================================
1 2 3 4 5 6A 6B 7 8 9 10 11 12 13 14 15 16 17 18
12Z AVG MX 2MIN
DY MAX MIN AVG DEP HDD CDD WTR SNW DPTH SPD SPD DIR MIN PSBL S-S WX SPD DR
================================================================================
1 89 67 78 6 0 13 0.00 0.0 0 7.8 16 250 M M 1 26 230
2 89 72 81 8 0 16 0.00 0.0 0 6.8 18 300 M M 2 23 280
3 90 70 80 7 0 15 0.00 0.0 0 5.7 17 240 M M 0 1 24 240
4 93 70 82 9 0 17 0.01 0.0 0 5.0 14 260 M M 4 20 240
5 94 71 83 10 0 18 0.00 0.0 0 9.1 20 120 M M 2 27 130
6 93 71 82 9 0 17 0.71 0.0 0 8.1 18 160 M M 4 1 28 160
7 90 69 80 7 0 15 T 0.0 0 6.1 15 280 M M 3 20 290
8 88 68 78 4 0 13 0.00 0.0 0 6.7 18 270 M M 3 23 260
9 88 69 79 5 0 14 0.03 0.0 0 7.5 24 10 M M 4 32 310
10 87 68 78 4 0 13 T 0.0 0 14.4 24 70 M M 7 38 60
11 83 67 75 1 0 10 0.00 0.0 0 15.4 26 70 M M 7 40 60
12 76 69 73 -1 0 8 1.51 0.0 0 13.1 23 100 M M 9 1 34 80
13 88 68 78 4 0 13 0.00 0.0 0 7.0 16 240 M M 3 25 190
14 90 71 81 6 0 16 0.00 0.0 0 6.3 16 270 M M 3 22 270
15 93 72 83 8 0 18 0.00 0.0 0 5.5 16 250 M M 2 1 22 240
16 91 73 82 7 0 17 0.36 0.0 0 10.4 17 270 M M 2 28 250
17 86 67 77 2 0 12 0.51 0.0 0 9.0 20 320 M M 2 13 26 290
18 85 61 73 -2 0 8 0.00 0.0 0 8.6 18 60 M M 0 25 60
19 86 64 75 0 0 10 0.00 0.0 0 9.2 17 70 M M 1 25 110
20 89 64 77 1 0 12 0.00 0.0 0 8.6 16 70 M M 2 25 70
21 91 68 80 4 0 15 0.00 0.0 0 6.6 15 270 M M 2 21 260
22 88 70 79 3 0 14 0.00 0.0 0 8.1 17 240 M M 1 25 250
23 92 72 82 6 0 17 0.00 0.0 0 6.8 15 260 M M 3 3 21 270
24 90 71 81 5 0 16 T 0.0 0 7.8 16 250 M M 1 21 250
25 87 70 79 3 0 14 0.17 0.0 0 7.7 18 270 M M 3 1 26 260
26 89 68 79 3 0 14 0.00 0.0 0 6.1 17 260 M M 1 23 260
27 90 71 81 4 0 16 T 0.0 0 8.1 32 330 M M 1 41 360
28 92 70 81 4 0 16 0.00 0.0 0 7.0 16 260 M M 1 23 230
29 92 73 83 6 0 18 0.12 0.0 0 9.4 31 260 M M 2 13 42 250
30 83 72 78 1 0 13 0.57 0.0 0 17.0 39 240 M M 5 13 56 260
================================================================================
SM 2662 2076 0 428 3.99 0.0 254.9 M 81
================================================================================
AV 88.7 69.2 8.5 FASTST M M 3 MAX(MPH)
MISC ----> 39 240 56 260
================================================================================
NOTES:
# LAST OF SEVERAL OCCURRENCES
COLUMN 17 PEAK WIND IN M.P.H.
PRELIMINARY LOCAL CLIMATOLOGICAL DATA (WS FORM: F-6) , PAGE 2
STATION: FORT MYERS
MONTH: APRIL
YEAR: 2023
LATITUDE: 26 34 N
LONGITUDE: 81 52 W
[TEMPERATURE DATA] [PRECIPITATION DATA] SYMBOLS USED IN COLUMN 16
AVERAGE MONTHLY: 79.0 TOTAL FOR MONTH: 3.99 1 = FOG OR MIST
DPTR FM NORMAL: 4.2 DPTR FM NORMAL: 1.55 2 = FOG REDUCING VISIBILITY
HIGHEST: 94 ON 5 GRTST 24HR 1.51 ON 12-12 TO 1/4 MILE OR LESS
LOWEST: 61 ON 18 3 = THUNDER
SNOW, ICE PELLETS, HAIL 4 = ICE PELLETS
TOTAL MONTH: 0.0 INCH 5 = HAIL
GRTST 24HR 0.0 6 = FREEZING RAIN OR DRIZZLE
GRTST DEPTH: 0 7 = DUSTSTORM OR SANDSTORM:
VSBY 1/2 MILE OR LESS
8 = SMOKE OR HAZE
[NO. OF DAYS WITH] [WEATHER - DAYS WITH] 9 = BLOWING SNOW
X = TORNADO
MAX 32 OR BELOW: 0 0.01 INCH OR MORE: 9
MAX 90 OR ABOVE: 14 0.10 INCH OR MORE: 7
MIN 32 OR BELOW: 0 0.50 INCH OR MORE: 4
MIN 0 OR BELOW: 0 1.00 INCH OR MORE: 1
[HDD (BASE 65) ]
TOTAL THIS MO. 0 CLEAR (SCALE 0-3) 22
DPTR FM NORMAL -2 PTCLDY (SCALE 4-7) 7
TOTAL FM JUL 1 100 CLOUDY (SCALE 8-10) 1
DPTR FM NORMAL -151
[CDD (BASE 65) ]
TOTAL THIS MO. 428
DPTR FM NORMAL 132 [PRESSURE DATA]
TOTAL FM JAN 1 1173 HIGHEST SLP 30.18 ON 1
DPTR FM NORMAL 487 LOWEST SLP 29.65 ON 30
[REMARKS]
#FINAL-04-23#