577
CXUS52 KTBW 110227
CF6FMY
PRELIMINARY LOCAL CLIMATOLOGICAL DATA (WS FORM: F-6)
STATION: FORT MYERS
MONTH: JANUARY
YEAR: 2021
LATITUDE: 26 34 N
LONGITUDE: 81 52 W
TEMPERATURE IN F: :PCPN: SNOW: WIND :SUNSHINE: SKY :PK WND
================================================================================
1 2 3 4 5 6A 6B 7 8 9 10 11 12 13 14 15 16 17 18
12Z AVG MX 2MIN
DY MAX MIN AVG DEP HDD CDD WTR SNW DPTH SPD SPD DIR MIN PSBL S-S WX SPD DR
================================================================================
1 84 68 76 12 0 11 T 0.0 0 7.5 17 150 M M 2 1 28 110
2 82 68 75 11 0 10 0.00 0.0 0 7.4 17 210 M M 3 1 32 200
3 79 66 73 9 0 8 0.00 0.0 0 7.7 17 200 M M 6 25 220
4 71 55 63 -1 2 0 0.00 0.0 0 6.9 13 350 M M 6 19 350
5 73 49 61 -3 4 0 0.00 0.0 0 5.2 17 350 M M 0 26 230
6 72 49 61 -3 4 0 0.00 0.0 0 3.4 9 20 M M 0 14 60
7 74 54 64 0 1 0 0.00 0.0 0 6.8 15 170 M M 1 23 180
8 72 61 67 3 0 2 0.28 0.0 0 10.4 22 290 M M 6 1 30 310
9 64 50 57 -7 8 0 0.00 0.0 0 9.4 20 310 M M 5 24 320
10 63 43 53 -11 12 0 0.00 0.0 0 5.0 12 70 M M 0 21 330
11 77 55 66 2 0 1 0.00 0.0 0 4.5 13 210 M M 0 19 210
12 70 59 65 1 0 0 0.07 0.0 0 3.9 18 10 M M 6 1 21 10
13 64 54 59 -5 6 0 0.14 0.0 0 6.3 15 330 M M 5 1 19 300
14 72 53 63 -1 2 0 T 0.0 0 4.6 15 340 M M 5 1 23 330
15 74 50 62 -2 3 0 0.06 0.0 0 5.4 18 260 M M 1 1 24 290
16 69 55 62 -2 3 0 0.00 0.0 0 8.1 23 300 M M 6 32 310
17 63 52 58 -6 7 0 0.00 0.0 0 2.8 10 240 M M 8 21 310
18 72 53 63 -1 2 0 0.00 0.0 0 4.3 14 20 M M 1 19 330
19 75 48 62 -2 3 0 0.00 0.0 0 5.6 12 30 M M 0 18 40
20 76 51 64 0 1 0 0.00 0.0 0 3.8 12 20 M M 0 20 30
21 75 51 63 -1 2 0 0.00 0.0 0 3.6 14 280 M M 0 28 230
22 76 52 64 0 1 0 0.00 0.0 0 4.5 16 260 M M 0 24 280
23 79 59 69 5 0 4 0.00 0.0 0 3.9 13 270 M M 4 12 14 260
24 82 61 72 8 0 7 0.00 0.0 0 3.7 9 250 M M 2 1 11 250
25 81 63 72 8 0 7 0.00 0.0 0 5.4 15 200 M M 4 25 210
26 82 63 73 9 0 8 0.00 0.0 0 6.3 15 200 M M 1 1 24 210
27 82 66 74 9 0 9 0.01 0.0 0 6.6 15 220 M M 5 12 29 230
28 73 51 62 -3 3 0 0.05 0.0 0 12.0 23 20 M M 3 1 29 10
29 72 48 60 -5 5 0 0.00 0.0 0 7.4 17 30 M M 0 26 40
30 77 51 64 -1 1 0 0.00 0.0 0 6.7 15 90 M M 3 24 190
31 80 56 68 3 0 3 0.00 0.0 0 7.4 18 210 M M 3 24 210
================================================================================
SM 2305 1714 70 70 0.61 0.0 186.5 M 86
================================================================================
AV 74.4 55.3 6.0 FASTST M M 3 MAX(MPH)
MISC ----> # 23 300 # 32 310
================================================================================
NOTES:
# LAST OF SEVERAL OCCURRENCES
COLUMN 17 PEAK WIND IN M.P.H.
PRELIMINARY LOCAL CLIMATOLOGICAL DATA (WS FORM: F-6) , PAGE 2
STATION: FORT MYERS
MONTH: JANUARY
YEAR: 2021
LATITUDE: 26 34 N
LONGITUDE: 81 52 W
[TEMPERATURE DATA] [PRECIPITATION DATA] SYMBOLS USED IN COLUMN 16
AVERAGE MONTHLY: 64.8 TOTAL FOR MONTH: 0.61 1 = FOG OR MIST
DPTR FM NORMAL: 0.6 DPTR FM NORMAL: -1.33 2 = FOG REDUCING VISIBILITY
HIGHEST: 84 ON 1 GRTST 24HR 0.28 ON 8- 8 TO 1/4 MILE OR LESS
LOWEST: 43 ON 10 3 = THUNDER
SNOW, ICE PELLETS, HAIL 4 = ICE PELLETS
TOTAL MONTH: 0.0 INCH 5 = HAIL
GRTST 24HR 0.0 6 = FREEZING RAIN OR DRIZZLE
GRTST DEPTH: 0 7 = DUSTSTORM OR SANDSTORM:
VSBY 1/2 MILE OR LESS
8 = SMOKE OR HAZE
[NO. OF DAYS WITH] [WEATHER - DAYS WITH] 9 = BLOWING SNOW
X = TORNADO
MAX 32 OR BELOW: 0 0.01 INCH OR MORE: 6
MAX 90 OR ABOVE: 0 0.10 INCH OR MORE: 2
MIN 32 OR BELOW: 0 0.50 INCH OR MORE: 0
MIN 0 OR BELOW: 0 1.00 INCH OR MORE: 0
[HDD (BASE 65) ]
TOTAL THIS MO. 70 CLEAR (SCALE 0-3) 18
DPTR FM NORMAL -38 PTCLDY (SCALE 4-7) 13
TOTAL FM JUL 1 152 CLOUDY (SCALE 8-10) 0
DPTR FM NORMAL -53
[CDD (BASE 65) ]
TOTAL THIS MO. 70
DPTR FM NORMAL -13 [PRESSURE DATA]
TOTAL FM JAN 1 70 HIGHEST SLP 30.35 ON 19
DPTR FM NORMAL -13 LOWEST SLP 29.83 ON 15
[REMARKS]
#FINAL-01-21#