000
CXUS53 KOAX 010930
CF6FNB
PRELIMINARY LOCAL CLIMATOLOGICAL DATA (WS FORM: F-6)
STATION: FALLS CITY NE
MONTH: MARCH
YEAR: 2022
LATITUDE: 40 4 N
LONGITUDE: 95 35 W
TEMPERATURE IN F: :PCPN: SNOW: WIND :SUNSHINE: SKY :PK WND
================================================================================
1 2 3 4 5 6A 6B 7 8 9 10 11 12 13 14 15 16 17 18
12Z AVG MX 2MIN
DY MAX MIN AVG DEP HDD CDD WTR SNW DPTH SPD SPD DIR MIN PSBL S-S WX SPD DR
================================================================================
1 78 27 53 17 12 0 0.00 M M 6.2 20 300 M M 0 27 300
2 80 31 56 19 9 0 0.00 M M 5.3 18 30 M M 0 8 26 40
3 55 31 43 6 22 0 0.00 M M 12.6 22 80 M M 0 18 29 80
4 71 30 51 13 14 0 T M M 14.6 23 170 M M 1 8 34 170
5 78 32 55 17 10 0 0.14 M M 17.1 36 280 M M 7 138 48 250
6 38 26 32 -7 33 0 0.13 M M 11.7 23 10 M M 7 12 30 10
7 34 17 26 -13 39 0 M M M 9.2 21 320 M M 5 18 28 320
8 46 12 29 -11 36 0 0.00 M M 9.0 21 310 M M 2 32 270
9 36 21 29 -11 36 0 T M M 10.0 17 360 M M 3 1 25 20
10 24 16 20 -20 45 0 0.05 M M 7.6 16 20 M M 8 1 24 10
11 32 10 21 -20 44 0 0.00 M M 10.4 24 320 M M 0 32 320
12 38 2 20 -21 45 0 0.00 M M 8.8 20 160 M M 2 27 190
13 64 34 49 7 16 0 0.00 M M 8.8 22 170 M M 0 30 180
14 61 35 48 6 17 0 0.00 M M 8.9 16 210 M M 4 29 170
15 62 28 45 3 20 0 0.00 M M 5.8 13 340 M M 0 1 18 330
16 76 35 56 13 9 0 0.00 M M 8.6 23 210 M M 0 8 35 240
17 62 40 51 8 14 0 0.15 M M 14.2 29 20 M M 4 3 43 30
18 47 34 41 -3 24 0 0.90 M M 15.0 29 10 M M 8 1 42 20
19 64 28 46 2 19 0 0.00 M M 7.4 16 200 M M 0 23 210
20 78 39 59 15 6 0 0.00 M M 12.4 29 170 M M 0 42 170
21 65 49 57 12 8 0 0.56 M M 10.7 26 180 M M 6 1 42 170
22 49 39 44 -1 21 0 0.55 M M 17.3 28 350 M M 10 1 45 340
23 41 36 39 -7 26 0 0.04 M M 16.1 29 340 M M 10 43 350
24 42 32 37 -9 28 0 T M M 9.0 17 330 M M 8 24 330
25 56 30 43 -3 22 0 0.00 M M 13.8 30 310 M M 1 45 320
26 52 29 41 -6 24 0 0.00 M M 8.4 18 10 M M 1 28 10
27 46 28 37 -10 28 0 0.00 M M 7.2 14 50 M M 5 18 50
28 56 30 43 -4 22 0 0.00 M M 14.0 24 110 M M 1 32 120
29 74 40 57 9 8 0 0.03 M M 16.9 28 140 M M 1 3 38 130
30 58 33 46 -2 19 0 0.01 M M 18.8 29 310 M M 8 18 40 340
31 44 29 37 -11 28 0 T M M 11.1 22 320 M M 6 29 310
================================================================================
SM 1707 903 704 0 2.56 M 346.9 M 108
================================================================================
AV 55.1 29.1 11.2 FASTST M M 3 MAX(MPH)
MISC ----> 36 280 48 250
================================================================================
NOTES:
# LAST OF SEVERAL OCCURRENCES
COLUMN 17 PEAK WIND IN M.P.H.
PRELIMINARY LOCAL CLIMATOLOGICAL DATA (WS FORM: F-6) , PAGE 2
STATION: FALLS CITY NE
MONTH: MARCH
YEAR: 2022
LATITUDE: 40 4 N
LONGITUDE: 95 35 W
[TEMPERATURE DATA] [PRECIPITATION DATA] SYMBOLS USED IN COLUMN 16
AVERAGE MONTHLY: 42.1 TOTAL FOR MONTH: 2.56 1 = FOG OR MIST
DPTR FM NORMAL: -0.6 DPTR FM NORMAL: 0.42 2 = FOG REDUCING VISIBILITY
HIGHEST: 80 ON 2 GRTST 24HR 1.05 ON 17-18 TO 1/4 MILE OR LESS
LOWEST: 2 ON 12 3 = THUNDER
SNOW, ICE PELLETS, HAIL 4 = ICE PELLETS
TOTAL MONTH: M 5 = HAIL
GRTST 24HR M ON M 6 = FREEZING RAIN OR DRIZZLE
GRTST DEPTH: M ON M 7 = DUSTSTORM OR SANDSTORM:
VSBY 1/2 MILE OR LESS
8 = SMOKE OR HAZE
[NO. OF DAYS WITH] [WEATHER - DAYS WITH] 9 = BLOWING SNOW
X = TORNADO
MAX 32 OR BELOW: 2 0.01 INCH OR MORE: 10
MAX 90 OR ABOVE: 0 0.10 INCH OR MORE: 6
MIN 32 OR BELOW: 20 0.50 INCH OR MORE: 3
MIN 0 OR BELOW: 0 1.00 INCH OR MORE: 0
[HDD (BASE 65) ]
TOTAL THIS MO. 704 CLEAR (SCALE 0-3) 17
DPTR FM NORMAL 10 PTCLDY (SCALE 4-7) 9
TOTAL FM JUL 1 4484 CLOUDY (SCALE 8-10) 5
DPTR FM NORMAL -556
[CDD (BASE 65) ]
TOTAL THIS MO. 0
DPTR FM NORMAL -3 [PRESSURE DATA]
TOTAL FM JAN 1 0 HIGHEST SLP 30.44 ON 12
DPTR FM NORMAL -3 LOWEST SLP 29.24 ON 29
[REMARKS]
#FINAL-03-22#