000
CXUS55 KBOU 010759
CF6FNL
PRELIMINARY LOCAL CLIMATOLOGICAL DATA (WS FORM: F-6)
STATION: FT COLLINS/LOVELAND CO
MONTH: MAY
YEAR: 2020
LATITUDE: 40 27 N
LONGITUDE: 105 1 W
TEMPERATURE IN F: :PCPN: SNOW: WIND :SUNSHINE: SKY :PK WND
================================================================================
1 2 3 4 5 6A 6B 7 8 9 10 11 12 13 14 15 16 17 18
12Z AVG MX 2MIN
DY MAX MIN AVG DEP HDD CDD WTR SNW DPTH SPD SPD DIR MIN PSBL S-S WX SPD DR
================================================================================
1 83 53 68 M 0 3 M M M 9.9 23 60 M M 1 28 60
2 63 48 56 M 9 0 M M M 8.7 15 10 M M 9 3 18 150
3 M M M M M M M M M 4.5 15 10 M M 6 3 M M
4 66 39 53 M 12 0 M M M 13.7 29 320 M M 3 3 43 290
5 72 33 53 M 12 0 M M M 4.4 10 50 M M 0 8 M M
6 71 40 56 M 9 0 M M M 6.3 17 340 M M 0 M M
7 73 36 55 M 10 0 M M M 18.8 36 290 M M 0 50 300
8 63 36 50 M 15 0 M M M 9.4 21 10 M M 4 30 20
9 61 44 53 M 12 0 M M M 13.8 24 10 M M 6 37 360
10 65 39 52 M 13 0 M M M 8.6 23 90 M M 4 31 90
11 46 34 40 M 25 0 M M M 8.1 14 30 M M 7 13 M M
12 64 38 51 M 14 0 M M M 7.0 13 80 M M 6 1 M M
13 M M M M M M M M M 4.7 12 50 M M 1 3 16 60
14 67 50 59 M 6 0 M M M 5.4 10 30 M M 7 3 M M
15 64 49 57 M 8 0 M M M 6.4 12 150 M M 6 3 M M
16 74 46 60 M 5 0 M M M 7.5 15 40 M M 4 22 40
17 72 42 57 M 8 0 M M M 3.7 9 80 M M 2 M M
18 86 46 66 M 0 1 M M M 7.1 14 110 M M 0 8 M M
19 92 51 72 M 0 7 M M M 13.0 30 160 M M 1 45 150
20 89 53 71 M 0 6 M M M 13.2 25 150 M M 0 38 160
21 78 41 60 M 5 0 M M M 7.5 14 120 M M 1 8 18 120
22 83 57 70 M 0 5 M M M 8.4 21 90 M M 0 35 90
23 81 49 65 M 0 0 M M M 10.2 25 30 M M 1 39 20
24 60 45 53 M 12 0 M M M 6.1 20 340 M M 8 1 24 340
25 66 41 54 M 11 0 M M M 3.5 8 150 M M 3 1 M M
26 81 40 61 M 4 0 M M M 5.3 13 80 M M 1 M M
27 81 51 66 M 0 1 M M M 5.4 18 20 M M 2 3 30 360
28 78 55 67 M 0 2 M M M 7.3 15 100 M M 6 M M
29 90 51 71 M 0 6 M M M 5.4 8 240 M M 0 38 M M
30 86 56 71 M 0 6 M M M 6.3 12 130 M M 1 3 M M
31 89 56 73 M 0 8 T 0.0 0 5.6 9 250 M M 0 38 M M
================================================================================
SM 2144 1319 190 45 T 0.0 245.2 M 90
================================================================================
AV 73.9 45.5 7.9 FASTST M M 3 MAX(MPH)
MISC ----> # 36 290 # 50 300
================================================================================
NOTES:
# LAST OF SEVERAL OCCURRENCES
COLUMN 17 PEAK WIND IN M.P.H.
PRELIMINARY LOCAL CLIMATOLOGICAL DATA (WS FORM: F-6) , PAGE 2
STATION: FT COLLINS/LOVELAND CO
MONTH: MAY
YEAR: 2020
LATITUDE: 40 27 N
LONGITUDE: 105 1 W
[TEMPERATURE DATA] [PRECIPITATION DATA] SYMBOLS USED IN COLUMN 16
AVERAGE MONTHLY: 59.7 TOTAL FOR MONTH: T 1 = FOG OR MIST
DPTR FM NORMAL: M DPTR FM NORMAL: M 2 = FOG REDUCING VISIBILITY
HIGHEST: 92 ON 19 GRTST 24HR T ON 31-31 TO 1/4 MILE OR LESS
LOWEST: 33 ON 5 3 = THUNDER
SNOW, ICE PELLETS, HAIL 4 = ICE PELLETS
TOTAL MONTH: 0.0 INCH 5 = HAIL
GRTST 24HR 0.0 6 = FREEZING RAIN OR DRIZZLE
GRTST DEPTH: 0 7 = DUSTSTORM OR SANDSTORM:
VSBY 1/2 MILE OR LESS
8 = SMOKE OR HAZE
[NO. OF DAYS WITH] [WEATHER - DAYS WITH] 9 = BLOWING SNOW
X = TORNADO
MAX 32 OR BELOW: 0 0.01 INCH OR MORE: 0
MAX 90 OR ABOVE: 2 0.10 INCH OR MORE: 0
MIN 32 OR BELOW: 0 0.50 INCH OR MORE: 0
MIN 0 OR BELOW: 0 1.00 INCH OR MORE: 0
[HDD (BASE 65) ]
TOTAL THIS MO. 190 CLEAR (SCALE 0-3) 19
DPTR FM NORMAL M PTCLDY (SCALE 4-7) 10
TOTAL FM JUL 1 6076 CLOUDY (SCALE 8-10) 2
DPTR FM NORMAL M
[CDD (BASE 65) ]
TOTAL THIS MO. 45
DPTR FM NORMAL M [PRESSURE DATA]
TOTAL FM JAN 1 45 HIGHEST SLP 30.18 ON 28
DPTR FM NORMAL M LOWEST SLP 29.53 ON 23
[REMARKS]
#FINAL-05-20#