000
CXUS55 KBOU 010900
CF6FNL
PRELIMINARY LOCAL CLIMATOLOGICAL DATA (WS FORM: F-6)
STATION: FT COLLINS/LOVELAND CO
MONTH: SEPTEMBER
YEAR: 2023
LATITUDE: 40 27 N
LONGITUDE: 105 1 W
TEMPERATURE IN F: :PCPN: SNOW: WIND :SUNSHINE: SKY :PK WND
================================================================================
1 2 3 4 5 6A 6B 7 8 9 10 11 12 13 14 15 16 17 18
12Z AVG MX 2MIN
DY MAX MIN AVG DEP HDD CDD WTR SNW DPTH SPD SPD DIR MIN PSBL S-S WX SPD DR
================================================================================
1 99 57 78 M 0 13 M M M 6.4 17 350 M M 0 8 17 120
2 93 64 79 M 0 14 M M M 5.3 10 110 M M 0 M M
3 90 62 76 M 0 11 M M M 5.2 13 300 M M 3 3 22 100
4 89 55 72 M 0 7 M M M 7.5 27 270 M M 1 38 45 270
5 79 54 67 M 0 2 M M M 8.3 18 90 M M 2 22 90
6 87 47 67 M 0 2 M M M 5.1 12 130 M M 0 18 18 150
7 92 50 71 M 0 6 M M M 5.9 10 350 M M 0 8 M M
8 91 52 72 M 0 7 M M M 4.3 9 150 M M 0 M M
9 89 50 70 M 0 5 M M M 5.1 9 70 M M 0 21 60
10 64 56 60 M 5 0 M M M 6.2 13 110 M M 7 1 M M
11 70 52 61 M 4 0 M M M 5.8 12 120 M M 5 1 M M
12 79 48 64 M 1 0 M M M 4.2 9 110 M M 0 1 M M
13 82 47 65 M 0 0 M M M 5.3 14 130 M M 0 18 130
14 74 52 63 M 2 0 M M M 9.3 22 10 M M 6 33 330
15 69 49 59 M 6 0 M M M 5.3 8 350 M M 6 M M
16 77 45 61 M 4 0 M M M 4.8 10 190 M M 0 M M
17 85 46 66 M 0 1 M M M 3.9 8 130 M M 1 8 M M
18 85 53 69 M 0 4 M M M 5.8 22 280 M M 1 24 230
19 78 53 66 M 0 1 M M M 7.2 21 10 M M 3 35 360
20 83 46 65 M 0 0 M M M 4.7 13 170 M M 0 8 M M
21 84 50 67 M 0 2 M M M 7.7 16 340 M M 1 M M
22 82 55 69 M 0 4 M M M 6.2 22 360 M M 3 8 29 360
23 78 48 63 M 2 0 M M M 8.3 16 30 M M 0 16 99
24 79 41 60 M 5 0 M M M 4.5 9 30 M M 0 M M
25 85 45 65 M 0 0 M M M 4.4 9 70 M M 0 8 M M
26 83 44 64 M 1 0 M M M 5.0 9 120 M M 0 M M
27 88 45 67 M 0 2 M M M 6.0 13 120 M M 0 8 20 120
28 88 48 68 M 0 3 M M M 7.3 15 110 M M 0 22 120
29 83 51 67 M 0 2 M M M 7.3 13 120 M M 0 8 M M
30 87 45 66 M 0 1 M M M 5.5 23 270 M M 0 54 240
================================================================================
SM 2492 1510 30 87 M M 177.7 M 39
================================================================================
AV 83.1 50.3 5.9 FASTST M M 1 MAX(MPH)
MISC ----> 27 270 54 240
================================================================================
NOTES:
# LAST OF SEVERAL OCCURRENCES
COLUMN 17 PEAK WIND IN M.P.H.
PRELIMINARY LOCAL CLIMATOLOGICAL DATA (WS FORM: F-6) , PAGE 2
STATION: FT COLLINS/LOVELAND CO
MONTH: SEPTEMBER
YEAR: 2023
LATITUDE: 40 27 N
LONGITUDE: 105 1 W
[TEMPERATURE DATA] [PRECIPITATION DATA] SYMBOLS USED IN COLUMN 16
AVERAGE MONTHLY: 66.7 TOTAL FOR MONTH: M 1 = FOG OR MIST
DPTR FM NORMAL: 0.0 DPTR FM NORMAL: M 2 = FOG REDUCING VISIBILITY
HIGHEST: 99 ON 1 GRTST 24HR 0.36 ON 14-14 TO 1/4 MILE OR LESS
LOWEST: 41 ON 24 3 = THUNDER
SNOW, ICE PELLETS, HAIL 4 = ICE PELLETS
TOTAL MONTH: M 5 = HAIL
GRTST 24HR M ON M 6 = FREEZING RAIN OR DRIZZLE
GRTST DEPTH: M ON M 7 = DUSTSTORM OR SANDSTORM:
VSBY 1/2 MILE OR LESS
8 = SMOKE OR HAZE
[NO. OF DAYS WITH] [WEATHER - DAYS WITH] 9 = BLOWING SNOW
X = TORNADO
MAX 32 OR BELOW: 0 0.01 INCH OR MORE: 0
MAX 90 OR ABOVE: 5 0.10 INCH OR MORE: 0
MIN 32 OR BELOW: 0 0.50 INCH OR MORE: 0
MIN 0 OR BELOW: 0 1.00 INCH OR MORE: 0
[HDD (BASE 65) ]
TOTAL THIS MO. 30 CLEAR (SCALE 0-3) 25
DPTR FM NORMAL M PTCLDY (SCALE 4-7) 5
TOTAL FM JUL 1 38 CLOUDY (SCALE 8-10) 0
DPTR FM NORMAL M
[CDD (BASE 65) ]
TOTAL THIS MO. 87
DPTR FM NORMAL M [PRESSURE DATA]
TOTAL FM JAN 1 656 HIGHEST SLP 30.25 ON 11
DPTR FM NORMAL M LOWEST SLP 29.52 ON 4
[REMARKS]
#FINAL-09-23#