000
CXUS52 KMLB 010632
CF6FPR
PRELIMINARY LOCAL CLIMATOLOGICAL DATA (WS FORM: F-6)
STATION: FORT PIERCE
MONTH: APRIL
YEAR: 2021
LATITUDE: 27 30 N
LONGITUDE: 80 22 W
TEMPERATURE IN F: :PCPN: SNOW: WIND :SUNSHINE: SKY :PK WND
================================================================================
1 2 3 4 5 6A 6B 7 8 9 10 11 12 13 14 15 16 17 18
12Z AVG MX 2MIN
DY MAX MIN AVG DEP HDD CDD WTR SNW DPTH SPD SPD DIR MIN PSBL S-S WX SPD DR
================================================================================
1 82 62 72 3 0 7 0.06 0.0 0 8.4 18 350 M M 7 1 29 350
2 71 51 61 -8 4 0 0.00 0.0 0 11.8 21 10 M M 5 31 360
3 73 62 68 -1 0 3 0.00 0.0 0 8.9 17 60 M M 9 25 50
4 74 53 64 -6 1 0 0.01 0.0 0 5.9 16 80 M M 6 23 80
5 76 49 63 -7 2 0 0.00 0.0 0 3.7 14 80 M M 0 20 90
6 79 49 64 -6 1 0 0.00 0.0 0 5.7 15 100 M M 1 22 100
7 80 51 66 -4 0 1 0.00 0.0 0 6.9 17 120 M M 0 22 110
8 82 52 67 -3 0 2 0.00 0.0 0 6.7 17 140 M M 1 23 140
9 82 53 68 -2 0 3 0.00 0.0 0 7.3 20 130 M M 1 18 25 110
10 86 57 72 2 0 7 0.62 0.0 0 10.4 41 280 M M 2 13 52 270
11 88 64 76 6 0 11 2.05 0.0 0 7.9 41 290 M M 4 123 63 290
12 80 57 69 -2 0 4 0.00 0.0 0 5.0 12 60 M M 4 17 40
13 87 55 71 0 0 6 0.00 0.0 0 4.8 13 330 M M 0 1 19 40
14 81 60 71 0 0 6 0.00 0.0 0 8.5 21 110 M M 0 26 110
15 88 60 74 3 0 9 0.00 0.0 0 6.7 18 290 M M 0 22 280
16 86 63 75 4 0 10 0.00 0.0 0 6.6 15 120 M M 3 12 18 130
17 90 62 76 5 0 11 0.00 0.0 0 6.6 17 220 M M 1 18 23 200
18 91 64 78 6 0 13 0.00 0.0 0 6.4 20 260 M M 3 12 26 260
19 77 70 74 2 0 9 0.92 0.0 0 4.6 16 300 M M 7 138 22 300
20 85 70 78 6 0 13 0.56 0.0 0 5.7 21 260 M M 4 13 30 220
21 84 67 76 4 0 11 T 0.0 0 4.7 10 280 M M 5 14 300
22 79 59 69 -3 0 4 0.00 0.0 0 5.9 14 10 M M 1 22 10
23 79 64 72 0 0 7 0.00 0.0 0 11.3 17 110 M M 5 22 90
24 85 73 79 7 0 14 0.00 0.0 0 14.6 26 130 M M 5 32 130
25 93 72 83 11 0 18 0.00 0.0 0 8.1 18 260 M M 4 24 260
26 82 61 72 -1 0 7 T 0.0 0 7.6 17 100 M M 3 12 23 110
27 82 71 77 4 0 12 0.00 0.0 0 10.5 17 100 M M 3 21 100
28 83 68 76 3 0 11 T 0.0 0 9.4 20 130 M M 6 25 130
29 87 69 78 5 0 13 0.00 0.0 0 10.7 23 130 M M 3 30 130
30 88 70 79 6 0 14 0.08 0.0 0 7.8 17 110 M M 7 20 230
================================================================================
SM 2480 1838 8 226 4.30 0.0 229.1 M 100
================================================================================
AV 82.7 61.3 7.6 FASTST M M 3 MAX(MPH)
MISC ----> # 41 280 63 290
================================================================================
NOTES:
# LAST OF SEVERAL OCCURRENCES
COLUMN 17 PEAK WIND IN M.P.H.
PRELIMINARY LOCAL CLIMATOLOGICAL DATA (WS FORM: F-6) , PAGE 2
STATION: FORT PIERCE
MONTH: APRIL
YEAR: 2021
LATITUDE: 27 30 N
LONGITUDE: 80 22 W
[TEMPERATURE DATA] [PRECIPITATION DATA] SYMBOLS USED IN COLUMN 16
AVERAGE MONTHLY: 72.0 TOTAL FOR MONTH: 4.30 1 = FOG OR MIST
DPTR FM NORMAL: 0.9 DPTR FM NORMAL: 1.64 2 = FOG REDUCING VISIBILITY
HIGHEST: 93 ON 25 GRTST 24HR 2.63 ON 10-11 TO 1/4 MILE OR LESS
LOWEST: 49 ON 6, 5 3 = THUNDER
SNOW, ICE PELLETS, HAIL 4 = ICE PELLETS
TOTAL MONTH: 0.0 INCH 5 = HAIL
GRTST 24HR 0.0 6 = FREEZING RAIN OR DRIZZLE
GRTST DEPTH: 0 7 = DUSTSTORM OR SANDSTORM:
VSBY 1/2 MILE OR LESS
8 = SMOKE OR HAZE
[NO. OF DAYS WITH] [WEATHER - DAYS WITH] 9 = BLOWING SNOW
X = TORNADO
MAX 32 OR BELOW: 0 0.01 INCH OR MORE: 7
MAX 90 OR ABOVE: 3 0.10 INCH OR MORE: 4
MIN 32 OR BELOW: 0 0.50 INCH OR MORE: 4
MIN 0 OR BELOW: 0 1.00 INCH OR MORE: 1
[HDD (BASE 65) ]
TOTAL THIS MO. 8 CLEAR (SCALE 0-3) 16
DPTR FM NORMAL -5 PTCLDY (SCALE 4-7) 13
TOTAL FM JUL 1 346 CLOUDY (SCALE 8-10) 1
DPTR FM NORMAL -95
[CDD (BASE 65) ]
TOTAL THIS MO. 226
DPTR FM NORMAL 28 [PRESSURE DATA]
TOTAL FM JAN 1 624 HIGHEST SLP M ON M
DPTR FM NORMAL 181 LOWEST SLP 29.69 ON 11
[REMARKS]
#FINAL-04-21#