000
CXUS54 KTSA 011111
CF6FSM
PRELIMINARY LOCAL CLIMATOLOGICAL DATA (WS FORM: F-6)
STATION: FORT SMITH ARKANSAS
MONTH: MARCH
YEAR: 2023
LATITUDE: 35 19 N
LONGITUDE: 94 22 W
TEMPERATURE IN F: :PCPN: SNOW: WIND :SUNSHINE: SKY :PK WND
================================================================================
1 2 3 4 5 6A 6B 7 8 9 10 11 12 13 14 15 16 17 18
12Z AVG MX 2MIN
DY MAX MIN AVG DEP HDD CDD WTR SNW DPTH SPD SPD DIR MIN PSBL S-S WX SPD DR
================================================================================
1 69 51 60 11 5 0 T 0.0 0 4.1 12 260 M M 2 14 340
2 69 55 62 13 3 0 1.03 0.0 0 12.5 22 80 M M 9 13 28 90
3 55 39 47 -3 18 0 0.73 0.0 0 10.5 32 270 M M 8 1 40 270
4 64 37 51 1 14 0 0.00 0.0 0 6.1 14 60 M M 2 12 18 50
5 78 46 62 12 3 0 0.00 0.0 0 8.2 17 190 M M 0 8 24 200
6 80 49 65 15 0 0 0.00 0.0 0 5.5 15 250 M M 0 8 18 240
7 72 55 64 13 1 0 0.00 0.0 0 11.1 21 60 M M 2 26 70
8 58 50 54 3 11 0 0.15 0.0 0 9.2 20 70 M M 9 30 110
9 56 47 52 1 13 0 0.83 0.0 0 8.8 18 350 M M 10 13 26 350
10 63 40 52 0 13 0 0.00 0.0 0 5.0 12 350 M M 0 19 360
11 53 47 50 -2 15 0 T 0.0 0 11.1 18 50 M M 9 24 80
12 56 42 49 -3 16 0 0.00 0.0 0 8.5 16 360 M M 6 22 10
13 53 36 45 -8 20 0 0.00 0.0 0 8.6 17 300 M M 2 22 340
14 54 36 45 -8 20 0 0.00 0.0 0 6.4 14 70 M M 3 18 110
15 64 36 50 -3 15 0 0.00 0.0 0 9.0 16 140 M M 2 8 24 120
16 62 41 52 -2 13 0 0.60 0.0 0 7.9 25 330 M M 10 13 34 340
17 52 35 44 -10 21 0 0.00 0.0 0 10.6 24 320 M M 2 32 360
18 46 32 39 -15 26 0 0.00 0.0 0 11.6 25 290 M M 0 33 330
19 47 25 36 -18 29 0 0.00 0.0 0 5.3 13 250 M M 0 20 250
20 61 27 44 -11 21 0 T 0.0 0 6.5 20 230 M M 3 18 37 210
21 52 43 48 -7 17 0 0.53 0.0 0 8.4 15 50 M M 10 1 19 50
22 80 49 65 10 0 0 0.00 0.0 0 9.4 24 200 M M 6 1 36 220
23 81 60 71 15 0 6 0.00 0.0 0 10.9 23 200 M M 7 32 200
24 63 49 56 0 9 0 3.54 0.0 0 10.1 25 270 M M 9 13 32 270
25 68 46 57 1 8 0 0.00 0.0 0 3.9 14 310 M M 3 20 290
26 75 47 61 4 4 0 0.00 0.0 0 5.0 23 350 M M 1 29 350
27 68 41 55 -2 10 0 0.00 0.0 0 4.4 13 310 M M 2 18 320
28 62 42 52 -5 13 0 0.00 0.0 0 5.9 21 360 M M 0 28 330
29 69 39 54 -4 11 0 0.00 0.0 0 3.8 12 140 M M 4 8 17 120
30 75 53 64 6 1 0 0.33 0.0 0 8.8 17 160 M M 9 13 25 140
31 86 60 73 15 0 8 T 0.0 0 15.7 44 250 M M 7 56 250
================================================================================
SM 1991 1355 350 14 7.74 0.0 252.8 M 137
================================================================================
AV 64.2 43.7 8.2 FASTST M M 4 MAX(MPH)
MISC ----> 44 250 56 250
================================================================================
NOTES:
# LAST OF SEVERAL OCCURRENCES
COLUMN 17 PEAK WIND IN M.P.H.
PRELIMINARY LOCAL CLIMATOLOGICAL DATA (WS FORM: F-6) , PAGE 2
STATION: FORT SMITH ARKANSAS
MONTH: MARCH
YEAR: 2023
LATITUDE: 35 19 N
LONGITUDE: 94 22 W
[TEMPERATURE DATA] [PRECIPITATION DATA] SYMBOLS USED IN COLUMN 16
AVERAGE MONTHLY: 54.0 TOTAL FOR MONTH: 7.74 1 = FOG OR MIST
DPTR FM NORMAL: 0.5 DPTR FM NORMAL: 3.84 2 = FOG REDUCING VISIBILITY
HIGHEST: 86 ON 31 GRTST 24HR 3.54 ON 24-24 TO 1/4 MILE OR LESS
LOWEST: 25 ON 19 3 = THUNDER
SNOW, ICE PELLETS, HAIL 4 = ICE PELLETS
TOTAL MONTH: 0.0 INCH 5 = HAIL
GRTST 24HR 0.0 6 = FREEZING RAIN OR DRIZZLE
GRTST DEPTH: 0 7 = DUSTSTORM OR SANDSTORM:
VSBY 1/2 MILE OR LESS
8 = SMOKE OR HAZE
[NO. OF DAYS WITH] [WEATHER - DAYS WITH] 9 = BLOWING SNOW
X = TORNADO
MAX 32 OR BELOW: 0 0.01 INCH OR MORE: 8
MAX 90 OR ABOVE: 0 0.10 INCH OR MORE: 8
MIN 32 OR BELOW: 3 0.50 INCH OR MORE: 6
MIN 0 OR BELOW: 0 1.00 INCH OR MORE: 2
[HDD (BASE 65) ]
TOTAL THIS MO. 350 CLEAR (SCALE 0-3) 17
DPTR FM NORMAL -19 PTCLDY (SCALE 4-7) 6
TOTAL FM JUL 1 2561 CLOUDY (SCALE 8-10) 8
DPTR FM NORMAL -366
[CDD (BASE 65) ]
TOTAL THIS MO. 14
DPTR FM NORMAL 0 [PRESSURE DATA]
TOTAL FM JAN 1 14 HIGHEST SLP 30.59 ON 19
DPTR FM NORMAL -1 LOWEST SLP 29.25 ON 3
[REMARKS]
#FINAL-03-23#