000
CXUS54 KTSA 011518
CF6FSM
PRELIMINARY LOCAL CLIMATOLOGICAL DATA (WS FORM: F-6)
STATION: FORT SMITH ARKANSAS
MONTH: DECEMBER
YEAR: 2022
LATITUDE: 35 19 N
LONGITUDE: 94 22 W
TEMPERATURE IN F: :PCPN: SNOW: WIND :SUNSHINE: SKY :PK WND
================================================================================
1 2 3 4 5 6A 6B 7 8 9 10 11 12 13 14 15 16 17 18
12Z AVG MX 2MIN
DY MAX MIN AVG DEP HDD CDD WTR SNW DPTH SPD SPD DIR MIN PSBL S-S WX SPD DR
================================================================================
1 53 31 42 -4 23 0 T 0.0 0 7.7 15 140 M M 3 22 140
2 63 47 55 9 10 0 T 0.0 0 5.6 18 200 M M 9 26 190
3 59 36 48 2 17 0 0.00 0.0 0 5.6 25 340 M M 2 32 340
4 41 35 38 -7 27 0 0.08 0.0 0 7.0 15 80 M M 8 1 18 80
5 52 40 46 1 19 0 0.00 0.0 0 9.0 14 80 M M 10 1 17 80
6 65 49 57 12 8 0 0.00 0.0 0 6.8 13 280 M M 8 1 16 270
7 58 50 54 9 11 0 0.84 0.0 0 2.5 14 270 M M 10 1 18 270
8 63 56 60 16 5 0 1.52 0.0 0 4.6 12 300 M M 10 1 14 290
9 64 51 58 14 7 0 0.01 0.0 0 3.3 10 40 M M 3 12 13 40
10 59 51 55 11 10 0 0.35 0.0 0 7.2 16 320 M M 10 1 21 320
11 54 49 52 8 13 0 0.00 0.0 0 7.2 12 110 M M 10 1 16 110
12 51 47 49 6 16 0 0.01 0.0 0 10.7 17 80 M M 10 1 25 80
13 59 46 53 10 12 0 1.15 0.0 0 8.0 18 50 M M 10 123 23 50
14 47 35 41 -2 24 0 T 0.0 0 7.7 20 280 M M 6 12 23 280
15 47 32 40 -3 25 0 0.00 0.0 0 14.0 25 260 M M 0 34 270
16 47 29 38 -4 27 0 0.00 0.0 0 11.7 24 280 M M 2 33 280
17 44 28 36 -6 29 0 0.00 0.0 0 9.6 21 280 M M 0 29 290
18 53 24 39 -3 26 0 0.00 0.0 0 2.8 9 70 M M 0 11 60
19 48 38 43 1 22 0 0.00 0.0 0 7.9 15 110 M M 7 21 110
20 54 33 44 2 21 0 0.00 0.0 0 3.6 9 360 M M 6 12 330
21 50 28 39 -3 26 0 0.00 0.0 0 4.1 12 70 M M 2 1 15 150
22 41 3 22 -19 43 0 T T 0 11.8 26 320 M M 7 168 37 320
23 18 3 11 -30 54 0 0.00 0.0 T 13.4 22 300 M M 0 32 300
24 30 12 21 -20 44 0 0.00 0.0 0 7.6 14 260 M M 0 19 240
25 43 16 30 -11 35 0 0.00 0.0 0 2.5 9 80 M M 1 10 80
26 50 23 37 -4 28 0 0.00 0.0 0 9.0 29 330 M M 6 36 340
27 45 18 32 -9 33 0 0.00 0.0 0 5.9 14 80 M M 0 19 70
28 65 30 48 7 17 0 0.00 0.0 0 8.2 25 210 M M 1 36 200
29 75 53 64 24 1 0 0.00 0.0 0 9.1 24 230 M M 1 36 200
30 61 45 53 13 12 0 0.00 0.0 0 5.6 15 340 M M 3 19 340
31 68 43 56 16 9 0 0.00 0.0 0 6.4 18 200 M M 2 27 220
================================================================================
SM 1627 1081 654 0 3.96 T 226.1 M 147
================================================================================
AV 52.5 34.9 7.3 FASTST M M 5 MAX(MPH)
MISC ----> 29 330 37 320
================================================================================
NOTES:
# LAST OF SEVERAL OCCURRENCES
COLUMN 17 PEAK WIND IN M.P.H.
PRELIMINARY LOCAL CLIMATOLOGICAL DATA (WS FORM: F-6) , PAGE 2
STATION: FORT SMITH ARKANSAS
MONTH: DECEMBER
YEAR: 2022
LATITUDE: 35 19 N
LONGITUDE: 94 22 W
[TEMPERATURE DATA] [PRECIPITATION DATA] SYMBOLS USED IN COLUMN 16
AVERAGE MONTHLY: 43.7 TOTAL FOR MONTH: 3.96 1 = FOG OR MIST
DPTR FM NORMAL: 0.9 DPTR FM NORMAL: 0.48 2 = FOG REDUCING VISIBILITY
HIGHEST: 75 ON 29 GRTST 24HR 2.36 ON 7- 8 TO 1/4 MILE OR LESS
LOWEST: 3 ON 23,22 3 = THUNDER
SNOW, ICE PELLETS, HAIL 4 = ICE PELLETS
TOTAL MONTH: T 5 = HAIL
GRTST 24HR T ON 22-22 6 = FREEZING RAIN OR DRIZZLE
GRTST DEPTH: T 7 = DUSTSTORM OR SANDSTORM:
VSBY 1/2 MILE OR LESS
8 = SMOKE OR HAZE
[NO. OF DAYS WITH] [WEATHER - DAYS WITH] 9 = BLOWING SNOW
X = TORNADO
MAX 32 OR BELOW: 2 0.01 INCH OR MORE: 7
MAX 90 OR ABOVE: 0 0.10 INCH OR MORE: 4
MIN 32 OR BELOW: 13 0.50 INCH OR MORE: 3
MIN 0 OR BELOW: 0 1.00 INCH OR MORE: 2
[HDD (BASE 65) ]
TOTAL THIS MO. 654 CLEAR (SCALE 0-3) 15
DPTR FM NORMAL -35 PTCLDY (SCALE 4-7) 6
TOTAL FM JUL 1 1196 CLOUDY (SCALE 8-10) 10
DPTR FM NORMAL -38
[CDD (BASE 65) ]
TOTAL THIS MO. 0
DPTR FM NORMAL -1 [PRESSURE DATA]
TOTAL FM JAN 1 2598 HIGHEST SLP 30.72 ON 23
DPTR FM NORMAL 423 LOWEST SLP 29.61 ON 13
[REMARKS]
#FINAL-12-22#