000
CXUS54 KTSA 012011
CF6FSM
PRELIMINARY LOCAL CLIMATOLOGICAL DATA (WS FORM: F-6)
STATION: FORT SMITH ARKANSAS
MONTH: JUNE
YEAR: 2020
LATITUDE: 35 19 N
LONGITUDE: 94 22 W
TEMPERATURE IN F: :PCPN: SNOW: WIND :SUNSHINE: SKY :PK WND
================================================================================
1 2 3 4 5 6A 6B 7 8 9 10 11 12 13 14 15 16 17 18
12Z AVG MX 2MIN
DY MAX MIN AVG DEP HDD CDD WTR SNW DPTH SPD SPD DIR MIN PSBL S-S WX SPD DR
================================================================================
1 86 63 75 1 0 10 0.00 0.0 0 4.3 12 110 M M 0 17 110
2 86 65 76 2 0 11 0.00 0.0 0 4.0 12 120 M M 0 16 110
3 91 71 81 6 0 16 0.01 0.0 0 5.1 18 170 M M 3 3 27 160
4 90 68 79 4 0 14 0.23 0.0 0 6.3 23 70 M M 1 13 32 70
5 96 72 84 9 0 19 0.00 0.0 0 4.0 10 240 M M 0 15 240
6 95 75 85 9 0 20 T 0.0 0 4.6 14 120 M M 1 19 110
7 93 71 82 6 0 17 0.00 0.0 0 6.4 16 90 M M 1 23 90
8 90 73 82 6 0 17 0.14 0.0 0 7.7 16 70 M M 3 23 50
9 96 69 83 7 0 18 0.02 0.0 0 13.7 28 250 M M 3 3 38 260
10 83 64 74 -2 0 9 0.00 0.0 0 14.6 28 270 M M 4 39 300
11 89 56 73 -4 0 8 0.00 0.0 0 1.5 12 60 M M 0 17 50
12 92 63 78 1 0 13 0.00 0.0 0 3.3 9 140 M M 0 14 190
13 94 65 80 3 0 15 0.00 0.0 0 2.1 8 60 M M 0 12 200
14 92 69 81 3 0 16 0.00 0.0 0 4.6 12 150 M M 1 17 140
15 93 69 81 3 0 16 0.00 0.0 0 5.1 10 100 M M 0 15 90
16 90 71 81 3 0 16 0.00 0.0 0 7.5 14 60 M M 2 19 80
17 90 68 79 1 0 14 0.00 0.0 0 6.4 14 80 M M 2 19 100
18 92 68 80 1 0 15 0.00 0.0 0 6.9 14 120 M M 1 23 140
19 95 70 83 4 0 18 0.00 0.0 0 5.7 13 240 M M 1 22 230
20 83 70 77 -2 0 12 0.17 0.0 0 1.9 13 150 M M 4 1 18 160
21 83 68 76 -3 0 11 T 0.0 0 5.0 21 210 M M 5 123 32 180
22 90 70 80 0 0 15 0.03 0.0 0 5.9 14 260 M M 4 19 270
23 90 70 80 0 0 15 0.01 0.0 0 5.9 17 330 M M 2 23 360
24 91 65 78 -2 0 13 0.00 0.0 0 4.8 14 60 M M 0 20 80
25 92 65 79 -1 0 14 0.00 0.0 0 5.9 16 80 M M 0 24 80
26 88 73 81 1 0 16 0.03 0.0 0 6.2 17 220 M M 4 1 24 210
27 92 70 81 1 0 16 0.00 0.0 0 8.9 21 210 M M 2 8 33 220
28 95 74 85 4 0 20 T 0.0 0 7.9 21 200 M M 3 29 190
29 92 74 83 2 0 18 0.11 0.0 0 5.9 15 150 M M 5 13 21 180
30 93 77 85 4 0 20 0.00 0.0 0 6.9 17 190 M M 7 26 180
================================================================================
SM 2722 2066 0 452 0.75 0.0 179.0 M 59
================================================================================
AV 90.7 68.9 6.0 FASTST M M 2 MAX(MPH)
MISC ----> # 28 250 # 39 300
================================================================================
NOTES:
# LAST OF SEVERAL OCCURRENCES
COLUMN 17 PEAK WIND IN M.P.H.
PRELIMINARY LOCAL CLIMATOLOGICAL DATA (WS FORM: F-6) , PAGE 2
STATION: FORT SMITH ARKANSAS
MONTH: JUNE
YEAR: 2020
LATITUDE: 35 19 N
LONGITUDE: 94 22 W
[TEMPERATURE DATA] [PRECIPITATION DATA] SYMBOLS USED IN COLUMN 16
AVERAGE MONTHLY: 79.8 TOTAL FOR MONTH: 0.75 1 = FOG OR MIST
DPTR FM NORMAL: 2.0 DPTR FM NORMAL: -3.53 2 = FOG REDUCING VISIBILITY
HIGHEST: 96 ON 9, 5 GRTST 24HR 0.23 ON 4- 4 TO 1/4 MILE OR LESS
LOWEST: 56 ON 11 3 = THUNDER
SNOW, ICE PELLETS, HAIL 4 = ICE PELLETS
TOTAL MONTH: 0.0 INCH 5 = HAIL
GRTST 24HR 0.0 6 = FREEZING RAIN OR DRIZZLE
GRTST DEPTH: 0 7 = DUSTSTORM OR SANDSTORM:
VSBY 1/2 MILE OR LESS
8 = SMOKE OR HAZE
[NO. OF DAYS WITH] [WEATHER - DAYS WITH] 9 = BLOWING SNOW
X = TORNADO
MAX 32 OR BELOW: 0 0.01 INCH OR MORE: 9
MAX 90 OR ABOVE: 23 0.10 INCH OR MORE: 4
MIN 32 OR BELOW: 0 0.50 INCH OR MORE: 0
MIN 0 OR BELOW: 0 1.00 INCH OR MORE: 0
[HDD (BASE 65) ]
TOTAL THIS MO. 0 CLEAR (SCALE 0-3) 21
DPTR FM NORMAL -1 PTCLDY (SCALE 4-7) 9
TOTAL FM JUL 1 2900 CLOUDY (SCALE 8-10) 0
DPTR FM NORMAL -343
[CDD (BASE 65) ]
TOTAL THIS MO. 452
DPTR FM NORMAL 67 [PRESSURE DATA]
TOTAL FM JAN 1 672 HIGHEST SLP 30.32 ON 12
DPTR FM NORMAL 43 LOWEST SLP 29.53 ON 9
[REMARKS]
#FINAL-06-20#