000
CXUS54 KTSA 010840
CF6FSM
PRELIMINARY LOCAL CLIMATOLOGICAL DATA (WS FORM: F-6)
STATION: FORT SMITH ARKANSAS
MONTH: APRIL
YEAR: 2020
LATITUDE: 35 19 N
LONGITUDE: 94 22 W
TEMPERATURE IN F: :PCPN: SNOW: WIND :SUNSHINE: SKY :PK WND
================================================================================
1 2 3 4 5 6A 6B 7 8 9 10 11 12 13 14 15 16 17 18
12Z AVG MX 2MIN
DY MAX MIN AVG DEP HDD CDD WTR SNW DPTH SPD SPD DIR MIN PSBL S-S WX SPD DR
================================================================================
1 75 45 60 2 5 0 0.00 0.0 0 4.5 15 140 M M 0 22 140
2 75 53 64 6 1 0 0.04 0.0 0 7.4 21 160 M M 1 3 30 160
3 64 42 53 -5 12 0 1.38 0.0 0 10.5 24 270 M M 10 13 29 260
4 50 42 46 -12 19 0 0.01 0.0 0 4.6 9 260 M M 10 1 12 260
5 66 47 57 -2 8 0 0.00 0.0 0 2.4 8 80 M M 10 1 10 30
6 77 52 65 6 0 0 T 0.0 0 4.3 13 200 M M 7 12 19 190
7 83 61 72 13 0 7 0.00 0.0 0 4.1 13 190 M M 5 18 220
8 93 60 77 18 0 12 0.00 0.0 0 4.8 21 360 M M 2 12 29 360
9 76 56 66 6 0 1 0.00 0.0 0 8.9 24 360 M M 0 35 350
10 65 44 55 -5 10 0 0.00 0.0 0 6.8 15 30 M M 0 8 20 40
11 70 47 59 -1 6 0 0.37 0.0 0 6.8 15 140 M M 5 13 23 210
12 72 41 57 -4 8 0 2.35 0.0 0 11.6 39 270 M M 7 13 49 280
13 50 37 44 -17 21 0 0.00 0.0 0 10.9 24 320 M M 8 37 330
14 54 38 46 -15 19 0 0.00 0.0 0 6.5 16 10 M M 5 21 30
15 64 34 49 -13 16 0 0.00 0.0 0 3.3 13 280 M M 0 18 280
16 74 39 57 -5 8 0 0.00 0.0 0 7.8 20 200 M M 0 29 190
17 62 42 52 -10 13 0 0.00 0.0 0 8.6 18 280 M M 8 23 270
18 70 34 52 -10 13 0 0.05 0.0 0 5.6 14 60 M M 1 1 21 70
19 60 50 55 -8 10 0 0.29 0.0 0 6.2 16 40 M M 9 123 21 40
20 78 50 64 1 1 0 0.00 0.0 0 3.4 13 250 M M 5 128 17 250
21 82 50 66 3 0 1 0.00 0.0 0 2.8 9 110 M M 1 12 110
22 66 57 62 -2 3 0 0.77 0.0 0 10.8 25 80 M M 8 13 32 70
23 75 56 66 2 0 1 T 0.0 0 9.2 17 250 M M 5 1 26 320
24 75 55 65 1 0 0 0.45 0.0 0 8.3 33 300 M M 4 13 45 310
25 74 54 64 0 1 0 0.00 0.0 0 10.9 21 340 M M 5 30 320
26 79 47 63 -2 2 0 0.00 0.0 0 4.3 16 280 M M 0 23 280
27 77 55 66 1 0 1 T 0.0 0 7.5 17 150 M M 3 24 160
28 84 59 72 7 0 7 0.75 0.0 0 7.0 31 350 M M 5 13 42 350
29 71 53 62 -3 3 0 0.00 0.0 0 13.0 25 310 M M 2 36 310
30 77 49 63 -3 2 0 0.00 0.0 0 6.4 17 270 M M 0 23 250
================================================================================
SM 2138 1449 181 30 6.46 0.0 209.2 M 126
================================================================================
AV 71.3 48.3 7.0 FASTST M M 4 MAX(MPH)
MISC ----> # 39 270 # 49 280
================================================================================
NOTES:
# LAST OF SEVERAL OCCURRENCES
COLUMN 17 PEAK WIND IN M.P.H.
PRELIMINARY LOCAL CLIMATOLOGICAL DATA (WS FORM: F-6) , PAGE 2
STATION: FORT SMITH ARKANSAS
MONTH: APRIL
YEAR: 2020
LATITUDE: 35 19 N
LONGITUDE: 94 22 W
[TEMPERATURE DATA] [PRECIPITATION DATA] SYMBOLS USED IN COLUMN 16
AVERAGE MONTHLY: 59.8 TOTAL FOR MONTH: 6.46 1 = FOG OR MIST
DPTR FM NORMAL: -1.8 DPTR FM NORMAL: 2.16 2 = FOG REDUCING VISIBILITY
HIGHEST: 93 ON 8 GRTST 24HR 2.35 ON 12-12 TO 1/4 MILE OR LESS
LOWEST: 34 ON 18,15 3 = THUNDER
SNOW, ICE PELLETS, HAIL 4 = ICE PELLETS
TOTAL MONTH: 0.0 INCH 5 = HAIL
GRTST 24HR 0.0 6 = FREEZING RAIN OR DRIZZLE
GRTST DEPTH: 0 7 = DUSTSTORM OR SANDSTORM:
VSBY 1/2 MILE OR LESS
8 = SMOKE OR HAZE
[NO. OF DAYS WITH] [WEATHER - DAYS WITH] 9 = BLOWING SNOW
X = TORNADO
MAX 32 OR BELOW: 0 0.01 INCH OR MORE: 10
MAX 90 OR ABOVE: 1 0.10 INCH OR MORE: 7
MIN 32 OR BELOW: 0 0.50 INCH OR MORE: 4
MIN 0 OR BELOW: 0 1.00 INCH OR MORE: 2
[HDD (BASE 65) ]
TOTAL THIS MO. 181 CLEAR (SCALE 0-3) 13
DPTR FM NORMAL 25 PTCLDY (SCALE 4-7) 13
TOTAL FM JUL 1 2858 CLOUDY (SCALE 8-10) 4
DPTR FM NORMAL -357
[CDD (BASE 65) ]
TOTAL THIS MO. 30
DPTR FM NORMAL -24 [PRESSURE DATA]
TOTAL FM JAN 1 67 HIGHEST SLP 30.38 ON 14
DPTR FM NORMAL 1 LOWEST SLP 29.38 ON 12
[REMARKS]
#FINAL-04-20#