000
CXUS54 KTSA 011344
CF6FSM
PRELIMINARY LOCAL CLIMATOLOGICAL DATA (WS FORM: F-6)
STATION: FORT SMITH ARKANSAS
MONTH: NOVEMBER
YEAR: 2023
LATITUDE: 35 19 N
LONGITUDE: 94 22 W
TEMPERATURE IN F: :PCPN: SNOW: WIND :SUNSHINE: SKY :PK WND
================================================================================
1 2 3 4 5 6A 6B 7 8 9 10 11 12 13 14 15 16 17 18
12Z AVG MX 2MIN
DY MAX MIN AVG DEP HDD CDD WTR SNW DPTH SPD SPD DIR MIN PSBL S-S WX SPD DR
================================================================================
1 55 25 40 -17 25 0 0.00 0.0 0 2.5 7 80 M M 0 13 170
2 63 33 48 -9 17 0 0.00 0.0 0 3.0 9 120 M M 0 13 90
3 73 35 54 -2 11 0 0.00 0.0 0 6.7 17 230 M M 0 23 220
4 77 46 62 6 3 0 0.00 0.0 0 2.7 8 40 M M 2 11 40
5 77 51 64 8 1 0 0.00 0.0 0 3.6 10 180 M M 0 1 17 220
6 83 57 70 15 0 5 0.00 0.0 0 9.2 9 210 M M 0 9 210
7 86 58 72 17 0 7 0.00 0.0 0 5.1 12 140 M M 0 1 18 150
8 84 61 73 19 0 8 0.00 0.0 0 9.8 18 230 M M 0 22 230
9 67 49 58 4 7 0 1.25 0.0 0 7.3 12 70 M M 5 18 12 70
10 65 43 54 0 11 0 0.00 0.0 0 4.1 6 100 M M 0 6 100
11 64 45 55 2 10 0 0.00 0.0 0 7.6 15 80 M M 1 21 80
12 66 41 54 1 11 0 0.00 0.0 0 2.6 6 40 M M 0 6 40
13 72 40 56 4 9 0 0.00 0.0 0 3.2 9 70 M M 0 9 70
14 68 43 56 4 9 0 0.00 0.0 0 4.8 7 70 M M 0 7 70
15 72 41 57 5 8 0 0.00 0.0 0 6.0 10 80 M M 0 10 80
16 68 47 58 7 7 0 0.00 0.0 0 5.8 8 190 M M 1 8 190
17 67 53 60 9 5 0 0.00 0.0 0 5.4 12 290 M M 3 14 300
18 69 40 55 4 10 0 0.00 0.0 0 1.8 8 230 M M 0 12 13 270
19 69 45 57 7 8 0 0.06 0.0 0 7.7 14 100 M M 3 1 14 100
20 54 45 50 0 15 0 0.74 0.0 0 9.5 14 90 M M 5 1 21 90
21 54 37 46 -4 19 0 0.00 0.0 0 10.3 17 310 M M 4 24 320
22 52 33 43 -6 22 0 0.00 0.0 0 5.6 14 270 M M 0 18 290
23 63 31 47 -2 18 0 0.00 0.0 0 1.9 8 40 M M 0 11 40
24 60 35 48 -1 17 0 0.00 0.0 0 4.8 12 40 M M 0 18 80
25 58 36 47 -1 18 0 T 0.0 0 6.2 13 80 M M 1 17 60
26 47 31 39 -9 26 0 0.02 0.0 0 10.7 24 280 M M 5 1 34 280
27 55 28 42 -6 23 0 0.00 0.0 0 5.6 16 290 M M 0 21 300
28 60 30 45 -2 20 0 0.00 0.0 0 2.5 10 250 M M 0 16 250
29 68 31 50 3 15 0 0.00 0.0 0 3.5 15 210 M M 0 21 220
30 50 44 47 0 18 0 1.15 0.0 0 9.1 21 80 M M 10 13 26 90
================================================================================
SM 1966 1234 363 20 3.22 0.0 168.6 M 40
================================================================================
AV 65.5 41.1 5.6 FASTST M M 1 MAX(MPH)
MISC ----> 24 280 34 280
================================================================================
NOTES:
# LAST OF SEVERAL OCCURRENCES
COLUMN 17 PEAK WIND IN M.P.H.
PRELIMINARY LOCAL CLIMATOLOGICAL DATA (WS FORM: F-6) , PAGE 2
STATION: FORT SMITH ARKANSAS
MONTH: NOVEMBER
YEAR: 2023
LATITUDE: 35 19 N
LONGITUDE: 94 22 W
[TEMPERATURE DATA] [PRECIPITATION DATA] SYMBOLS USED IN COLUMN 16
AVERAGE MONTHLY: 53.3 TOTAL FOR MONTH: 3.22 1 = FOG OR MIST
DPTR FM NORMAL: 1.6 DPTR FM NORMAL: -0.63 2 = FOG REDUCING VISIBILITY
HIGHEST: 86 ON 7 GRTST 24HR 1.25 ON 9- 9 TO 1/4 MILE OR LESS
LOWEST: 25 ON 1 3 = THUNDER
SNOW, ICE PELLETS, HAIL 4 = ICE PELLETS
TOTAL MONTH: 0.0 INCH 5 = HAIL
GRTST 24HR 0.0 6 = FREEZING RAIN OR DRIZZLE
GRTST DEPTH: 0 7 = DUSTSTORM OR SANDSTORM:
VSBY 1/2 MILE OR LESS
8 = SMOKE OR HAZE
[NO. OF DAYS WITH] [WEATHER - DAYS WITH] 9 = BLOWING SNOW
X = TORNADO
MAX 32 OR BELOW: 0 0.01 INCH OR MORE: 5
MAX 90 OR ABOVE: 0 0.10 INCH OR MORE: 3
MIN 32 OR BELOW: 6 0.50 INCH OR MORE: 3
MIN 0 OR BELOW: 0 1.00 INCH OR MORE: 2
[HDD (BASE 65) ]
TOTAL THIS MO. 363 CLEAR (SCALE 0-3) 25
DPTR FM NORMAL -44 PTCLDY (SCALE 4-7) 4
TOTAL FM JUL 1 473 CLOUDY (SCALE 8-10) 1
DPTR FM NORMAL -73
[CDD (BASE 65) ]
TOTAL THIS MO. 20
DPTR FM NORMAL 12 [PRESSURE DATA]
TOTAL FM JAN 1 2595 HIGHEST SLP 30.43 ON 28
DPTR FM NORMAL 421 LOWEST SLP 29.69 ON 30
[REMARKS]
#FINAL-11-23#