000
CXUS54 KTSA 011200
CLMFSM
CLIMATE REPORT
NATIONAL WEATHER SERVICE TULSA OK
600 AM CST FRI MAR 01 2024
...................................
...THE FORT SMITH ARKANSAS CLIMATE SUMMARY FOR THE MONTH OF FEBRUARY 2024...
CLIMATE NORMAL PERIOD 1991 TO 2020
CLIMATE RECORD PERIOD 1882 TO 2024
WEATHER OBSERVED NORMAL DEPART LAST YEAR`S
VALUE DATE(S) VALUE FROM VALUE DATE(S)
NORMAL
................................................................
TEMPERATURE (F)
RECORD
HIGH 88 02/23/2017
LOW -15 02/12/1899
HIGHEST 84 02/26 87 -3 83
LOWEST 21 02/18 -15 36 26
AVG. MAXIMUM 66.2 56.6 9.6 60.9
AVG. MINIMUM 39.9 33.4 6.5 38.6
MEAN 53.1 45.0 8.1 49.8
DAYS MAX >= 90 0
DAYS MAX <= 32 0
DAYS MIN <= 32 6
DAYS MIN <= 0 0
PRECIPITATION (INCHES)
RECORD
MAXIMUM 10.72 1884
MINIMUM 0.14 1947
TOTALS 1.42 2.69 -1.27 4.03
DAILY AVG. 0.05 NAN NAN 0.14
DAYS >= .01 5 7.6 -2.6 8
DAYS >= .10 4 4.6 -0.6 6
DAYS >= .50 1 1.8 -0.8 2
DAYS >= 1.00 0 0.7 -0.7 1
GREATEST
24 HR. TOTAL 0.69 02/03 TO 02/04
SNOWFALL (INCHES)
RECORDS
TOTAL 18.3 1921
TOTALS T 0.6 -0.6 T
SINCE 7/1 2.5 2.6 -0.1 MM
SNOWDEPTH AVG. 0 -1
DAYS >= 1.0 0 0.2 -0.2 MM
GREATEST
SNOW DEPTH 0 -1 02/26
02/27
02/01
24 HR TOTAL MM
DEGREE DAYS
HEATING TOTAL 344 561 -217 419
SINCE 7/1 2240 2589 -349 MM
................................................................
WIND (MPH)
AVERAGE WIND SPEED 7.1
HIGHEST WIND SPEED/DIRECTION 28/340 DATE 02/27
HIGHEST GUST SPEED/DIRECTION 39/210 DATE 02/26
39/220 02/27
SKY COVER
POSSIBLE SUNSHINE (PERCENT) MM
AVERAGE SKY COVER 0.24
NUMBER OF DAYS FAIR 23
NUMBER OF DAYS PC 2
NUMBER OF DAYS CLOUDY 4
AVERAGE RH (PERCENT) 61
WEATHER CONDITIONS. NUMBER OF DAYS WITH
THUNDERSTORM 1 MIXED PRECIP 0
HEAVY RAIN 0 RAIN 4
LIGHT RAIN 8 FREEZING RAIN 0
LT FREEZING RAIN 0 HAIL 0
HEAVY SNOW 0 SNOW 0
LIGHT SNOW 0 SLEET 0
FOG 7 FOG W/VIS <= 1/4 MILE 1
HAZE 6
- INDICATES NEGATIVE NUMBERS.
R INDICATES RECORD WAS SET OR TIED.
MM INDICATES DATA IS MISSING.
T INDICATES TRACE AMOUNT.
$$