000
CXUS54 KMAF 011110
CF6FST
PRELIMINARY LOCAL CLIMATOLOGICAL DATA (WS FORM: F-6)
STATION: FORT STOCKTON
MONTH: JUNE
YEAR: 2021
LATITUDE: 30 55 N
LONGITUDE: 102 55 W
TEMPERATURE IN F: :PCPN: SNOW: WIND :SUNSHINE: SKY :PK WND
================================================================================
1 2 3 4 5 6A 6B 7 8 9 10 11 12 13 14 15 16 17 18
12Z AVG MX 2MIN
DY MAX MIN AVG DEP HDD CDD WTR SNW DPTH SPD SPD DIR MIN PSBL S-S WX SPD DR
================================================================================
1 78 57 68 -12 0 3 0.00 M M 5.7 15 150 M M 7 12 18 160
2 87 63 75 -5 0 10 T M M 7.9 31 170 M M 1 3 41 170
3 87 63 75 -6 0 10 0.00 M M 6.7 24 80 M M 1 30 70
4 85 62 74 -7 0 9 0.00 M M 8.3 17 70 M M 1 24 90
5 95 63 79 -2 0 14 0.00 M M 10.7 26 160 M M 1 36 170
6 102 69 86 5 0 21 T M M 13.0 24 160 M M 0 32 160
7 106 70 88 7 0 23 0.00 M M 10.7 24 290 M M 0 29 320
8 101 M M M M M 0.00 M M 13.3 24 160 M M 0 33 160
9 106 73 90 8 0 25 0.09 M M 12.0 30 230 M M 1 138 38 230
10 105 73 89 7 0 24 0.00 M M 13.8 26 140 M M 0 8 34 150
11 108 75 92 10 0 27 0.00 M M 14.2 24 160 M M 0 31 170
12 101 72 87 5 0 22 0.00 M M 13.8 25 150 M M 0 33 150
13 100 72 86 4 0 21 T M M 12.4 25 160 M M 0 32 150
14 98 73 86 4 0 21 T M M 13.1 29 80 M M 1 35 70
15 95 68 82 0 0 17 0.00 M M 7.9 17 90 M M 1 27 100
16 96 73 85 3 0 20 0.00 M M 11.4 23 120 M M 0 27 110
17 94 69 82 0 0 17 0.00 M M 10.9 21 120 M M 0 35 120
18 96 69 83 1 0 18 0.00 M M 11.8 21 130 M M 0 28 110
19 98 70 84 2 0 19 0.00 M M 12.5 22 140 M M 0 30 140
20 109 71 90 8 0 25 0.00 M M 13.6 28 160 M M 0 35 150
21 99 70 85 3 0 20 T M M 16.0 29 50 M M 2 38 40
22 94 68 81 -1 0 16 0.00 M M 11.2 23 160 M M 3 30 140
23 98 73 86 4 0 21 0.00 M M 16.7 24 160 M M 0 32 160
24 98 73 86 4 0 21 0.00 M M 16.4 23 150 M M 0 31 110
25 104 76 90 8 0 25 T M M 12.6 35 180 M M 1 38 48 180
26 104 75 90 8 0 25 T M M 15.4 30 150 M M 0 39 150
27 84 62 73 -9 0 8 2.34 M M 11.5 30 80 M M 3 123 39 160
28 79 66 73 -9 0 8 1.06 M M 9.0 20 70 M M 7 18 25 70
29 85 66 76 -6 0 11 0.02 M M 10.8 20 110 M M 5 25 110
30 83 69 76 -6 0 11 T M M 12.6 22 180 M M 5 1 27 150
================================================================================
SM 2875 2003 0 512 3.51 M 355.9 M 40
================================================================================
AV 95.8 69.1 11.9 FASTST M M 1 MAX(MPH)
MISC ----> 35 180 48 180
================================================================================
NOTES:
# LAST OF SEVERAL OCCURRENCES
COLUMN 17 PEAK WIND IN M.P.H.
PRELIMINARY LOCAL CLIMATOLOGICAL DATA (WS FORM: F-6) , PAGE 2
STATION: FORT STOCKTON
MONTH: JUNE
YEAR: 2021
LATITUDE: 30 55 N
LONGITUDE: 102 55 W
[TEMPERATURE DATA] [PRECIPITATION DATA] SYMBOLS USED IN COLUMN 16
AVERAGE MONTHLY: 82.5 TOTAL FOR MONTH: 3.51 1 = FOG OR MIST
DPTR FM NORMAL: 0.7 DPTR FM NORMAL: 1.75 2 = FOG REDUCING VISIBILITY
HIGHEST: 109 ON 20 GRTST 24HR 2.43 ON 27-28 TO 1/4 MILE OR LESS
LOWEST: 57 ON 1 3 = THUNDER
SNOW, ICE PELLETS, HAIL 4 = ICE PELLETS
TOTAL MONTH: M 5 = HAIL
GRTST 24HR M ON M 6 = FREEZING RAIN OR DRIZZLE
GRTST DEPTH: M ON M 7 = DUSTSTORM OR SANDSTORM:
VSBY 1/2 MILE OR LESS
8 = SMOKE OR HAZE
[NO. OF DAYS WITH] [WEATHER - DAYS WITH] 9 = BLOWING SNOW
X = TORNADO
MAX 32 OR BELOW: 0 0.01 INCH OR MORE: 4
MAX 90 OR ABOVE: 22 0.10 INCH OR MORE: 2
MIN 32 OR BELOW: 0 0.50 INCH OR MORE: 2
MIN 0 OR BELOW: 0 1.00 INCH OR MORE: 2
[HDD (BASE 65) ]
TOTAL THIS MO. 0 CLEAR (SCALE 0-3) 25
DPTR FM NORMAL 0 PTCLDY (SCALE 4-7) 5
TOTAL FM JUL 1 2154 CLOUDY (SCALE 8-10) 0
DPTR FM NORMAL 175
[CDD (BASE 65) ]
TOTAL THIS MO. 512
DPTR FM NORMAL 8 [PRESSURE DATA]
TOTAL FM JAN 1 993 HIGHEST SLP 30.13 ON 1
DPTR FM NORMAL -46 LOWEST SLP 29.50 ON 20
[REMARKS]
#FINAL-06-21#