000
CXUS52 KFFC 011110
CF6FTY
PRELIMINARY LOCAL CLIMATOLOGICAL DATA (WS FORM: F-6)
STATION: FULTON COUNTY AIRPORT
MONTH: DECEMBER
YEAR: 2022
LATITUDE: 33 46 N
LONGITUDE: 84 31 W
TEMPERATURE IN F: :PCPN: SNOW: WIND :SUNSHINE: SKY :PK WND
================================================================================
1 2 3 4 5 6A 6B 7 8 9 10 11 12 13 14 15 16 17 18
12Z AVG MX 2MIN
DY MAX MIN AVG DEP HDD CDD WTR SNW DPTH SPD SPD DIR MIN PSBL S-S WX SPD DR
================================================================================
1 57 31 44 -5 21 0 0.00 M M 2.7 14 350 M M 0 21 360
2 61 32 47 -1 18 0 0.00 M M 4.2 12 150 M M 2 20 160
3 61 46 54 6 11 0 0.16 M M 2.5 14 320 M M 8 1 20 310
4 60 43 52 4 13 0 T M M 3.3 13 290 M M 3 17 310
5 60 47 54 6 11 0 1.30 M M 3.5 13 60 M M 10 1 16 50
6 54 47 51 3 14 0 0.11 M M 4.8 10 40 M M 10 1 13 70
7 73 53 63 16 2 0 0.09 M M 1.7 10 210 M M 10 1 17 240
8 77 58 68 21 0 3 0.00 M M 1.9 13 230 M M 6 12 21 230
9 68 57 63 16 2 0 0.58 M M 2.6 12 50 M M 9 1 14 40
10 58 53 56 9 9 0 T M M 5.8 15 170 M M 10 1 20 160
11 54 51 53 6 12 0 0.52 M M 3.2 8 150 M M 10 1 12 140
12 64 52 58 12 7 0 0.00 M M 2.7 12 110 M M 8 18 16 110
13 53 46 50 4 15 0 0.00 M M 6.9 15 80 M M 9 22 70
14 49 44 47 1 18 0 1.37 M M 8.1 14 100 M M 10 1 21 90
15 58 42 50 4 15 0 0.62 M M 7.3 17 280 M M 5 1 24 300
16 53 33 43 -3 22 0 0.00 M M 5.7 18 280 M M 1 26 240
17 48 32 40 -6 25 0 0.00 M M 4.9 16 280 M M 5 22 290
18 46 28 37 -9 28 0 0.00 M M 5.0 17 310 M M 0 25 300
19 51 23 37 -8 28 0 0.00 M M 3.5 10 120 M M 1 19 130
20 45 39 42 -3 23 0 0.06 M M 7.0 17 50 M M 10 18 24 40
21 52 40 46 1 19 0 T M M 8.8 17 80 M M 10 1 23 80
22 49 40 45 0 20 0 0.03 M M 5.4 14 200 M M 10 1 24 190
23 51 11 31 -14 34 0 0.07 M M 17.3 33 290 M M 4 1 45 280
24 26 8 17 -28 48 0 0.00 M M 9.4 21 290 M M 1 34 290
25 36 18 27 -17 38 0 0.00 M M 6.9 15 300 M M 0 24 290
26 44 15 30 -14 35 0 T M M 1.8 9 320 M M 2 17 310
27 51 26 39 -5 26 0 T M M 0.9 8 160 M M 3 14 110
28 58 22 40 -4 25 0 0.00 M M 2.4 10 160 M M 1 15 150
29 67 39 53 9 12 0 0.00 M M 3.0 10 140 M M 4 17 100
30 65 38 52 8 13 0 0.01 M M 4.5 23 100 M M 5 38 100
31 63 50 57 13 8 0 0.13 M M 1.9 8 210 M M 6 12 12 210
================================================================================
SM 1712 1164 572 3 5.05 M 149.6 M 173
================================================================================
AV 55.2 37.5 4.8 FASTST M M 6 MAX(MPH)
MISC ----> 33 290 45 280
================================================================================
NOTES:
# LAST OF SEVERAL OCCURRENCES
COLUMN 17 PEAK WIND IN M.P.H.
PRELIMINARY LOCAL CLIMATOLOGICAL DATA (WS FORM: F-6) , PAGE 2
STATION: FULTON COUNTY AIRPORT
MONTH: DECEMBER
YEAR: 2022
LATITUDE: 33 46 N
LONGITUDE: 84 31 W
[TEMPERATURE DATA] [PRECIPITATION DATA] SYMBOLS USED IN COLUMN 16
AVERAGE MONTHLY: 46.4 TOTAL FOR MONTH: 5.05 1 = FOG OR MIST
DPTR FM NORMAL: 0.4 DPTR FM NORMAL: 0.84 2 = FOG REDUCING VISIBILITY
HIGHEST: 77 ON 8 GRTST 24HR 1.99 ON 14-15 TO 1/4 MILE OR LESS
LOWEST: 8 ON 24 3 = THUNDER
SNOW, ICE PELLETS, HAIL 4 = ICE PELLETS
TOTAL MONTH: M 5 = HAIL
GRTST 24HR M ON M 6 = FREEZING RAIN OR DRIZZLE
GRTST DEPTH: M ON M 7 = DUSTSTORM OR SANDSTORM:
VSBY 1/2 MILE OR LESS
8 = SMOKE OR HAZE
[NO. OF DAYS WITH] [WEATHER - DAYS WITH] 9 = BLOWING SNOW
X = TORNADO
MAX 32 OR BELOW: 1 0.01 INCH OR MORE: 13
MAX 90 OR ABOVE: 0 0.10 INCH OR MORE: 8
MIN 32 OR BELOW: 11 0.50 INCH OR MORE: 5
MIN 0 OR BELOW: 0 1.00 INCH OR MORE: 2
[HDD (BASE 65) ]
TOTAL THIS MO. 572 CLEAR (SCALE 0-3) 10
DPTR FM NORMAL -20 PTCLDY (SCALE 4-7) 9
TOTAL FM JUL 1 1069 CLOUDY (SCALE 8-10) 12
DPTR FM NORMAL -42
[CDD (BASE 65) ]
TOTAL THIS MO. 3
DPTR FM NORMAL 2 [PRESSURE DATA]
TOTAL FM JAN 1 1954 HIGHEST SLP 30.49 ON 2
DPTR FM NORMAL 129 LOWEST SLP 29.69 ON 15
[REMARKS]
#FINAL-12-22#