000
CXUS56 KSGX 012211
CF6FUL
PRELIMINARY LOCAL CLIMATOLOGICAL DATA (WS FORM: F-6)
STATION: FULLERTON AIRPORT CA
MONTH: FEBRUARY
YEAR: 2024
LATITUDE: 33 52 N
LONGITUDE: 117 58 W
TEMPERATURE IN F: :PCPN: SNOW: WIND :SUNSHINE: SKY :PK WND
================================================================================
1 2 3 4 5 6A 6B 7 8 9 10 11 12 13 14 15 16 17 18
12Z AVG MX 2MIN
DY MAX MIN AVG DEP HDD CDD WTR SNW DPTH SPD SPD DIR MIN PSBL S-S WX SPD DR
================================================================================
1 59 51 55 -3 10 0 1.68 M M 6.2 20 60 M M 8 13 27 70
2 63 47 55 -3 10 0 0.05 M M 3.9 12 230 M M 5 18 18 250
3 62 47 55 -3 10 0 0.04 M M 4.5 9 220 M M 4 1 13 210
4 61 51 56 -2 9 0 1.61 M M 9.1 17 130 M M 7 1 27 140
5 57 53 55 -3 10 0 1.89 M M 6.3 15 130 M M 10 1 22 130
6 54 48 51 -7 14 0 2.37 M M 3.1 9 110 M M 10 1 13 180
7 60 47 54 -4 11 0 0.27 M M 4.8 15 190 M M 8 1 23 200
8 61 43 52 -6 13 0 0.04 M M 3.5 10 230 M M 6 1 16 240
9 62 46 54 -4 11 0 0.01 M M 4.4 10 220 M M 5 1 14 230
10 65 41 53 -5 12 0 0.00 M M 3.0 10 230 M M 0 13 220
11 66 39 53 -5 12 0 0.00 M M 1.7 10 200 M M 0 18 14 230
12 68 40 54 -4 11 0 0.00 M M 2.7 10 190 M M 0 8 15 220
13 66 44 55 -3 10 0 0.00 M M 3.5 10 200 M M 0 1 16 190
14 66 52 59 1 6 0 0.00 M M 2.9 12 210 M M 5 1 14 220
15 68 47 58 -1 7 0 0.00 M M 3.4 10 250 M M 4 1 17 220
16 70 53 62 3 3 0 0.00 M M 2.8 12 190 M M 5 18 14 190
17 64 52 58 -1 7 0 T M M 2.1 9 240 M M 7 18 13 190
18 67 53 60 1 5 0 T M M 2.2 12 210 M M 8 1 15 220
19 60 57 59 0 6 0 0.28 M M 6.7 13 100 M M 10 1 18 130
20 59 56 58 -1 7 0 0.94 M M 5.2 18 90 M M 10 1 22 120
21 67 54 61 2 4 0 0.56 M M 3.2 10 200 M M 6 1 14 220
22 70 50 60 1 5 0 0.00 M M 3.3 12 180 M M 3 1 15 180
23 80 51 66 7 0 1 0.00 M M 3.8 16 90 M M 1 8 25 130
24 76 55 66 7 0 1 0.00 M M 1.2 12 220 M M 1 14 220
25 70 52 61 1 4 0 0.00 M M 1.9 10 160 M M 3 1 12 170
26 65 54 60 0 5 0 0.05 M M 1.2 10 220 M M 7 18 17 210
27 65 53 59 -1 6 0 0.03 M M 1.9 10 200 M M 6 18 16 200
28 72 47 60 0 5 0 0.00 M M 2.6 13 190 M M 0 18 18 210
29 68 57 63 3 2 0 0.00 M M 3.6 8 200 M M 10 8 M M
================================================================================
SM 1891 1440 215 2 9.82 M 104.7 M 149
================================================================================
AV 65.2 49.7 3.6 FASTST M M 5 MAX(MPH)
MISC ----> 20 60 # 27 70
================================================================================
NOTES:
# LAST OF SEVERAL OCCURRENCES
COLUMN 17 PEAK WIND IN M.P.H.
PRELIMINARY LOCAL CLIMATOLOGICAL DATA (WS FORM: F-6) , PAGE 2
STATION: FULLERTON AIRPORT CA
MONTH: FEBRUARY
YEAR: 2024
LATITUDE: 33 52 N
LONGITUDE: 117 58 W
[TEMPERATURE DATA] [PRECIPITATION DATA] SYMBOLS USED IN COLUMN 16
AVERAGE MONTHLY: 57.4 TOTAL FOR MONTH: 9.82 1 = FOG OR MIST
DPTR FM NORMAL: -1.2 DPTR FM NORMAL: 6.80 2 = FOG REDUCING VISIBILITY
HIGHEST: 80 ON 23 GRTST 24HR 2.37 ON 6- 6 TO 1/4 MILE OR LESS
LOWEST: 39 ON 11 3 = THUNDER
SNOW, ICE PELLETS, HAIL 4 = ICE PELLETS
TOTAL MONTH: M 5 = HAIL
GRTST 24HR M ON M 6 = FREEZING RAIN OR DRIZZLE
GRTST DEPTH: M ON M 7 = DUSTSTORM OR SANDSTORM:
VSBY 1/2 MILE OR LESS
8 = SMOKE OR HAZE
[NO. OF DAYS WITH] [WEATHER - DAYS WITH] 9 = BLOWING SNOW
X = TORNADO
MAX 32 OR BELOW: 0 0.01 INCH OR MORE: 14
MAX 90 OR ABOVE: 0 0.10 INCH OR MORE: 8
MIN 32 OR BELOW: 0 0.50 INCH OR MORE: 6
MIN 0 OR BELOW: 0 1.00 INCH OR MORE: 4
[HDD (BASE 65) ]
TOTAL THIS MO. 215 CLEAR (SCALE 0-3) 9
DPTR FM NORMAL 28 PTCLDY (SCALE 4-7) 14
TOTAL FM JUL 1 624 CLOUDY (SCALE 8-10) 6
DPTR FM NORMAL -191
[CDD (BASE 65) ]
TOTAL THIS MO. 2
DPTR FM NORMAL -8 [PRESSURE DATA]
TOTAL FM JAN 1 4 HIGHEST SLP 30.24 ON 22
DPTR FM NORMAL -11 LOWEST SLP 29.64 ON 6
[REMARKS]
#FINAL-02-24#