000
CXUS51 KCAR 010600
CF6FVE
PRELIMINARY LOCAL CLIMATOLOGICAL DATA (WS FORM: F-6)
STATION: FRENCHVILLE ME
MONTH: OCTOBER
YEAR: 2021
LATITUDE: 47 16 N
LONGITUDE: 68 19 W
TEMPERATURE IN F: :PCPN: SNOW: WIND :SUNSHINE: SKY :PK WND
================================================================================
1 2 3 4 5 6A 6B 7 8 9 10 11 12 13 14 15 16 17 18
12Z AVG MX 2MIN
DY MAX MIN AVG DEP HDD CDD WTR SNW DPTH SPD SPD DIR MIN PSBL S-S WX SPD DR
================================================================================
1 48 42 45 -5 20 0 0.03 M M 7.3 13 320 M M 10 1 18 300
2 55 42 49 0 16 0 0.00 M M 7.4 15 330 M M 10 20 330
3 54 39 47 -2 18 0 0.00 M M 6.4 14 350 M M 8 1 17 360
4 60 32 46 -2 19 0 0.00 M M 6.7 16 330 M M 2 12 19 340
5 66 34 50 2 15 0 0.00 M M 4.0 9 280 M M 0 1 14 280
6 68 39 54 6 11 0 0.00 M M 6.7 18 330 M M 0 24 340
7 71 43 57 10 8 0 0.00 M M 6.3 14 280 M M 0 17 240
8 60 42 51 4 14 0 0.00 M M 6.7 14 60 M M 1 21 60
9 58 35 47 1 18 0 0.00 M M 6.9 10 140 M M 2 15 180
10 57 38 48 2 17 0 0.00 M M 5.6 12 190 M M 0 15 160
11 67 47 57 11 8 0 T M M 2.7 9 130 M M 4 1 12 160
12 68 49 59 14 6 0 T M M 3.1 8 250 M M 4 12 9 240
13 73 54 64 19 1 0 0.03 M M 2.2 8 20 M M 5 123 11 10
14 64 54 59 15 6 0 0.00 M M 5.8 12 340 M M 10 12 14 340
15 62 50 56 12 9 0 0.03 M M 5.7 12 160 M M 9 12 14 170
16 59 54 57 13 8 0 0.88 M M 11.9 23 130 M M 10 12 30 140
17 59 47 53 10 12 0 0.96 M M 8.8 22 320 M M 9 12 30 320
18 49 41 45 2 20 0 T M M 11.0 20 290 M M 10 27 290
19 46 40 43 0 22 0 T M M 14.2 23 290 M M 10 30 280
20 52 40 46 4 19 0 T M M 7.3 16 350 M M 9 21 320
21 54 44 49 7 16 0 0.07 M M 4.5 13 160 M M 10 12 16 160
22 60 43 52 10 13 0 0.08 M M 9.7 20 160 M M 10 12 26 170
23 46 32 39 -2 26 0 0.00 M M 7.5 15 340 M M 9 1 18 350
24 47 33 40 -1 25 0 0.00 M M 13.8 25 280 M M 7 34 280
25 47 38 43 3 22 0 0.00 M M 5.8 16 300 M M 6 20 290
26 57 40 49 9 16 0 0.00 M M 8.6 15 40 M M 5 23 50
27 46 38 42 2 23 0 0.00 M M 10.7 21 50 M M 5 29 50
28 52 33 43 4 22 0 0.00 M M 8.6 15 40 M M 4 20 10
29 57 26 42 3 23 0 0.00 M M 6.0 12 80 M M 0 17 80
30 43 31 37 -2 28 0 T M M 5.3 10 210 M M 5 1 13 210
31 56 41 49 11 16 0 0.69 M M 12.9 26 120 M M 10 1 38 110
================================================================================
SM 1761 1261 497 0 2.77 M 230.1 M 184
================================================================================
AV 56.8 40.7 7.4 FASTST M M 6 MAX(MPH)
MISC ----> 26 120 38 110
================================================================================
NOTES:
# LAST OF SEVERAL OCCURRENCES
COLUMN 17 PEAK WIND IN M.P.H.
PRELIMINARY LOCAL CLIMATOLOGICAL DATA (WS FORM: F-6) , PAGE 2
STATION: FRENCHVILLE ME
MONTH: OCTOBER
YEAR: 2021
LATITUDE: 47 16 N
LONGITUDE: 68 19 W
[TEMPERATURE DATA] [PRECIPITATION DATA] SYMBOLS USED IN COLUMN 16
AVERAGE MONTHLY: 48.7 TOTAL FOR MONTH: 2.77 1 = FOG OR MIST
DPTR FM NORMAL: 4.9 DPTR FM NORMAL: -0.69 2 = FOG REDUCING VISIBILITY
HIGHEST: 73 ON 13 GRTST 24HR 1.74 ON 16-17 TO 1/4 MILE OR LESS
LOWEST: 26 ON 29 3 = THUNDER
SNOW, ICE PELLETS, HAIL 4 = ICE PELLETS
TOTAL MONTH: M 5 = HAIL
GRTST 24HR M ON M 6 = FREEZING RAIN OR DRIZZLE
GRTST DEPTH: M ON M 7 = DUSTSTORM OR SANDSTORM:
VSBY 1/2 MILE OR LESS
8 = SMOKE OR HAZE
[NO. OF DAYS WITH] [WEATHER - DAYS WITH] 9 = BLOWING SNOW
X = TORNADO
MAX 32 OR BELOW: 0 0.01 INCH OR MORE: 8
MAX 90 OR ABOVE: 0 0.10 INCH OR MORE: 3
MIN 32 OR BELOW: 4 0.50 INCH OR MORE: 3
MIN 0 OR BELOW: 0 1.00 INCH OR MORE: 0
[HDD (BASE 65) ]
TOTAL THIS MO. 497 CLEAR (SCALE 0-3) 8
DPTR FM NORMAL -161 PTCLDY (SCALE 4-7) 10
TOTAL FM JUL 1 884 CLOUDY (SCALE 8-10) 13
DPTR FM NORMAL -187
[CDD (BASE 65) ]
TOTAL THIS MO. 0
DPTR FM NORMAL 0 [PRESSURE DATA]
TOTAL FM JAN 1 294 HIGHEST SLP M ON M
DPTR FM NORMAL 86 LOWEST SLP 29.40 ON 31
[REMARKS]
#FINAL-10-21#