000
CXUS51 KCAR 010600
CF6FVE
PRELIMINARY LOCAL CLIMATOLOGICAL DATA (WS FORM: F-6)
STATION: FRENCHVILLE ME
MONTH: SEPTEMBER
YEAR: 2020
LATITUDE: 47 16 N
LONGITUDE: 68 19 W
TEMPERATURE IN F: :PCPN: SNOW: WIND :SUNSHINE: SKY :PK WND
================================================================================
1 2 3 4 5 6A 6B 7 8 9 10 11 12 13 14 15 16 17 18
12Z AVG MX 2MIN
DY MAX MIN AVG DEP HDD CDD WTR SNW DPTH SPD SPD DIR MIN PSBL S-S WX SPD DR
================================================================================
1 73 44 59 0 6 0 0.00 M M 8.0 16 170 M M 5 1 23 190
2 71 54 63 4 2 0 0.11 M M 16.7 31 170 M M 9 1 45 180
3 76 55 66 8 0 1 0.03 M M 5.9 15 250 M M 2 1 22 190
4 74 54 64 6 1 0 0.00 M M 10.7 24 250 M M 2 36 270
5 69 49 59 1 6 0 T M M 10.7 25 250 M M 3 36 250
6 66 45 56 -1 9 0 0.09 M M 6.1 21 300 M M 2 29 310
7 71 44 58 1 7 0 0.02 M M 13.9 28 180 M M 4 40 190
8 75 55 65 8 0 0 T M M 10.5 22 270 M M 6 28 270
9 56 48 52 -4 13 0 0.37 M M 5.2 13 340 M M 10 1 17 310
10 53 43 48 -8 17 0 0.15 M M 7.5 15 340 M M 10 12 21 330
11 60 42 51 -5 14 0 0.00 M M 8.4 16 320 M M 5 21 340
12 67 40 54 -1 11 0 0.00 M M 6.9 13 290 M M 1 17 260
13 66 50 58 3 7 0 0.10 M M 11.9 23 190 M M 5 36 190
14 60 44 52 -2 13 0 0.03 M M 15.7 29 280 M M 5 1 38 320
15 57 37 47 -7 18 0 0.00 M M 6.6 15 290 M M 2 20 280
16 64 45 55 1 10 0 T M M 9.1 18 180 M M 9 28 190
17 63 33 48 -5 17 0 0.00 M M 10.7 22 320 M M 5 26 310
18 53 28 41 -12 24 0 0.00 M M 7.2 18 330 M M 1 23 340
19 53 33 43 -9 22 0 T M M 9.2 17 320 M M 3 21 320
20 54 30 42 -10 23 0 0.00 M M 8.4 20 350 M M 0 27 340
21 60 29 45 -7 20 0 0.00 M M 2.6 10 290 M M 0 14 270
22 64 33 49 -2 16 0 0.00 M M 6.2 14 20 M M 0 20 20
23 67 46 57 6 8 0 0.00 M M 16.1 28 320 M M 2 37 310
24 65 39 52 2 13 0 0.00 M M 13.3 28 320 M M 4 37 330
25 62 31 47 -3 18 0 0.00 M M 5.2 15 280 M M 0 20 280
26 77 37 57 8 8 0 0.00 M M 7.2 16 230 M M 1 23 240
27 74 54 64 15 1 0 0.00 M M 11.1 20 180 M M 2 26 180
28 75 59 67 18 0 2 0.01 M M 10.1 18 160 M M 7 12 24 160
29 80 64 72 24 0 7 0.07 M M 12.6 23 170 M M 5 1 32 170
30 70 49 60 12 5 0 0.27 M M 17.1 37 160 M M 9 1 54 230
================================================================================
SM 1975 1314 309 10 1.25 M 290.8 M 119
================================================================================
AV 65.8 43.8 9.7 FASTST M M 4 MAX(MPH)
MISC ----> # 37 160 # 54 230
================================================================================
NOTES:
# LAST OF SEVERAL OCCURRENCES
COLUMN 17 PEAK WIND IN M.P.H.
PRELIMINARY LOCAL CLIMATOLOGICAL DATA (WS FORM: F-6) , PAGE 2
STATION: FRENCHVILLE ME
MONTH: SEPTEMBER
YEAR: 2020
LATITUDE: 47 16 N
LONGITUDE: 68 19 W
[TEMPERATURE DATA] [PRECIPITATION DATA] SYMBOLS USED IN COLUMN 16
AVERAGE MONTHLY: 54.8 TOTAL FOR MONTH: 1.25 1 = FOG OR MIST
DPTR FM NORMAL: 1.2 DPTR FM NORMAL: -2.27 2 = FOG REDUCING VISIBILITY
HIGHEST: 80 ON 29 GRTST 24HR 0.37 ON 9- 9 TO 1/4 MILE OR LESS
LOWEST: 28 ON 18 3 = THUNDER
SNOW, ICE PELLETS, HAIL 4 = ICE PELLETS
TOTAL MONTH: M 5 = HAIL
GRTST 24HR M ON M 6 = FREEZING RAIN OR DRIZZLE
GRTST DEPTH: M ON M 7 = DUSTSTORM OR SANDSTORM:
VSBY 1/2 MILE OR LESS
8 = SMOKE OR HAZE
[NO. OF DAYS WITH] [WEATHER - DAYS WITH] 9 = BLOWING SNOW
X = TORNADO
MAX 32 OR BELOW: 0 0.01 INCH OR MORE: 11
MAX 90 OR ABOVE: 0 0.10 INCH OR MORE: 5
MIN 32 OR BELOW: 4 0.50 INCH OR MORE: 0
MIN 0 OR BELOW: 0 1.00 INCH OR MORE: 0
[HDD (BASE 65) ]
TOTAL THIS MO. 309 CLEAR (SCALE 0-3) 15
DPTR FM NORMAL -43 PTCLDY (SCALE 4-7) 10
TOTAL FM JUL 1 421 CLOUDY (SCALE 8-10) 5
DPTR FM NORMAL -123
[CDD (BASE 65) ]
TOTAL THIS MO. 10
DPTR FM NORMAL 0 [PRESSURE DATA]
TOTAL FM JAN 1 375 HIGHEST SLP 30.65 ON 21
DPTR FM NORMAL 241 LOWEST SLP 29.23 ON 30
[REMARKS]
#FINAL-09-20#