000
CXUS52 KMFL 031547
CF6FXE
PRELIMINARY LOCAL CLIMATOLOGICAL DATA (WS FORM: F-6)
STATION: FORT LAUDERDALE EXEC ARPT
MONTH: JUNE
YEAR: 2023
LATITUDE: 26 12 N
LONGITUDE: 80 11 W
TEMPERATURE IN F: :PCPN: SNOW: WIND :SUNSHINE: SKY :PK WND
================================================================================
1 2 3 4 5 6A 6B 7 8 9 10 11 12 13 14 15 16 17 18
12Z AVG MX 2MIN
DY MAX MIN AVG DEP HDD CDD WTR SNW DPTH SPD SPD DIR MIN PSBL S-S WX SPD DR
================================================================================
1 89 73 81 0 0 16 0.27 0.0 0 3.8 15 200 M M 2 3 19 190
2 90 71 81 0 0 16 0.40 0.0 0 2.4 18 230 M M 3 13 23 230
3 89 71 80 -1 0 15 0.50 0.0 0 4.1 28 170 M M 2 13 37 180
4 88 73 81 -1 0 16 0.25 0.0 0 6.9 20 90 M M 3 3 22 90
5 90 74 82 0 0 17 0.00 0.0 0 7.6 18 60 M M 4 3 23 40
6 84 74 79 -3 0 14 T 0.0 0 8.3 18 80 M M 6 3 25 80
7 90 76 83 1 0 18 0.15 0.0 0 3.9 15 190 M M 2 13 20 200
8 91 74 83 1 0 18 0.80 0.0 0 7.2 25 170 M M 3 138 34 230
9 90 73 82 0 0 17 1.01 M M 5.6 30 250 M M 3 138 40 240
10 91 74 83 1 0 18 T 0.0 0 5.4 16 270 M M 2 3 23 270
11 90 75 83 1 0 18 0.35 M M 5.7 23 200 M M 2 13 28 210
12 90 77 84 2 0 19 0.15 0.0 0 5.8 23 170 M M 3 13 32 180
13 92 72 82 0 0 17 1.47 0.0 0 5.8 24 30 M M 2 13 33 20
14 91 75 83 1 0 18 0.02 0.0 0 5.4 20 130 M M 2 3 23 130
15 92 78 85 3 0 20 0.00 0.0 0 6.4 17 150 M M 1 23 150
16 95 79 87 5 0 22 0.00 0.0 0 8.3 22 320 M M 2 3 32 270
17 94 74 84 2 0 19 0.42 0.0 0 7.7 23 200 M M 3 13 35 200
18 92 73 83 0 0 18 0.21 0.0 0 9.8 33 270 M M 2 13 42 270
19 94 74 84 1 0 19 0.28 0.0 0 8.0 25 150 M M 3 13 31 150
20 91 71 81 -2 0 16 0.78 M M 7.5 30 250 M M 4 138 37 260
21 91 71 81 -2 0 16 T M M 5.9 18 140 M M 2 3 22 140
22 91 76 84 1 0 19 0.01 M M 6.6 15 130 M M 2 3 18 140
23 93 80 87 4 0 22 T M M 5.0 18 110 M M 2 3 22 110
24 92 74 83 0 0 18 0.59 0.0 0 5.4 20 290 M M 4 13 31 280
25 91 74 83 0 0 18 1.67 0.0 0 2.4 22 130 M M 2 138 28 130
26 89 75 82 -1 0 17 0.43 0.0 0 2.9 13 80 M M 2 13 16 120
27 93 77 85 2 0 20 0.00 0.0 0 5.5 15 140 M M 2 19 130
28 95 74 85 2 0 20 0.81 0.0 0 6.8 20 320 M M 2 13 24 330
29 92 77 85 2 0 20 T 0.0 0 3.4 17 170 M M 4 3 22 160
30 91 79 85 2 0 20 0.18 0.0 0 3.8 14 110 M M 3 13 19 50
================================================================================
SM 2731 2238 0 541 10.75 0.0 173.3 M 79
================================================================================
AV 91.0 74.6 5.8 FASTST M M 3 MAX(MPH)
MISC ----> 33 270 42 270
================================================================================
NOTES:
# LAST OF SEVERAL OCCURRENCES
COLUMN 17 PEAK WIND IN M.P.H.
PRELIMINARY LOCAL CLIMATOLOGICAL DATA (WS FORM: F-6) , PAGE 2
STATION: FORT LAUDERDALE EXEC ARPT
MONTH: JUNE
YEAR: 2023
LATITUDE: 26 12 N
LONGITUDE: 80 11 W
[TEMPERATURE DATA] [PRECIPITATION DATA] SYMBOLS USED IN COLUMN 16
AVERAGE MONTHLY: 82.8 TOTAL FOR MONTH: 10.75 1 = FOG OR MIST
DPTR FM NORMAL: 0.4 DPTR FM NORMAL: 4.18 2 = FOG REDUCING VISIBILITY
HIGHEST: 95 ON 28,16 GRTST 24HR 2.26 ON 24-25 TO 1/4 MILE OR LESS
LOWEST: 71 ON 21,20 3 = THUNDER
SNOW, ICE PELLETS, HAIL 4 = ICE PELLETS
TOTAL MONTH: 0.0 INCH 5 = HAIL
GRTST 24HR 0.0 6 = FREEZING RAIN OR DRIZZLE
GRTST DEPTH: 0 7 = DUSTSTORM OR SANDSTORM:
VSBY 1/2 MILE OR LESS
8 = SMOKE OR HAZE
[NO. OF DAYS WITH] [WEATHER - DAYS WITH] 9 = BLOWING SNOW
X = TORNADO
MAX 32 OR BELOW: 0 0.01 INCH OR MORE: 21
MAX 90 OR ABOVE: 25 0.10 INCH OR MORE: 19
MIN 32 OR BELOW: 0 0.50 INCH OR MORE: 8
MIN 0 OR BELOW: 0 1.00 INCH OR MORE: 3
[HDD (BASE 65) ]
TOTAL THIS MO. 0 CLEAR (SCALE 0-3) 24
DPTR FM NORMAL 0 PTCLDY (SCALE 4-7) 6
TOTAL FM JUL 1 81 CLOUDY (SCALE 8-10) 0
DPTR FM NORMAL -65
[CDD (BASE 65) ]
TOTAL THIS MO. 541
DPTR FM NORMAL 21 [PRESSURE DATA]
TOTAL FM JAN 1 2317 HIGHEST SLP 30.07 ON 23
DPTR FM NORMAL 471 LOWEST SLP 29.64 ON 4
[REMARKS]
#FINAL-06-23#