000
CXUS52 KMFL 011130
CF6FXE
PRELIMINARY LOCAL CLIMATOLOGICAL DATA (WS FORM: F-6)
STATION: FORT LAUDERDALE EXEC ARPT
MONTH: NOVEMBER
YEAR: 2021
LATITUDE: 26 12 N
LONGITUDE: 80 11 W
TEMPERATURE IN F: :PCPN: SNOW: WIND :SUNSHINE: SKY :PK WND
================================================================================
1 2 3 4 5 6A 6B 7 8 9 10 11 12 13 14 15 16 17 18
12Z AVG MX 2MIN
DY MAX MIN AVG DEP HDD CDD WTR SNW DPTH SPD SPD DIR MIN PSBL S-S WX SPD DR
================================================================================
1 80 67 74 -2 0 9 0.05 0.0 0 6.0 13 340 M M 7 16 300
2 82 70 76 0 0 11 1.35 0.0 0 5.7 14 80 M M 9 1 18 50
3 84 71 78 2 0 13 T M M 7.1 17 90 M M 6 23 80
4 81 71 76 0 0 11 1.09 0.0 0 5.4 21 110 M M 7 1 25 120
5 78 71 75 -1 0 10 2.28 0.0 0 5.5 20 100 M M 8 13 25 100
6 75 61 68 -7 0 3 T 0.0 0 9.4 21 310 M M 3 1 28 310
7 76 56 66 -9 0 1 0.00 0.0 0 10.0 22 280 M M 2 31 290
8 78 62 70 -5 0 5 0.00 0.0 0 8.3 15 320 M M 1 21 340
9 82 62 72 -3 0 7 0.00 0.0 0 6.4 16 70 M M 6 22 80
10 83 67 75 0 0 10 0.10 0.0 0 5.4 17 90 M M 6 1 22 100
11 84 73 79 5 0 14 0.01 M M 9.3 18 110 M M 4 22 110
12 83 73 78 4 0 13 0.03 M M 2.5 8 310 M M 4 11 130
13 86 69 78 4 0 13 0.00 M M 4.3 12 320 M M 1 1 15 330
14 77 63 70 -4 0 5 0.00 M M 5.6 10 330 M M 0 14 320
15 79 58 69 -5 0 4 0.00 0.0 M 6.3 15 40 M M 1 21 30
16 81 63 72 -2 0 7 0.00 0.0 M 9.1 18 60 M M 2 26 60
17 82 74 78 4 0 13 0.00 0.0 M 13.5 21 80 M M 6 25 70
18 83 75 79 6 0 14 0.42 0.0 M 11.2 18 80 M M 7 1 23 90
19 82 71 77 4 0 12 2.28 0.0 0 8.8 18 60 M M 9 1 28 10
20 82 73 78 5 0 13 0.02 0.0 M 13.7 24 60 M M 8 1 31 60
21 82 74 78 5 0 13 0.09 0.0 M 9.2 18 60 M M 7 1 27 60
22 85 64 75 2 0 10 0.08 0.0 0 5.5 22 310 M M 5 1 29 310
23 73 58 66 -7 0 1 0.00 0.0 0 10.2 17 340 M M 0 26 350
24 76 56 66 -7 0 1 T 0.0 0 8.9 17 40 M M 6 24 40
25 79 66 73 1 0 8 T 0.0 0 5.9 17 80 M M 8 20 50
26 79 62 71 -1 0 6 0.00 0.0 0 4.3 13 270 M M 2 17 310
27 76 61 69 -3 0 4 0.00 0.0 0 4.0 13 270 M M 0 16 270
28 77 57 67 -5 0 2 0.00 0.0 0 3.8 10 340 M M 0 13 280
29 74 56 65 -7 0 0 0.00 M M 5.9 15 330 M M 3 20 330
30 78 56 67 -5 0 2 0.00 M M 3.2 10 100 M M 1 15 310
================================================================================
SM 2397 1960 0 235 7.80 0.0 214.4 M 129
================================================================================
AV 79.9 65.3 7.1 FASTST M M 4 MAX(MPH)
MISC ----> 24 60 # 31 290
================================================================================
NOTES:
# LAST OF SEVERAL OCCURRENCES
COLUMN 17 PEAK WIND IN M.P.H.
PRELIMINARY LOCAL CLIMATOLOGICAL DATA (WS FORM: F-6) , PAGE 2
STATION: FORT LAUDERDALE EXEC ARPT
MONTH: NOVEMBER
YEAR: 2021
LATITUDE: 26 12 N
LONGITUDE: 80 11 W
[TEMPERATURE DATA] [PRECIPITATION DATA] SYMBOLS USED IN COLUMN 16
AVERAGE MONTHLY: 72.6 TOTAL FOR MONTH: 7.80 1 = FOG OR MIST
DPTR FM NORMAL: -1.3 DPTR FM NORMAL: 3.80 2 = FOG REDUCING VISIBILITY
HIGHEST: 86 ON 13 GRTST 24HR 3.33 ON 4- 5 TO 1/4 MILE OR LESS
LOWEST: 56 ON 30,29 3 = THUNDER
SNOW, ICE PELLETS, HAIL 4 = ICE PELLETS
TOTAL MONTH: 0.0 INCH 5 = HAIL
GRTST 24HR 0.0 6 = FREEZING RAIN OR DRIZZLE
GRTST DEPTH: 0 7 = DUSTSTORM OR SANDSTORM:
VSBY 1/2 MILE OR LESS
8 = SMOKE OR HAZE
[NO. OF DAYS WITH] [WEATHER - DAYS WITH] 9 = BLOWING SNOW
X = TORNADO
MAX 32 OR BELOW: 0 0.01 INCH OR MORE: 12
MAX 90 OR ABOVE: 0 0.10 INCH OR MORE: 6
MIN 32 OR BELOW: 0 0.50 INCH OR MORE: 4
MIN 0 OR BELOW: 0 1.00 INCH OR MORE: 4
[HDD (BASE 65) ]
TOTAL THIS MO. 0 CLEAR (SCALE 0-3) 13
DPTR FM NORMAL -6 PTCLDY (SCALE 4-7) 15
TOTAL FM JUL 1 0 CLOUDY (SCALE 8-10) 2
DPTR FM NORMAL 0
[CDD (BASE 65) ]
TOTAL THIS MO. 235
DPTR FM NORMAL -38 [PRESSURE DATA]
TOTAL FM JAN 1 4439 HIGHEST SLP 30.22 ON 24
DPTR FM NORMAL 161 LOWEST SLP 29.80 ON 6
[REMARKS]
#FINAL-11-21#