000
CXUS52 KMFL 011000
CF6FXE
PRELIMINARY LOCAL CLIMATOLOGICAL DATA (WS FORM: F-6)
STATION: FORT LAUDERDALE EXEC ARPT
MONTH: SEPTEMBER
YEAR: 2020
LATITUDE: 26 12 N
LONGITUDE: 80 11 W
TEMPERATURE IN F: :PCPN: SNOW: WIND :SUNSHINE: SKY :PK WND
================================================================================
1 2 3 4 5 6A 6B 7 8 9 10 11 12 13 14 15 16 17 18
12Z AVG MX 2MIN
DY MAX MIN AVG DEP HDD CDD WTR SNW DPTH SPD SPD DIR MIN PSBL S-S WX SPD DR
================================================================================
1 92 78 85 2 0 20 T 0.0 0 6.9 17 90 M M 1 21 100
2 91 81 86 3 0 21 T 0.0 0 10.1 16 80 M M 3 23 90
3 92 83 88 5 0 23 T 0.0 0 10.1 17 110 M M 4 23 90
4 93 82 88 6 0 23 T 0.0 0 8.6 17 80 M M 3 24 80
5 93 75 84 2 0 19 0.04 0.0 0 7.2 17 140 M M 3 18 22 140
6 90 74 82 0 0 17 0.81 0.0 0 4.2 23 90 M M 4 13 28 90
7 90 76 83 1 0 18 0.04 0.0 0 6.4 21 130 M M 2 1 24 130
8 89 75 82 0 0 17 0.82 0.0 0 6.8 18 110 M M 5 1 22 120
9 87 76 82 0 0 17 0.45 0.0 0 3.0 15 130 M M 3 13 18 130
10 88 77 83 1 0 18 0.14 0.0 0 4.4 21 90 M M 4 1 27 90
11 90 77 84 2 0 19 0.14 0.0 0 8.1 21 80 M M 4 1 25 70
12 85 74 80 -2 0 15 1.65 0.0 0 14.5 29 140 M M 7 1 42 140
13 87 73 80 -2 0 15 0.86 0.0 0 8.1 20 200 M M 4 1 28 200
14 91 79 85 3 0 20 0.00 0.0 0 8.2 16 170 M M 3 21 160
15 90 79 85 3 0 20 0.01 0.0 0 7.3 15 110 M M 3 19 90
16 91 81 86 4 0 21 0.00 0.0 0 8.8 16 140 M M 2 3 27 130
17 92 79 86 4 0 21 0.23 0.0 0 5.7 18 200 M M 2 23 190
18 94 79 87 5 0 22 T 0.0 0 5.6 16 140 M M 3 22 140
19 94 78 86 4 0 21 0.07 0.0 0 3.6 12 140 M M 2 15 80
20 92 79 86 4 0 21 0.04 0.0 0 4.6 15 30 M M 4 13 22 10
21 83 76 80 -2 0 15 0.78 0.0 0 13.1 26 70 M M 7 1 36 70
22 88 79 84 2 0 19 T 0.0 0 14.0 23 80 M M 7 31 70
23 88 77 83 1 0 18 0.00 0.0 0 8.8 18 80 M M 2 24 90
24 86 77 82 0 0 17 0.90 0.0 0 10.8 21 100 M M 7 1 25 100
25 91 77 84 2 0 19 0.68 0.0 0 4.7 16 190 M M 3 1 22 150
26 92 77 85 3 0 20 0.03 0.0 0 4.1 14 270 M M 2 13 17 270
27 90 76 83 1 0 18 0.02 0.0 0 5.4 15 80 M M 2 18 90
28 92 79 86 5 0 21 T 0.0 0 5.4 16 130 M M 3 3 21 120
29 90 78 84 3 0 19 0.07 0.0 0 6.5 17 150 M M 3 1 24 160
30 89 76 83 2 0 18 0.20 0.0 0 4.0 15 80 M M 5 13 19 310
================================================================================
SM 2700 2327 0 572 7.98 0.0 219.0 M 107
================================================================================
AV 90.0 77.6 7.3 FASTST M M 4 MAX(MPH)
MISC ----> # 29 140 # 42 140
================================================================================
NOTES:
# LAST OF SEVERAL OCCURRENCES
COLUMN 17 PEAK WIND IN M.P.H.
PRELIMINARY LOCAL CLIMATOLOGICAL DATA (WS FORM: F-6) , PAGE 2
STATION: FORT LAUDERDALE EXEC ARPT
MONTH: SEPTEMBER
YEAR: 2020
LATITUDE: 26 12 N
LONGITUDE: 80 11 W
[TEMPERATURE DATA] [PRECIPITATION DATA] SYMBOLS USED IN COLUMN 16
AVERAGE MONTHLY: 83.8 TOTAL FOR MONTH: 7.98 1 = FOG OR MIST
DPTR FM NORMAL: 1.7 DPTR FM NORMAL: -0.28 2 = FOG REDUCING VISIBILITY
HIGHEST: 94 ON 19,18 GRTST 24HR 1.65 ON 12-12 TO 1/4 MILE OR LESS
LOWEST: 73 ON 13 3 = THUNDER
SNOW, ICE PELLETS, HAIL 4 = ICE PELLETS
TOTAL MONTH: 0.0 INCH 5 = HAIL
GRTST 24HR 0.0 6 = FREEZING RAIN OR DRIZZLE
GRTST DEPTH: 0 7 = DUSTSTORM OR SANDSTORM:
VSBY 1/2 MILE OR LESS
8 = SMOKE OR HAZE
[NO. OF DAYS WITH] [WEATHER - DAYS WITH] 9 = BLOWING SNOW
X = TORNADO
MAX 32 OR BELOW: 0 0.01 INCH OR MORE: 20
MAX 90 OR ABOVE: 20 0.10 INCH OR MORE: 12
MIN 32 OR BELOW: 0 0.50 INCH OR MORE: 7
MIN 0 OR BELOW: 0 1.00 INCH OR MORE: 1
[HDD (BASE 65) ]
TOTAL THIS MO. 0 CLEAR (SCALE 0-3) 15
DPTR FM NORMAL 0 PTCLDY (SCALE 4-7) 15
TOTAL FM JUL 1 0 CLOUDY (SCALE 8-10) 0
DPTR FM NORMAL 0
[CDD (BASE 65) ]
TOTAL THIS MO. 572
DPTR FM NORMAL 61 [PRESSURE DATA]
TOTAL FM JAN 1 3890 HIGHEST SLP 30.10 ON 5
DPTR FM NORMAL 546 LOWEST SLP 29.74 ON 12
[REMARKS]
#FINAL-09-20#