000
CXUS54 KOUN 010910
CF6GAG
PRELIMINARY LOCAL CLIMATOLOGICAL DATA (WS FORM: F-6)
STATION: GAGE
MONTH: JANUARY
YEAR: 2023
LATITUDE: 36 17 N
LONGITUDE: 99 46 W
TEMPERATURE IN F: :PCPN: SNOW: WIND :SUNSHINE: SKY :PK WND
================================================================================
1 2 3 4 5 6A 6B 7 8 9 10 11 12 13 14 15 16 17 18
12Z AVG MX 2MIN
DY MAX MIN AVG DEP HDD CDD WTR SNW DPTH SPD SPD DIR MIN PSBL S-S WX SPD DR
================================================================================
1 63 36 50 14 15 0 0.00 M M 6.8 17 260 M M 0 21 240
2 64 31 48 12 17 0 0.08 M M 7.2 25 300 M M 4 123 32 190
3 46 30 38 2 27 0 0.00 M M 10.8 23 310 M M 2 1 30 300
4 52 21 37 1 28 0 0.00 M M 7.9 18 320 M M 1 25 330
5 53 19 36 0 29 0 0.00 M M 8.1 15 170 M M 0 17 160
6 74 33 54 18 11 0 0.00 M M 13.5 26 180 M M 0 33 170
7 53 22 38 2 27 0 0.00 M M 8.4 17 350 M M 0 21 340
8 63 19 41 5 24 0 0.00 M M 10.6 24 180 M M 0 31 170
9 65 31 48 12 17 0 0.00 M M 10.2 24 200 M M 0 30 180
10 76 28 52 16 13 0 0.00 M M 8.0 21 260 M M 0 25 250
11 73 31 52 16 13 0 0.00 M M 15.0 40 250 M M 3 8 54 250
12 53 23 38 2 27 0 0.00 M M 12.7 30 360 M M 3 39 350
13 62 18 40 4 25 0 0.00 M M 7.5 21 170 M M 0 28 170
14 63 36 50 14 15 0 0.00 M M 23.6 35 180 M M 0 42 180
15 66 46 56 20 9 0 0.00 M M 20.3 32 230 M M 1 41 230
16 62 31 47 11 18 0 0.00 0.0 M 8.9 23 230 M M 0 30 230
17 67 26 47 10 18 0 T 0.0 0 7.1 23 160 M M 1 27 150
18 58 32 45 8 20 0 0.09 0.0 M 15.6 28 300 M M 2 1 37 280
19 54 22 38 1 27 0 0.00 M M 9.5 28 300 M M 0 33 310
20 57 17 37 0 28 0 0.00 M M 6.4 20 150 M M 0 26 170
21 48 30 39 2 26 0 0.01 M M 10.7 23 340 M M 7 32 330
22 47 14 31 -6 34 0 0.00 M M 8.1 17 350 M M 2 22 340
23 52 13 33 -4 32 0 0.00 M M 4.3 10 160 M M 1 14 210
24 37 29 33 -4 32 0 0.30 M M 6.2 18 180 M M 10 12 22 330
25 41 26 34 -3 31 0 0.00 M M 9.5 16 330 M M 5 21 340
26 49 22 36 -1 29 0 0.00 M M 11.6 23 300 M M 1 28 310
27 57 23 40 3 25 0 0.00 M M 10.5 22 180 M M 0 26 180
28 59 24 42 5 23 0 0.00 M M 12.3 25 20 M M 2 1 32 10
29 24 12 18 -19 47 0 T M M 15.6 23 360 M M 10 18 29 360
30 20 10 15 -22 50 0 0.00 M M 11.4 17 10 M M 10 22 20
31 29 11 20 -17 45 0 T M M 6.8 14 340 M M 5 8 18 20
================================================================================
SM 1687 766 782 0 0.48 0.0 325.1 M 70
================================================================================
AV 54.4 24.7 10.5 FASTST M M 2 MAX(MPH)
MISC ----> 40 250 54 250
================================================================================
NOTES:
# LAST OF SEVERAL OCCURRENCES
COLUMN 17 PEAK WIND IN M.P.H.
PRELIMINARY LOCAL CLIMATOLOGICAL DATA (WS FORM: F-6) , PAGE 2
STATION: GAGE
MONTH: JANUARY
YEAR: 2023
LATITUDE: 36 17 N
LONGITUDE: 99 46 W
[TEMPERATURE DATA] [PRECIPITATION DATA] SYMBOLS USED IN COLUMN 16
AVERAGE MONTHLY: 39.6 TOTAL FOR MONTH: 0.48 1 = FOG OR MIST
DPTR FM NORMAL: 3.0 DPTR FM NORMAL: -0.08 2 = FOG REDUCING VISIBILITY
HIGHEST: 76 ON 10 GRTST 24HR 0.67 ON 24-24 TO 1/4 MILE OR LESS
LOWEST: 10 ON 30 3 = THUNDER
SNOW, ICE PELLETS, HAIL 4 = ICE PELLETS
TOTAL MONTH: 0.0 INCH 5 = HAIL
GRTST 24HR 0.0 6 = FREEZING RAIN OR DRIZZLE
GRTST DEPTH: 0 7 = DUSTSTORM OR SANDSTORM:
VSBY 1/2 MILE OR LESS
8 = SMOKE OR HAZE
[NO. OF DAYS WITH] [WEATHER - DAYS WITH] 9 = BLOWING SNOW
X = TORNADO
MAX 32 OR BELOW: 3 0.01 INCH OR MORE: 4
MAX 90 OR ABOVE: 0 0.10 INCH OR MORE: 1
MIN 32 OR BELOW: 27 0.50 INCH OR MORE: 0
MIN 0 OR BELOW: 0 1.00 INCH OR MORE: 0
[HDD (BASE 65) ]
TOTAL THIS MO. 782 CLEAR (SCALE 0-3) 24
DPTR FM NORMAL -100 PTCLDY (SCALE 4-7) 4
TOTAL FM JUL 1 2443 CLOUDY (SCALE 8-10) 3
DPTR FM NORMAL -78
[CDD (BASE 65) ]
TOTAL THIS MO. 0
DPTR FM NORMAL 0 [PRESSURE DATA]
TOTAL FM JAN 1 0 HIGHEST SLP 30.50 ON 31
DPTR FM NORMAL 0 LOWEST SLP 29.41 ON 15
[REMARKS]
#FINAL-01-23#