712
CXUS56 KFGZ 010900
CF6GCN
PRELIMINARY LOCAL CLIMATOLOGICAL DATA (WS FORM: F-6)
STATION: GRAND CANYON AZ AIRPORT
MONTH: APRIL
YEAR: 2020
LATITUDE: 35 57 N
LONGITUDE: 112 9 W
TEMPERATURE IN F: :PCPN: SNOW: WIND :SUNSHINE: SKY :PK WND
================================================================================
1 2 3 4 5 6A 6B 7 8 9 10 11 12 13 14 15 16 17 18
12Z AVG MX 2MIN
DY MAX MIN AVG DEP HDD CDD WTR SNW DPTH SPD SPD DIR MIN PSBL S-S WX SPD DR
================================================================================
1 64 28 46 6 19 0 0.00 M M 12.5 29 210 M M 0 39 200
2 59 24 42 2 23 0 0.00 M M 11.4 25 220 M M 0 34 220
3 61 18 40 0 25 0 0.00 M M 5.0 22 210 M M 2 29 220
4 61 20 41 1 24 0 0.00 M M 9.3 28 210 M M 1 36 210
5 60 24 42 2 23 0 0.00 M M 11.3 30 210 M M 1 39 230
6 60 23 42 2 23 0 0.00 M M 11.1 31 200 M M 0 44 210
7 61 19 40 -1 25 0 0.00 M M 7.0 23 220 M M 0 34 210
8 62 24 43 2 22 0 0.24 M M 8.2 24 210 M M 5 1 35 170
9 50 26 38 -3 27 0 0.01 M M 5.6 18 220 M M 4 24 220
10 55 21 38 -3 27 0 0.00 M M 3.5 16 200 M M 2 23 200
11 57 22 40 -1 25 0 0.00 M M 4.6 14 270 M M 2 20 260
12 57 34 46 5 19 0 0.10 M M 8.1 22 250 M M 7 13 30 260
13 50 25 38 -4 27 0 0.26 M M 6.2 23 230 M M 6 1 30 280
14 50 18 34 -8 31 0 0.00 M M 4.6 17 330 M M 1 29 210
15 59 17 38 -4 27 0 0.00 M M 4.8 17 260 M M 0 26 240
16 64 22 43 1 22 0 0.00 M M 8.8 24 220 M M 1 33 220
17 63 24 44 2 21 0 0.00 M M 7.8 20 220 M M 2 27 220
18 56 28 42 -1 23 0 0.03 M M 7.4 28 220 M M 6 1 35 220
19 62 24 43 0 22 0 0.00 M M 6.9 23 220 M M 2 30 230
20 64 32 48 5 17 0 0.00 M M 5.6 22 200 M M 5 29 220
21 56 29 43 0 22 0 0.00 M M 5.4 20 270 M M 4 28 250
22 65 28 47 3 18 0 0.00 M M 4.6 18 300 M M 1 24 290
23 69 27 48 4 17 0 0.00 M 0 4.7 20 260 M M 0 35 250
24 70 28 49 5 16 0 0.00 M M 4.4 15 260 M M 0 24 320
25 72 29 51 7 14 0 0.00 M M 4.6 16 50 M M 0 18 290
26 76 32 54 9 11 0 0.00 M M 6.9 23 210 M M 0 32 220
27 77 31 54 9 11 0 0.00 M M 6.1 23 220 M M 0 32 220
28 78 32 55 10 10 0 0.00 M M 3.7 15 310 M M 0 22 40
29 82 34 58 12 7 0 0.00 M M 5.2 20 210 M M 0 24 210
30 79 37 58 12 7 0 0.00 M M 8.6 26 220 M M 0 45 230
================================================================================
SM 1899 780 605 0 0.64 M 203.9 M 52
================================================================================
AV 63.3 26.0 6.8 FASTST M M 2 MAX(MPH)
MISC ----> # 31 200 # 45 230
================================================================================
NOTES:
# LAST OF SEVERAL OCCURRENCES
COLUMN 17 PEAK WIND IN M.P.H.
PRELIMINARY LOCAL CLIMATOLOGICAL DATA (WS FORM: F-6) , PAGE 2
STATION: GRAND CANYON AZ AIRPORT
MONTH: APRIL
YEAR: 2020
LATITUDE: 35 57 N
LONGITUDE: 112 9 W
[TEMPERATURE DATA] [PRECIPITATION DATA] SYMBOLS USED IN COLUMN 16
AVERAGE MONTHLY: 44.7 TOTAL FOR MONTH: 0.64 1 = FOG OR MIST
DPTR FM NORMAL: 2.4 DPTR FM NORMAL: -0.32 2 = FOG REDUCING VISIBILITY
HIGHEST: 82 ON 29 GRTST 24HR 0.26 ON 13-13 TO 1/4 MILE OR LESS
LOWEST: 17 ON 15 3 = THUNDER
SNOW, ICE PELLETS, HAIL 4 = ICE PELLETS
TOTAL MONTH: M 5 = HAIL
GRTST 24HR M ON M 6 = FREEZING RAIN OR DRIZZLE
GRTST DEPTH: 0 7 = DUSTSTORM OR SANDSTORM:
VSBY 1/2 MILE OR LESS
8 = SMOKE OR HAZE
[NO. OF DAYS WITH] [WEATHER - DAYS WITH] 9 = BLOWING SNOW
X = TORNADO
MAX 32 OR BELOW: 0 0.01 INCH OR MORE: 5
MAX 90 OR ABOVE: 0 0.10 INCH OR MORE: 3
MIN 32 OR BELOW: 27 0.50 INCH OR MORE: 0
MIN 0 OR BELOW: 0 1.00 INCH OR MORE: 0
[HDD (BASE 65) ]
TOTAL THIS MO. 605 CLEAR (SCALE 0-3) 23
DPTR FM NORMAL -76 PTCLDY (SCALE 4-7) 7
TOTAL FM JUL 1 6133 CLOUDY (SCALE 8-10) 0
DPTR FM NORMAL -436
[CDD (BASE 65) ]
TOTAL THIS MO. 0
DPTR FM NORMAL 0 [PRESSURE DATA]
TOTAL FM JAN 1 0 HIGHEST SLP M ON M
DPTR FM NORMAL 0 LOWEST SLP 29.66 ON 2
[REMARKS]
#FINAL-04-20#