000
CXUS54 KFWD 010837
CF6GDJ
PRELIMINARY LOCAL CLIMATOLOGICAL DATA (WS FORM: F-6)
STATION: GRANBURY
MONTH: FEBRUARY
YEAR: 2024
LATITUDE: 32 26 N
LONGITUDE: 97 48 W
TEMPERATURE IN F: :PCPN: SNOW: WIND :SUNSHINE: SKY :PK WND
================================================================================
1 2 3 4 5 6A 6B 7 8 9 10 11 12 13 14 15 16 17 18
12Z AVG MX 2MIN
DY MAX MIN AVG DEP HDD CDD WTR SNW DPTH SPD SPD DIR MIN PSBL S-S WX SPD DR
================================================================================
1 74 45 60 15 5 0 0.00 M M 7.9 15 200 M M 1 21 200
2 64 52 58 13 7 0 0.58 M M 8.9 29 250 M M 8 3 36 250
3 66 46 56 11 9 0 0.00 M M 8.1 16 230 M M 3 28 230
4 63 41 52 7 13 0 0.01 M M 11.1 25 320 M M 6 32 320
5 60 43 52 6 13 0 0.00 M M 12.1 21 340 M M 4 32 340
6 66 33 50 4 15 0 0.00 M M 2.6 8 130 M M 0 M M
7 65 47 56 10 9 0 0.00 M M 9.8 17 150 M M 1 25 150
8 66 53 60 14 5 0 0.00 M M 9.6 13 260 M M 1 18 180
9 70 47 59 13 6 0 0.00 M M 3.9 13 250 M M 1 17 230
10 58 51 55 9 10 0 1.29 M M 4.9 10 100 M M 9 3 28 0
11 53 38 46 -1 19 0 0.47 M M 11.5 15 320 M M 10 24 310
12 55 35 45 -2 20 0 0.00 M M 11.5 20 300 M M 4 24 300
13 65 29 47 0 18 0 0.00 M M 4.4 12 200 M M 0 17 200
14 67 41 54 7 11 0 0.00 M M 8.3 18 210 M M 1 25 210
15 70 46 58 10 7 0 0.00 M M 4.0 10 170 M M 0 M M
16 69 40 55 7 10 0 0.00 M M 11.1 20 310 M M 0 29 310
17 45 33 39 -9 26 0 0.00 M M 13.6 18 350 M M 4 24 360
18 53 25 39 -9 26 0 0.00 M M 3.5 9 330 M M 1 16 330
19 69 36 53 4 12 0 0.00 M M 7.0 15 190 M M 0 22 200
20 82 36 59 10 6 0 0.00 M M 6.8 16 190 M M 0 23 190
21 82 54 68 19 0 3 0.00 M M 11.7 21 170 M M 0 30 170
22 78 56 67 18 0 2 0.00 M M 9.9 20 330 M M 0 24 330
23 69 45 57 7 8 0 0.00 M M 7.0 10 350 M M 0 21 340
24 77 37 57 7 8 0 0.00 M M 4.6 13 220 M M 0 16 220
25 85 51 68 18 0 3 0.00 M M 8.7 18 230 M M 0 24 230
26 93 47 70 20 0 5 0.00 M M 7.6 17 230 M M 0 24 240
27 77 62 70 19 0 5 0.00 M M 8.2 13 210 M M 0 17 190
28 72 38 55 4 10 0 0.00 M M 12.8 29 330 M M 0 32 330
29 54 38 46 -5 19 0 0.03 M M 5.7 13 90 M M 8 18 120
================================================================================
SM 1967 1245 292 18 2.38 M 236.6 M 62
================================================================================
AV 67.8 42.9 8.2 FASTST M M 2 MAX(MPH)
MISC ----> # 29 250 36 250
================================================================================
NOTES:
# LAST OF SEVERAL OCCURRENCES
COLUMN 17 PEAK WIND IN M.P.H.
PRELIMINARY LOCAL CLIMATOLOGICAL DATA (WS FORM: F-6) , PAGE 2
STATION: GRANBURY
MONTH: FEBRUARY
YEAR: 2024
LATITUDE: 32 26 N
LONGITUDE: 97 48 W
[TEMPERATURE DATA] [PRECIPITATION DATA] SYMBOLS USED IN COLUMN 16
AVERAGE MONTHLY: 55.4 TOTAL FOR MONTH: 2.38 1 = FOG OR MIST
DPTR FM NORMAL: 7.8 DPTR FM NORMAL: M 2 = FOG REDUCING VISIBILITY
HIGHEST: 93 ON 26 GRTST 24HR 1.29 ON 10-10 TO 1/4 MILE OR LESS
LOWEST: 25 ON 18 3 = THUNDER
SNOW, ICE PELLETS, HAIL 4 = ICE PELLETS
TOTAL MONTH: M 5 = HAIL
GRTST 24HR M ON M 6 = FREEZING RAIN OR DRIZZLE
GRTST DEPTH: M ON M 7 = DUSTSTORM OR SANDSTORM:
VSBY 1/2 MILE OR LESS
8 = SMOKE OR HAZE
[NO. OF DAYS WITH] [WEATHER - DAYS WITH] 9 = BLOWING SNOW
X = TORNADO
MAX 32 OR BELOW: 0 0.01 INCH OR MORE: 5
MAX 90 OR ABOVE: 1 0.10 INCH OR MORE: 3
MIN 32 OR BELOW: 2 0.50 INCH OR MORE: 2
MIN 0 OR BELOW: 0 1.00 INCH OR MORE: 1
[HDD (BASE 65) ]
TOTAL THIS MO. 292 CLEAR (SCALE 0-3) 20
DPTR FM NORMAL -199 PTCLDY (SCALE 4-7) 7
TOTAL FM JUL 1 1851 CLOUDY (SCALE 8-10) 2
DPTR FM NORMAL -412
[CDD (BASE 65) ]
TOTAL THIS MO. 18
DPTR FM NORMAL 14 [PRESSURE DATA]
TOTAL FM JAN 1 18 HIGHEST SLP M ON M
DPTR FM NORMAL 14 LOWEST SLP M ON M
[REMARKS]
#FINAL-02-24#