000
CXUS51 KPHI 011838
CF6GED
PRELIMINARY LOCAL CLIMATOLOGICAL DATA (WS FORM: F-6)
STATION: GEORGETOWN DE
MONTH: FEBRUARY
YEAR: 2024
LATITUDE: 38 41 N
LONGITUDE: 75 22 W
TEMPERATURE IN F: :PCPN: SNOW: WIND :SUNSHINE: SKY :PK WND
================================================================================
1 2 3 4 5 6A 6B 7 8 9 10 11 12 13 14 15 16 17 18
12Z AVG MX 2MIN
DY MAX MIN AVG DEP HDD CDD WTR SNW DPTH SPD SPD DIR MIN PSBL S-S WX SPD DR
================================================================================
1 52 26 39 2 26 0 0.00 M M 4.0 13 230 M M 1 1 17 230
2 45 41 43 6 22 0 T M M 5.2 15 10 M M 10 1 21 10
3 46 28 37 0 28 0 0.00 M M 5.8 15 40 M M 3 20 50
4 48 28 38 1 27 0 0.00 M M 3.9 14 40 M M 0 17 50
5 47 25 36 -2 29 0 0.00 M M 3.4 14 40 M M 1 16 20
6 43 27 35 -3 30 0 0.00 M M 7.3 17 50 M M 0 22 40
7 48 28 38 0 27 0 0.00 M M 4.6 16 40 M M 0 20 50
8 54 25 40 2 25 0 0.00 M M 3.0 10 180 M M 0 15 320
9 59 32 46 8 19 0 T M M 7.0 14 230 M M 1 17 230
10 63 43 53 15 12 0 0.00 M M 6.9 17 200 M M 0 22 200
11 54 43 49 11 16 0 0.01 M M 3.7 13 60 M M 8 1 20 140
12 49 40 45 7 20 0 0.08 M M 4.4 14 90 M M 10 1 19 100
13 44 35 40 2 25 0 0.77 M M 10.7 25 40 M M 7 1 34 50
14 43 27 35 -4 30 0 0.00 M M 6.5 17 300 M M 3 27 290
15 46 24 35 -4 30 0 0.00 M M 4.5 17 170 M M 0 21 180
16 45 33 39 0 26 0 0.00 M M 7.3 16 280 M M 0 24 300
17 40 27 34 -5 31 0 0.11 M M 7.0 20 310 M M 7 1 32 300
18 43 20 32 -7 33 0 0.00 M M 7.0 20 230 M M 0 26 240
19 47 23 35 -5 30 0 0.00 M M 3.0 13 40 M M 0 19 50
20 45 23 34 -6 31 0 0.00 M M 4.7 14 70 M M 1 20 50
21 46 22 34 -6 31 0 0.00 M M 4.6 15 50 M M 3 21 60
22 51 23 37 -3 28 0 0.00 M M 7.0 16 200 M M 2 21 160
23 51 36 44 4 21 0 0.07 M M 4.9 13 200 M M 6 12 17 220
24 48 31 40 0 25 0 0.02 M M 5.0 13 20 M M 5 12 17 360
25 44 25 35 -6 30 0 0.00 M M 5.4 10 190 M M 0 14 190
26 62 30 46 5 19 0 0.00 M M 7.4 16 200 M M 2 24 210
27 68 43 56 15 9 0 0.05 M M 12.4 28 210 M M 4 33 200
28 67 47 57 16 8 0 0.41 M M 16.7 29 210 M M 8 1 40 220
29 47 28 38 -3 27 0 0.00 M M 7.6 21 300 M M 0 34 300
================================================================================
SM 1445 883 715 0 1.52 M 180.9 M 82
================================================================================
AV 49.8 30.4 6.2 FASTST M M 3 MAX(MPH)
MISC ----> 29 210 40 220
================================================================================
NOTES:
# LAST OF SEVERAL OCCURRENCES
COLUMN 17 PEAK WIND IN M.P.H.
PRELIMINARY LOCAL CLIMATOLOGICAL DATA (WS FORM: F-6) , PAGE 2
STATION: GEORGETOWN DE
MONTH: FEBRUARY
YEAR: 2024
LATITUDE: 38 41 N
LONGITUDE: 75 22 W
[TEMPERATURE DATA] [PRECIPITATION DATA] SYMBOLS USED IN COLUMN 16
AVERAGE MONTHLY: 40.1 TOTAL FOR MONTH: 1.52 1 = FOG OR MIST
DPTR FM NORMAL: 1.2 DPTR FM NORMAL: -1.06 2 = FOG REDUCING VISIBILITY
HIGHEST: 68 ON 27 GRTST 24HR 0.77 ON 13-13 TO 1/4 MILE OR LESS
LOWEST: 20 ON 18 3 = THUNDER
SNOW, ICE PELLETS, HAIL 4 = ICE PELLETS
TOTAL MONTH: M 5 = HAIL
GRTST 24HR M ON M 6 = FREEZING RAIN OR DRIZZLE
GRTST DEPTH: M ON M 7 = DUSTSTORM OR SANDSTORM:
VSBY 1/2 MILE OR LESS
8 = SMOKE OR HAZE
[NO. OF DAYS WITH] [WEATHER - DAYS WITH] 9 = BLOWING SNOW
X = TORNADO
MAX 32 OR BELOW: 0 0.01 INCH OR MORE: 8
MAX 90 OR ABOVE: 0 0.10 INCH OR MORE: 3
MIN 32 OR BELOW: 20 0.50 INCH OR MORE: 1
MIN 0 OR BELOW: 0 1.00 INCH OR MORE: 0
[HDD (BASE 65) ]
TOTAL THIS MO. 715 CLEAR (SCALE 0-3) 20
DPTR FM NORMAL -16 PTCLDY (SCALE 4-7) 6
TOTAL FM JUL 1 2918 CLOUDY (SCALE 8-10) 3
DPTR FM NORMAL -184
[CDD (BASE 65) ]
TOTAL THIS MO. 0
DPTR FM NORMAL 0 [PRESSURE DATA]
TOTAL FM JAN 1 0 HIGHEST SLP 30.51 ON 29
DPTR FM NORMAL 0 LOWEST SLP 29.32 ON 13
[REMARKS]
#FINAL-02-24#