000
CXUS55 KRIW 011010
CF6GEY
PRELIMINARY LOCAL CLIMATOLOGICAL DATA (WS FORM: F-6)
STATION: GREYBULL WY
MONTH: MAY
YEAR: 2022
LATITUDE: 44 30 N
LONGITUDE: 108 4 W
TEMPERATURE IN F: :PCPN: SNOW: WIND :SUNSHINE: SKY :PK WND
================================================================================
1 2 3 4 5 6A 6B 7 8 9 10 11 12 13 14 15 16 17 18
12Z AVG MX 2MIN
DY MAX MIN AVG DEP HDD CDD WTR SNW DPTH SPD SPD DIR MIN PSBL S-S WX SPD DR
================================================================================
1 55 39 47 -4 18 0 0.01 M M 6.9 16 310 M M 6 22 320
2 63 43 53 1 12 0 0.00 M M 7.6 17 130 M M 6 26 130
3 61 44 53 1 12 0 T M M 15.4 29 330 M M 6 36 320
4 69 45 57 5 8 0 0.00 M M 5.6 22 330 M M 6 29 320
5 74 40 57 4 8 0 0.00 M M 6.3 16 140 M M 0 24 140
6 76 55 66 13 0 1 0.00 M M 10.9 28 320 M M 3 37 320
7 70 45 58 4 7 0 0.00 M M 12.7 35 270 M M 0 45 260
8 63 35 49 -5 16 0 0.00 M M 8.0 20 320 M M 2 31 320
9 51 35 43 -11 22 0 0.00 M M 10.1 31 290 M M 7 39 280
10 67 28 48 -7 17 0 0.00 M M 9.3 26 290 M M 2 32 290
11 70 47 59 4 6 0 0.03 M M 9.6 24 330 M M 5 30 340
12 50 44 47 -9 18 0 0.12 M M 11.1 30 310 M M 9 1 40 300
13 64 38 51 -5 14 0 0.05 M M 10.8 33 280 M M 3 3 45 280
14 67 41 54 -2 11 0 0.06 M M 6.1 28 340 M M 2 39 340
15 73 39 56 -1 9 0 0.00 M M 4.9 12 100 M M 0 16 100
16 79 47 63 6 2 0 T M M 10.2 30 330 M M 2 37 330
17 78 51 65 7 0 0 0.04 M M 5.3 24 210 M M 3 3 32 220
18 77 46 62 4 3 0 0.00 M M 7.9 24 310 M M 1 33 310
19 66 41 54 -4 11 0 T M M 16.6 38 340 M M 4 53 350
20 51 33 42 -17 23 0 T M M 23.9 44 330 M M 5 18 56 340
21 56 32 44 -15 21 0 0.00 M M 6.6 18 330 M M 5 24 330
22 63 31 47 -12 18 0 0.00 M M 6.1 25 270 M M 2 33 270
23 67 44 56 -4 9 0 0.00 M M 6.4 17 350 M M 5 24 360
24 63 43 53 -7 12 0 0.21 M M 5.8 24 90 M M 3 3 30 100
25 75 38 57 -3 8 0 0.00 M M 3.4 13 150 M M 2 15 150
26 84 43 64 3 1 0 0.00 M M 5.2 22 260 M M 0 31 260
27 83 57 70 9 0 5 T M M 7.6 28 300 M M 2 33 300
28 71 49 60 -1 5 0 0.05 M M 7.1 23 330 M M 9 28 330
29 70 43 57 -5 8 0 0.03 M M 8.2 22 330 M M 6 123 27 330
30 53 48 51 -11 14 0 0.35 M M 20.5 39 340 M M 10 1 52 340
31 61 43 52 -10 13 0 0.00 M M 18.7 37 340 M M 3 45 330
================================================================================
SM 2070 1307 326 6 0.95 M 294.8 M 119
================================================================================
AV 66.8 42.2 9.5 FASTST M M 4 MAX(MPH)
MISC ----> 44 330 56 340
================================================================================
NOTES:
# LAST OF SEVERAL OCCURRENCES
COLUMN 17 PEAK WIND IN M.P.H.
PRELIMINARY LOCAL CLIMATOLOGICAL DATA (WS FORM: F-6) , PAGE 2
STATION: GREYBULL WY
MONTH: MAY
YEAR: 2022
LATITUDE: 44 30 N
LONGITUDE: 108 4 W
[TEMPERATURE DATA] [PRECIPITATION DATA] SYMBOLS USED IN COLUMN 16
AVERAGE MONTHLY: 54.5 TOTAL FOR MONTH: 0.95 1 = FOG OR MIST
DPTR FM NORMAL: -2.5 DPTR FM NORMAL: -0.38 2 = FOG REDUCING VISIBILITY
HIGHEST: 84 ON 26 GRTST 24HR 0.37 ON 29-30 TO 1/4 MILE OR LESS
LOWEST: 28 ON 10 3 = THUNDER
SNOW, ICE PELLETS, HAIL 4 = ICE PELLETS
TOTAL MONTH: M 5 = HAIL
GRTST 24HR M ON M 6 = FREEZING RAIN OR DRIZZLE
GRTST DEPTH: M ON M 7 = DUSTSTORM OR SANDSTORM:
VSBY 1/2 MILE OR LESS
8 = SMOKE OR HAZE
[NO. OF DAYS WITH] [WEATHER - DAYS WITH] 9 = BLOWING SNOW
X = TORNADO
MAX 32 OR BELOW: 0 0.01 INCH OR MORE: 10
MAX 90 OR ABOVE: 0 0.10 INCH OR MORE: 3
MIN 32 OR BELOW: 3 0.50 INCH OR MORE: 0
MIN 0 OR BELOW: 0 1.00 INCH OR MORE: 0
[HDD (BASE 65) ]
TOTAL THIS MO. 326 CLEAR (SCALE 0-3) 16
DPTR FM NORMAL 55 PTCLDY (SCALE 4-7) 12
TOTAL FM JUL 1 7222 CLOUDY (SCALE 8-10) 3
DPTR FM NORMAL -264
[CDD (BASE 65) ]
TOTAL THIS MO. 6
DPTR FM NORMAL -17 [PRESSURE DATA]
TOTAL FM JAN 1 6 HIGHEST SLP 30.29 ON 21
DPTR FM NORMAL -18 LOWEST SLP 29.34 ON 8
[REMARKS]
#FINAL-05-22#