000
CXUS54 KSHV 011400
CF6GGG
PRELIMINARY LOCAL CLIMATOLOGICAL DATA (WS FORM: F-6)
STATION: LONGVIEW
MONTH: FEBRUARY
YEAR: 2022
LATITUDE: 32 22 N
LONGITUDE: 94 43 W
TEMPERATURE IN F: :PCPN: SNOW: WIND :SUNSHINE: SKY :PK WND
================================================================================
1 2 3 4 5 6A 6B 7 8 9 10 11 12 13 14 15 16 17 18
12Z AVG MX 2MIN
DY MAX MIN AVG DEP HDD CDD WTR SNW DPTH SPD SPD DIR MIN PSBL S-S WX SPD DR
================================================================================
1 71 42 57 8 8 0 0.04 0.0 0 4.1 10 130 M M 7 1 12 140
2 64 37 51 2 14 0 0.88 0.0 0 6.9 20 340 M M 10 18 26 330
3 38 26 32 -17 33 0 0.97 T 0 11.7 18 320 M M 10 146 25 50
4 32 23 28 -21 37 0 0.01 T T 10.3 18 310 M M 8 1 21 310
5 50 20 35 -14 30 0 0.00 0.0 0 2.7 8 140 M M 0 10 150
6 56 21 39 -10 26 0 0.00 0.0 0 2.3 12 230 M M 0 1 17 200
7 60 25 43 -7 22 0 0.00 0.0 0 5.4 18 320 M M 0 24 320
8 65 26 46 -4 19 0 0.00 0.0 0 5.6 14 210 M M 0 19 250
9 71 34 53 3 12 0 0.00 0.0 0 2.8 12 310 M M 0 19 320
10 73 30 52 2 13 0 0.00 0.0 0 3.6 10 300 M M 0 13 250
11 74 42 58 8 7 0 0.00 0.0 0 9.9 21 230 M M 0 26 230
12 55 27 41 -10 24 0 0.17 0.0 0 8.8 21 350 M M 4 1 28 30
13 60 21 41 -10 24 0 0.00 0.0 0 5.6 16 270 M M 0 20 270
14 71 29 50 -1 15 0 0.00 0.0 0 5.6 15 200 M M 0 24 180
15 72 34 53 2 12 0 0.00 0.0 0 11.6 22 200 M M 2 30 200
16 79 59 69 18 0 4 T 0.0 0 15.7 26 170 M M 9 35 170
17 69 33 51 -1 14 0 0.44 0.0 0 16.5 36 300 M M 10 13 45 300
18 54 29 42 -10 23 0 0.00 0.0 0 5.0 14 340 M M 2 18 340
19 65 27 46 -6 19 0 0.00 0.0 0 3.1 10 60 M M 0 14 70
20 70 36 53 1 12 0 0.00 0.0 0 9.2 22 200 M M 2 28 200
21 83 57 70 17 0 5 0.01 0.0 0 12.7 32 200 M M 7 12 44 200
22 81 45 63 10 2 0 T 0.0 0 13.8 28 190 M M 7 39 180
23 45 33 39 -14 26 0 0.18 0.0 0 8.4 13 350 M M 10 1 17 350
24 38 33 36 -17 29 0 0.01 0.0 0 7.0 18 330 M M 10 1 23 330
25 43 30 37 -17 28 0 0.00 0.0 0 8.7 17 340 M M 10 22 350
26 40 33 37 -17 28 0 1.06 0.0 0 5.5 12 50 M M 10 13 16 30
27 57 35 46 -8 19 0 T 0.0 0 6.2 16 320 M M 6 1 24 320
28 67 27 47 -7 18 0 0.00 0.0 0 1.9 7 360 M M 0 11 210
================================================================================
SM 1703 914 514 9 3.77 T 210.6 M 124
================================================================================
AV 60.8 32.6 7.5 FASTST M M 4 MAX(MPH)
MISC ----> 36 300 45 300
================================================================================
NOTES:
# LAST OF SEVERAL OCCURRENCES
COLUMN 17 PEAK WIND IN M.P.H.
PRELIMINARY LOCAL CLIMATOLOGICAL DATA (WS FORM: F-6) , PAGE 2
STATION: LONGVIEW
MONTH: FEBRUARY
YEAR: 2022
LATITUDE: 32 22 N
LONGITUDE: 94 43 W
[TEMPERATURE DATA] [PRECIPITATION DATA] SYMBOLS USED IN COLUMN 16
AVERAGE MONTHLY: 46.7 TOTAL FOR MONTH: 3.77 1 = FOG OR MIST
DPTR FM NORMAL: -4.6 DPTR FM NORMAL: -0.03 2 = FOG REDUCING VISIBILITY
HIGHEST: 83 ON 21 GRTST 24HR 1.85 ON 2- 3 TO 1/4 MILE OR LESS
LOWEST: 20 ON 5 3 = THUNDER
SNOW, ICE PELLETS, HAIL 4 = ICE PELLETS
TOTAL MONTH: T 5 = HAIL
GRTST 24HR T ON 3- 3 6 = FREEZING RAIN OR DRIZZLE
GRTST DEPTH: T 7 = DUSTSTORM OR SANDSTORM:
VSBY 1/2 MILE OR LESS
8 = SMOKE OR HAZE
[NO. OF DAYS WITH] [WEATHER - DAYS WITH] 9 = BLOWING SNOW
X = TORNADO
MAX 32 OR BELOW: 1 0.01 INCH OR MORE: 10
MAX 90 OR ABOVE: 0 0.10 INCH OR MORE: 6
MIN 32 OR BELOW: 14 0.50 INCH OR MORE: 3
MIN 0 OR BELOW: 0 1.00 INCH OR MORE: 1
[HDD (BASE 65) ]
TOTAL THIS MO. 514 CLEAR (SCALE 0-3) 14
DPTR FM NORMAL 118 PTCLDY (SCALE 4-7) 6
TOTAL FM JUL 1 1573 CLOUDY (SCALE 8-10) 8
DPTR FM NORMAL -234
[CDD (BASE 65) ]
TOTAL THIS MO. 9
DPTR FM NORMAL -2 [PRESSURE DATA]
TOTAL FM JAN 1 9 HIGHEST SLP 30.64 ON 5
DPTR FM NORMAL -1 LOWEST SLP 29.71 ON 17
[REMARKS]
#FINAL-02-22#