000
CXUS55 KGJT 010910
CF6GJT
PRELIMINARY LOCAL CLIMATOLOGICAL DATA (WS FORM: F-6)
STATION: GRAND JUNCTION CO
MONTH: AUGUST
YEAR: 2021
LATITUDE: 39 7 N
LONGITUDE: 108 32 W
TEMPERATURE IN F: :PCPN: SNOW: WIND :SUNSHINE: SKY :PK WND
================================================================================
1 2 3 4 5 6A 6B 7 8 9 10 11 12 13 14 15 16 17 18
12Z AVG MX 2MIN
DY MAX MIN AVG DEP HDD CDD WTR SNW DPTH SPD SPD DIR MIN PSBL S-S WX SPD DR
================================================================================
1 88 63 76 -3 0 11 0.00 0.0 0 10.3 24 130 M M 3 29 110
2 88 65 77 -2 0 12 T 0.0 0 6.5 21 240 M M 4 3 27 240
3 92 63 78 -1 0 13 0.00 0.0 0 7.0 22 320 M M 2 28 330
4 93 65 79 0 0 14 0.00 0.0 0 6.7 15 20 M M 1 22 310
5 95 62 79 1 0 14 0.00 0.0 0 9.5 17 90 M M 0 21 90
6 100 68 84 6 0 19 0.00 0.0 0 12.4 31 250 M M 0 8 37 250
7 87 56 72 -6 0 7 0.00 0.0 0 5.9 17 320 M M 3 8 22 300
8 95 59 77 -1 0 12 0.00 0.0 0 8.5 17 110 M M 0 8 21 110
9 98 61 80 2 0 15 0.00 0.0 0 8.8 20 320 M M 0 8 29 340
10 97 62 80 2 0 15 0.00 0.0 0 8.0 24 340 M M 0 8 29 340
11 96 56 76 -1 0 11 0.00 0.0 0 6.2 21 300 M M 0 28 300
12 98 57 78 1 0 13 0.00 0.0 0 8.6 17 110 M M 0 21 290
13 99 64 82 5 0 17 0.00 0.0 0 7.9 20 140 M M 0 27 160
14 98 71 85 8 0 20 0.00 0.0 0 10.2 29 320 M M 0 35 340
15 97 68 83 6 0 18 0.00 0.0 0 9.8 31 300 M M 0 8 39 300
16 94 73 84 8 0 19 0.00 0.0 0 9.5 20 130 M M 0 8 24 140
17 95 65 80 4 0 15 0.00 0.0 0 9.5 29 240 M M 1 47 250
18 87 61 74 -2 0 9 0.47 0.0 0 9.5 29 110 M M 6 38 37 280
19 67 53 60 -16 5 0 0.93 0.0 0 9.4 23 220 M M 9 13 32 190
20 73 49 61 -15 4 0 0.00 0.0 0 7.2 17 120 M M 0 24 150
21 85 53 69 -6 0 4 0.11 0.0 0 11.8 26 190 M M 2 3 39 210
22 88 61 75 0 0 10 0.00 0.0 0 7.9 15 100 M M 0 19 110
23 91 62 77 2 0 12 T 0.0 0 9.2 23 200 M M 2 29 180
24 92 59 76 1 0 11 0.00 0.0 0 8.2 18 120 M M 0 22 120
25 93 58 76 2 0 11 0.00 0.0 0 9.5 22 130 M M 0 30 120
26 87 64 76 2 0 11 0.04 0.0 0 12.1 31 150 M M 2 3 42 150
27 93 63 78 4 0 13 0.00 0.0 0 12.7 25 130 M M 0 30 130
28 94 59 77 3 0 12 0.00 0.0 0 7.4 21 80 M M 0 23 80
29 94 58 76 3 0 11 0.00 0.0 0 8.0 15 300 M M 0 20 300
30 93 60 77 4 0 12 0.00 0.0 0 8.1 17 130 M M 0 20 130
31 95 62 79 6 0 14 T 0.0 0 8.1 16 130 M M 0 19 120
================================================================================
SM 2842 1900 9 375 1.55 0.0 274.4 M 35
================================================================================
AV 91.7 61.3 8.9 FASTST M M 1 MAX(MPH)
MISC ----> # 31 250 47 250
================================================================================
NOTES:
# LAST OF SEVERAL OCCURRENCES
COLUMN 17 PEAK WIND IN M.P.H.
PRELIMINARY LOCAL CLIMATOLOGICAL DATA (WS FORM: F-6) , PAGE 2
STATION: GRAND JUNCTION CO
MONTH: AUGUST
YEAR: 2021
LATITUDE: 39 7 N
LONGITUDE: 108 32 W
[TEMPERATURE DATA] [PRECIPITATION DATA] SYMBOLS USED IN COLUMN 16
AVERAGE MONTHLY: 76.5 TOTAL FOR MONTH: 1.55 1 = FOG OR MIST
DPTR FM NORMAL: 0.2 DPTR FM NORMAL: 0.63 2 = FOG REDUCING VISIBILITY
HIGHEST: 100 ON 6 GRTST 24HR 1.34 ON 18-19 TO 1/4 MILE OR LESS
LOWEST: 49 ON 20 3 = THUNDER
SNOW, ICE PELLETS, HAIL 4 = ICE PELLETS
TOTAL MONTH: 0.0 INCH 5 = HAIL
GRTST 24HR 0.0 6 = FREEZING RAIN OR DRIZZLE
GRTST DEPTH: 0 7 = DUSTSTORM OR SANDSTORM:
VSBY 1/2 MILE OR LESS
8 = SMOKE OR HAZE
[NO. OF DAYS WITH] [WEATHER - DAYS WITH] 9 = BLOWING SNOW
X = TORNADO
MAX 32 OR BELOW: 0 0.01 INCH OR MORE: 4
MAX 90 OR ABOVE: 22 0.10 INCH OR MORE: 3
MIN 32 OR BELOW: 0 0.50 INCH OR MORE: 1
MIN 0 OR BELOW: 0 1.00 INCH OR MORE: 0
[HDD (BASE 65) ]
TOTAL THIS MO. 9 CLEAR (SCALE 0-3) 27
DPTR FM NORMAL 8 PTCLDY (SCALE 4-7) 3
TOTAL FM JUL 1 9 CLOUDY (SCALE 8-10) 1
DPTR FM NORMAL 9
[CDD (BASE 65) ]
TOTAL THIS MO. 375
DPTR FM NORMAL 25 [PRESSURE DATA]
TOTAL FM JAN 1 1344 HIGHEST SLP M ON M
DPTR FM NORMAL 238 LOWEST SLP 29.54 ON 17
[REMARKS]
#FINAL-08-21#