000
CXUS53 KGLD 060500
CF6GLD
PRELIMINARY LOCAL CLIMATOLOGICAL DATA (WS FORM: F-6)
STATION: GOODLAND KS
MONTH: MARCH
YEAR: 2020
LATITUDE: 39 22 N
LONGITUDE: 101 42 W
TEMPERATURE IN F: :PCPN: SNOW: WIND :SUNSHINE: SKY :PK WND
================================================================================
1 2 3 4 5 6A 6B 7 8 9 10 11 12 13 14 15 16 17 18
12Z AVG MX 2MIN
DY MAX MIN AVG DEP HDD CDD WTR SNW DPTH SPD SPD DIR MIN PSBL S-S WX SPD DR
================================================================================
1 57 30 44 8 21 0 0.00 0.0 0 11.6 20 30 M M 0 28 360
2 55 26 41 4 24 0 0.00 0.0 0 9.5 22 190 M M 4 30 240
3 59 22 41 4 24 0 0.00 0.0 0 11.1 25 220 M M 0 33 230
4 65 23 44 7 21 0 0.00 0.0 0 16.1 29 210 M M 0 39 200
5 55 24 40 3 25 0 0.00 0.0 0 11.6 26 350 M M 0 36 10
6 72 31 52 14 13 0 0.00 0.0 0 15.4 22 190 M M 0 34 180
7 75 31 53 15 12 0 0.00 0.0 0 13.7 23 190 M M 0 30 180
8 76 39 58 20 7 0 0.00 0.0 0 12.3 31 30 M M 2 41 360
9 59 34 47 8 18 0 0.04 T 0 12.7 33 10 M M 5 1 45 20
10 68 30 49 10 16 0 0.00 0.0 0 8.9 17 50 M M 2 1 25 50
11 73 30 52 13 13 0 0.00 0.0 0 12.4 22 250 M M 0 39 250
12 55 28 42 2 23 0 0.00 0.0 0 12.7 23 20 M M 2 32 10
13 36 28 32 -8 33 0 0.15 0.7 0 16.0 29 130 M M 10 126 41 130
14 32 28 30 -10 35 0 0.01 T 1 11.5 20 130 M M 10 16 27 130
15 35 29 32 -8 33 0 T 0.0 T 14.8 24 160 M M 10 126 29 170
16 43 34 39 -2 26 0 0.00 0.0 0 8.8 15 60 M M 10 1 20 60
17 41 32 37 -4 28 0 0.01 0.0 0 14.4 29 170 M M 10 12 35 170
18 55 40 48 7 17 0 0.00 0.0 0 8.5 21 120 M M 8 12 29 120
19 61 23 42 0 23 0 0.01 T T 16.7 40 350 M M 6 136 61 350
20 36 16 26 -16 39 0 T T T 12.5 29 360 M M 3 1 38 350
21 56 17 37 -5 28 0 0.00 0.0 0 13.0 24 190 M M 1 28 190
22 57 29 43 1 22 0 0.13 0.0 0 9.4 31 340 M M 2 13 40 340
23 64 31 48 5 17 0 0.02 0.0 0 12.0 25 160 M M 2 1 32 160
24 70 37 54 11 11 0 T 0.0 0 10.4 18 180 M M 2 1 24 170
25 76 37 57 14 8 0 0.00 0.0 0 11.5 23 180 M M 0 29 180
26 59 35 47 4 18 0 0.00 0.0 0 9.9 18 110 M M 6 12 25 130
27 52 39 46 2 19 0 0.18 0.0 0 7.6 17 40 M M 10 13 21 30
28 49 32 41 -3 24 0 0.25 T 0 22.0 41 330 M M 6 1 56 340
29 62 27 45 1 20 0 0.00 0.0 0 9.7 18 200 M M 2 29 160
30 64 37 51 7 14 0 0.21 0.0 0 14.0 25 160 M M 6 1358 32 150
31 70 35 53 8 12 0 0.00 0.0 0 12.5 21 220 M M 1 1 31 180
================================================================================
SM 1787 934 644 0 1.01 0.7 383.2 M 120
================================================================================
AV 57.7 30.1 12.4 FASTST M M 4 MAX(MPH)
MISC ----> # 41 330 # 61 350
================================================================================
NOTES:
# LAST OF SEVERAL OCCURRENCES
COLUMN 17 PEAK WIND IN M.P.H.
PRELIMINARY LOCAL CLIMATOLOGICAL DATA (WS FORM: F-6) , PAGE 2
STATION: GOODLAND KS
MONTH: MARCH
YEAR: 2020
LATITUDE: 39 22 N
LONGITUDE: 101 42 W
[TEMPERATURE DATA] [PRECIPITATION DATA] SYMBOLS USED IN COLUMN 16
AVERAGE MONTHLY: 43.9 TOTAL FOR MONTH: 1.01 1 = FOG OR MIST
DPTR FM NORMAL: 3.4 DPTR FM NORMAL: -0.06 2 = FOG REDUCING VISIBILITY
HIGHEST: 76 ON 25, 8 GRTST 24HR 0.25 ON 28-28 TO 1/4 MILE OR LESS
LOWEST: 16 ON 20 3 = THUNDER
SNOW, ICE PELLETS, HAIL 4 = ICE PELLETS
TOTAL MONTH: 0.7 INCH 5 = HAIL
GRTST 24HR 0.7 ON 13-13 6 = FREEZING RAIN OR DRIZZLE
GRTST DEPTH: 1 ON 14 7 = DUSTSTORM OR SANDSTORM:
VSBY 1/2 MILE OR LESS
8 = SMOKE OR HAZE
[NO. OF DAYS WITH] [WEATHER - DAYS WITH] 9 = BLOWING SNOW
X = TORNADO
MAX 32 OR BELOW: 1 0.01 INCH OR MORE: 10
MAX 90 OR ABOVE: 0 0.10 INCH OR MORE: 5
MIN 32 OR BELOW: 21 0.50 INCH OR MORE: 0
MIN 0 OR BELOW: 0 1.00 INCH OR MORE: 0
[HDD (BASE 65) ]
TOTAL THIS MO. 644 CLEAR (SCALE 0-3) 18
DPTR FM NORMAL -114 PTCLDY (SCALE 4-7) 7
TOTAL FM JUL 1 4880 CLOUDY (SCALE 8-10) 6
DPTR FM NORMAL -295
[CDD (BASE 65) ]
TOTAL THIS MO. 0
DPTR FM NORMAL 0 [PRESSURE DATA]
TOTAL FM JAN 1 0 HIGHEST SLP 30.65 ON 20
DPTR FM NORMAL 0 LOWEST SLP 29.43 ON 19
[REMARKS]
#FINAL-03-20#