000
CXUS53 KAPX 010830
CF6GLR
PRELIMINARY LOCAL CLIMATOLOGICAL DATA (WS FORM: F-6)
STATION: GAYLORD
MONTH: FEBRUARY
YEAR: 2023
LATITUDE: 45 0 N
LONGITUDE: 84 42 W
TEMPERATURE IN F: :PCPN: SNOW: WIND :SUNSHINE: SKY :PK WND
================================================================================
1 2 3 4 5 6A 6B 7 8 9 10 11 12 13 14 15 16 17 18
12Z AVG MX 2MIN
DY MAX MIN AVG DEP HDD CDD WTR SNW DPTH SPD SPD DIR MIN PSBL S-S WX SPD DR
================================================================================
1 24 11 18 2 47 0 T M M 12.7 22 250 M M 9 8 33 240
2 26 6 16 0 49 0 0.02 M M 12.8 25 250 M M 10 18 35 250
3 9 -1 4 -12 61 0 0.04 M M 5.9 17 300 M M 10 8 29 270
4 29 5 17 0 48 0 T M M 14.4 24 200 M M 10 8 34 190
5 32 20 26 9 39 0 0.00 M M 7.9 17 250 M M 9 18 23 250
6 28 19 24 7 41 0 0.00 M M 8.7 20 150 M M 6 29 150
7 38 26 32 15 33 0 0.10 M M 14.4 26 260 M M 8 168 39 260
8 47 20 34 17 31 0 0.00 M M 5.2 14 240 M M 1 18 19 230
9 34 27 31 14 34 0 0.68 M M 5.4 16 50 M M 6 128 27 30
10 33 22 28 11 37 0 0.03 M M 10.4 20 290 M M 10 1 32 310
11 43 13 28 11 37 0 0.00 M M 12.3 29 240 M M 2 43 250
12 46 24 35 17 30 0 0.00 M M 4.8 15 250 M M 0 20 250
13 40 23 32 14 33 0 0.00 M M 6.1 15 250 M M 1 23 290
14 49 26 38 20 27 0 0.04 M M 9.3 21 160 M M 2 32 170
15 45 24 35 17 30 0 0.03 M M 16.1 38 240 M M 10 1 53 250
16 24 18 21 3 44 0 0.10 M M 7.2 17 40 M M 10 18 27 290
17 19 10 15 -3 50 0 0.01 M M 7.7 16 210 M M 7 24 210
18 34 16 25 6 40 0 0.00 M M 11.4 28 240 M M 4 18 39 230
19 45 25 35 16 30 0 0.00 M M 14.3 30 240 M M 6 38 250
20 33 24 29 10 36 0 T M M 5.6 16 170 M M 9 23 170
21 32 19 26 6 39 0 0.04 M M 10.4 25 260 M M 10 18 41 260
22 24 17 21 1 44 0 0.12 M M 9.3 17 60 M M 10 35 50
23 22 12 17 -3 48 0 0.09 M M 8.9 18 50 M M 10 18 33 40
24 17 6 12 -8 53 0 T M M 3.8 12 300 M M 9 8 19 290
25 29 11 20 -1 45 0 0.06 M M 10.3 24 230 M M 9 18 35 250
26 28 10 19 -2 46 0 T M M 10.0 26 250 M M 3 8 37 240
27 29 9 19 -2 46 0 0.18 M M 7.8 16 80 M M 6 1 31 100
28 39 21 30 8 35 0 0.01 M M 7.8 23 250 M M 6 18 32 250
================================================================================
SM 898 463 1133 0 1.55 M 260.9 M 193
================================================================================
AV 32.1 16.5 9.3 FASTST M M 7 MAX(MPH)
MISC ----> 38 240 53 250
================================================================================
NOTES:
# LAST OF SEVERAL OCCURRENCES
COLUMN 17 PEAK WIND IN M.P.H.
PRELIMINARY LOCAL CLIMATOLOGICAL DATA (WS FORM: F-6) , PAGE 2
STATION: GAYLORD
MONTH: FEBRUARY
YEAR: 2023
LATITUDE: 45 0 N
LONGITUDE: 84 42 W
[TEMPERATURE DATA] [PRECIPITATION DATA] SYMBOLS USED IN COLUMN 16
AVERAGE MONTHLY: 24.3 TOTAL FOR MONTH: 1.55 1 = FOG OR MIST
DPTR FM NORMAL: 6.0 DPTR FM NORMAL: 0.46 2 = FOG REDUCING VISIBILITY
HIGHEST: 49 ON 14 GRTST 24HR 0.71 ON 9-10 TO 1/4 MILE OR LESS
LOWEST: -1 ON 3 3 = THUNDER
SNOW, ICE PELLETS, HAIL 4 = ICE PELLETS
TOTAL MONTH: M 5 = HAIL
GRTST 24HR M ON M 6 = FREEZING RAIN OR DRIZZLE
GRTST DEPTH: M ON M 7 = DUSTSTORM OR SANDSTORM:
VSBY 1/2 MILE OR LESS
8 = SMOKE OR HAZE
[NO. OF DAYS WITH] [WEATHER - DAYS WITH] 9 = BLOWING SNOW
X = TORNADO
MAX 32 OR BELOW: 15 0.01 INCH OR MORE: 15
MAX 90 OR ABOVE: 0 0.10 INCH OR MORE: 5
MIN 32 OR BELOW: 28 0.50 INCH OR MORE: 1
MIN 0 OR BELOW: 1 1.00 INCH OR MORE: 0
[HDD (BASE 65) ]
TOTAL THIS MO. 1133 CLEAR (SCALE 0-3) 6
DPTR FM NORMAL -173 PTCLDY (SCALE 4-7) 7
TOTAL FM JUL 1 4942 CLOUDY (SCALE 8-10) 15
DPTR FM NORMAL -1002
[CDD (BASE 65) ]
TOTAL THIS MO. 0
DPTR FM NORMAL 0 [PRESSURE DATA]
TOTAL FM JAN 1 0 HIGHEST SLP 30.64 ON 24
DPTR FM NORMAL 0 LOWEST SLP 29.30 ON 21
[REMARKS]
#FINAL-02-23#