000
CXUS53 KAPX 010830
CF6GLR
PRELIMINARY LOCAL CLIMATOLOGICAL DATA (WS FORM: F-6)
STATION: GAYLORD
MONTH: NOVEMBER
YEAR: 2022
LATITUDE: 45 0 N
LONGITUDE: 84 42 W
TEMPERATURE IN F: :PCPN: SNOW: WIND :SUNSHINE: SKY :PK WND
================================================================================
1 2 3 4 5 6A 6B 7 8 9 10 11 12 13 14 15 16 17 18
12Z AVG MX 2MIN
DY MAX MIN AVG DEP HDD CDD WTR SNW DPTH SPD SPD DIR MIN PSBL S-S WX SPD DR
================================================================================
1 66 34 50 11 15 0 0.00 M M 3.3 17 250 M M 0 18 21 250
2 69 34 52 13 13 0 0.00 M M 5.7 17 170 M M 0 22 190
3 72 49 61 22 4 0 0.00 M M 11.4 23 220 M M 0 33 220
4 67 57 62 24 3 0 0.77 M M 11.4 22 210 M M 4 1 31 220
5 63 47 55 17 10 0 0.65 M M 16.8 37 210 M M 10 1 58 210
6 55 42 49 11 16 0 T M M 17.0 28 220 M M 3 8 40 250
7 49 38 44 7 21 0 0.00 M M 10.5 29 240 M M 6 42 260
8 47 26 37 0 28 0 0.00 M M 6.9 15 150 M M 0 20 120
9 60 34 47 11 18 0 T M M 11.8 17 190 M M 5 26 220
10 77 57 67 31 0 2 0.00 M M 13.2 26 220 M M 2 40 220
11 63 34 49 13 16 0 0.02 M M 9.9 18 250 M M 9 1 26 190
12 35 29 32 -3 33 0 0.05 M M 5.4 13 280 M M 10 18 19 280
13 30 27 29 -6 36 0 0.01 M M 4.0 10 260 M M 10 1 19 290
14 35 27 31 -4 34 0 0.00 M M 3.4 8 230 M M 10 11 180
15 M M M M M M M M M 4.6 9 50 M M 8 M M
16 31 23 27 -7 38 0 0.03 M M 3.8 12 40 M M 10 18 16 20
17 33 22 28 -6 37 0 0.03 M M 6.6 18 250 M M 10 18 24 250
18 31 21 26 -7 39 0 0.07 M M 9.9 25 230 M M 10 128 31 230
19 25 17 21 -12 44 0 0.09 M M 13.4 24 240 M M 10 128 34 270
20 24 16 20 -12 45 0 0.08 M M 10.2 20 240 M M 8 8 30 290
21 35 24 30 -2 35 0 0.00 M M 11.6 26 250 M M 6 8 40 240
22 35 27 31 -1 34 0 T M M 6.9 16 250 M M 9 19 250
23 43 22 33 2 32 0 0.00 M M 3.9 10 180 M M 1 128 13 170
24 51 28 40 9 25 0 0.01 M M 7.4 21 230 M M 3 18 28 230
25 39 32 36 5 29 0 T M M 8.6 15 290 M M 8 1 27 300
26 56 34 45 15 20 0 0.00 M M 17.4 28 230 M M 0 37 210
27 42 34 38 8 27 0 0.21 M M 4.1 13 240 M M 7 1 18 30
28 37 24 31 1 34 0 T M M 3.8 12 130 M M 4 1 16 160
29 47 32 40 11 25 0 0.04 M M 13.1 24 150 M M 8 18 38 160
30 49 23 36 7 29 0 0.08 M M 20.0 32 250 M M 10 12 44 240
================================================================================
SM 1366 914 740 2 2.14 M 276.0 M 181
================================================================================
AV 47.1 31.5 9.2 FASTST M M 6 MAX(MPH)
MISC ----> 37 210 58 210
================================================================================
NOTES:
# LAST OF SEVERAL OCCURRENCES
COLUMN 17 PEAK WIND IN M.P.H.
PRELIMINARY LOCAL CLIMATOLOGICAL DATA (WS FORM: F-6) , PAGE 2
STATION: GAYLORD
MONTH: NOVEMBER
YEAR: 2022
LATITUDE: 45 0 N
LONGITUDE: 84 42 W
[TEMPERATURE DATA] [PRECIPITATION DATA] SYMBOLS USED IN COLUMN 16
AVERAGE MONTHLY: 39.3 TOTAL FOR MONTH: 2.14 1 = FOG OR MIST
DPTR FM NORMAL: 5.2 DPTR FM NORMAL: -0.14 2 = FOG REDUCING VISIBILITY
HIGHEST: 77 ON 10 GRTST 24HR 1.37 ON 4- 5 TO 1/4 MILE OR LESS
LOWEST: 16 ON 20 3 = THUNDER
SNOW, ICE PELLETS, HAIL 4 = ICE PELLETS
TOTAL MONTH: M 5 = HAIL
GRTST 24HR M ON M 6 = FREEZING RAIN OR DRIZZLE
GRTST DEPTH: M ON M 7 = DUSTSTORM OR SANDSTORM:
VSBY 1/2 MILE OR LESS
8 = SMOKE OR HAZE
[NO. OF DAYS WITH] [WEATHER - DAYS WITH] 9 = BLOWING SNOW
X = TORNADO
MAX 32 OR BELOW: 5 0.01 INCH OR MORE: 14
MAX 90 OR ABOVE: 0 0.10 INCH OR MORE: 3
MIN 32 OR BELOW: 17 0.50 INCH OR MORE: 2
MIN 0 OR BELOW: 0 1.00 INCH OR MORE: 0
[HDD (BASE 65) ]
TOTAL THIS MO. 740 CLEAR (SCALE 0-3) 8
DPTR FM NORMAL -187 PTCLDY (SCALE 4-7) 10
TOTAL FM JUL 1 1478 CLOUDY (SCALE 8-10) 12
DPTR FM NORMAL -430
[CDD (BASE 65) ]
TOTAL THIS MO. 2
DPTR FM NORMAL 2 [PRESSURE DATA]
TOTAL FM JAN 1 455 HIGHEST SLP 30.80 ON 8
DPTR FM NORMAL 180 LOWEST SLP 29.31 ON 30
[REMARKS]
#FINAL-11-22#