000
CXUS53 KAPX 010730
CF6GLR
PRELIMINARY LOCAL CLIMATOLOGICAL DATA (WS FORM: F-6)
STATION: GAYLORD
MONTH: AUGUST
YEAR: 2021
LATITUDE: 45 0 N
LONGITUDE: 84 42 W
TEMPERATURE IN F: :PCPN: SNOW: WIND :SUNSHINE: SKY :PK WND
================================================================================
1 2 3 4 5 6A 6B 7 8 9 10 11 12 13 14 15 16 17 18
12Z AVG MX 2MIN
DY MAX MIN AVG DEP HDD CDD WTR SNW DPTH SPD SPD DIR MIN PSBL S-S WX SPD DR
================================================================================
1 72 58 65 -1 0 0 0.05 M M 5.2 14 30 M M 7 8 22 40
2 73 50 62 -4 3 0 0.00 M M 3.9 12 270 M M 2 19 320
3 80 56 68 2 0 3 0.00 M M 5.8 13 260 M M 1 8 20 270
4 83 58 71 5 0 6 0.00 M M 4.0 12 250 M M 1 8 19 250
5 84 59 72 6 0 7 T M M 5.7 14 200 M M 1 18 20 240
6 75 65 70 4 0 5 0.03 M M 8.4 17 230 M M 6 3 24 210
7 82 66 74 8 0 9 0.02 M M 2.8 12 130 M M 8 128 16 120
8 83 68 76 10 0 11 0.42 M M 8.4 17 180 M M 6 18 24 190
9 86 70 78 12 0 13 1.00 M M 7.9 23 160 M M 5 138 36 150
10 82 68 75 9 0 10 1.28 M M 6.0 37 260 M M 8 138 54 280
11 85 67 76 11 0 11 0.25 M M 11.0 33 260 M M 5 3 52 260
12 84 66 75 10 0 10 0.00 M M 9.5 21 230 M M 4 12 30 240
13 78 56 67 2 0 2 0.00 M M 5.2 18 240 M M 2 26 260
14 75 49 62 -3 3 0 0.00 M M 3.1 13 280 M M 1 23 240
15 81 56 69 4 0 4 0.00 M M 5.4 14 240 M M 0 20 260
16 81 54 68 3 0 3 0.00 M M 2.3 14 140 M M 1 18 140
17 82 54 68 3 0 3 0.00 M M 2.2 10 150 M M 0 15 150
18 84 55 70 6 0 5 0.00 M M 1.4 6 99 M M 1 M M
19 86 59 73 9 0 8 0.00 M M 2.2 10 300 M M 1 18 17 350
20 87 58 73 9 0 8 0.00 M M 2.2 10 220 M M 0 1 14 210
21 89 66 78 14 0 13 T M M 5.9 16 240 M M 2 18 23 180
22 80 61 71 7 0 6 0.11 M M 4.0 10 360 M M 5 8 19 10
23 81 61 71 7 0 6 0.00 M M 3.0 10 230 M M 3 17 270
24 89 65 77 13 0 12 T M M 4.2 14 130 M M 2 8 21 250
25 87 67 77 14 0 12 0.00 M M 5.1 13 250 M M 5 16 250
26 84 64 74 11 0 9 0.00 M M 4.3 12 40 M M 3 18 17 50
27 69 65 67 4 0 2 0.55 M M 6.5 13 100 M M 10 138 20 110
28 83 66 75 12 0 10 0.60 M M 6.0 29 250 M M 4 138 42 220
29 88 65 77 14 0 12 0.15 M M 11.0 28 250 M M 2 138 42 200
30 77 61 69 7 0 4 0.00 M M 6.7 16 270 M M 2 27 280
31 75 52 64 2 1 0 0.00 M M 3.3 9 20 M M 2 15 10
================================================================================
SM 2525 1885 7 204 4.46 M 162.6 M 100
================================================================================
AV 81.5 60.8 5.2 FASTST M M 3 MAX(MPH)
MISC ----> 37 260 54 280
================================================================================
NOTES:
# LAST OF SEVERAL OCCURRENCES
COLUMN 17 PEAK WIND IN M.P.H.
PRELIMINARY LOCAL CLIMATOLOGICAL DATA (WS FORM: F-6) , PAGE 2
STATION: GAYLORD
MONTH: AUGUST
YEAR: 2021
LATITUDE: 45 0 N
LONGITUDE: 84 42 W
[TEMPERATURE DATA] [PRECIPITATION DATA] SYMBOLS USED IN COLUMN 16
AVERAGE MONTHLY: 71.1 TOTAL FOR MONTH: 4.46 1 = FOG OR MIST
DPTR FM NORMAL: 6.5 DPTR FM NORMAL: 1.21 2 = FOG REDUCING VISIBILITY
HIGHEST: 89 ON 24,21 GRTST 24HR 1.33 ON 9-10 TO 1/4 MILE OR LESS
LOWEST: 49 ON 14 3 = THUNDER
SNOW, ICE PELLETS, HAIL 4 = ICE PELLETS
TOTAL MONTH: M 5 = HAIL
GRTST 24HR M ON M 6 = FREEZING RAIN OR DRIZZLE
GRTST DEPTH: M ON M 7 = DUSTSTORM OR SANDSTORM:
VSBY 1/2 MILE OR LESS
8 = SMOKE OR HAZE
[NO. OF DAYS WITH] [WEATHER - DAYS WITH] 9 = BLOWING SNOW
X = TORNADO
MAX 32 OR BELOW: 0 0.01 INCH OR MORE: 11
MAX 90 OR ABOVE: 0 0.10 INCH OR MORE: 8
MIN 32 OR BELOW: 0 0.50 INCH OR MORE: 4
MIN 0 OR BELOW: 0 1.00 INCH OR MORE: 2
[HDD (BASE 65) ]
TOTAL THIS MO. 7 CLEAR (SCALE 0-3) 18
DPTR FM NORMAL -75 PTCLDY (SCALE 4-7) 12
TOTAL FM JUL 1 34 CLOUDY (SCALE 8-10) 1
DPTR FM NORMAL -104
[CDD (BASE 65) ]
TOTAL THIS MO. 204
DPTR FM NORMAL 135 [PRESSURE DATA]
TOTAL FM JAN 1 546 HIGHEST SLP 30.29 ON 14
DPTR FM NORMAL 299 LOWEST SLP 29.65 ON 11
[REMARKS]
#FINAL-08-21#