000
CXUS53 KAPX 010730
CF6GLR
PRELIMINARY LOCAL CLIMATOLOGICAL DATA (WS FORM: F-6)
STATION: GAYLORD
MONTH: JULY
YEAR: 2021
LATITUDE: 45 0 N
LONGITUDE: 84 42 W
TEMPERATURE IN F: :PCPN: SNOW: WIND :SUNSHINE: SKY :PK WND
================================================================================
1 2 3 4 5 6A 6B 7 8 9 10 11 12 13 14 15 16 17 18
12Z AVG MX 2MIN
DY MAX MIN AVG DEP HDD CDD WTR SNW DPTH SPD SPD DIR MIN PSBL S-S WX SPD DR
================================================================================
1 72 57 65 -1 0 0 0.00 M M 6.6 15 40 M M 5 18 25 50
2 73 51 62 -4 3 0 0.00 M M 4.7 14 40 M M 2 23 10
3 86 58 72 6 0 7 T M M 7.8 15 260 M M 2 3 20 340
4 92 62 77 11 0 12 0.00 M M 6.2 14 230 M M 0 8 19 230
5 89 71 80 14 0 15 1.12 M M 10.6 24 250 M M 3 123 35 240
6 85 62 74 8 0 9 0.18 M M 6.1 12 290 M M 2 1 21 290
7 62 53 58 -8 7 0 1.04 M M 8.1 15 60 M M 10 1 24 50
8 61 53 57 -9 8 0 0.25 M M 7.7 14 60 M M 10 18 24 60
9 75 54 65 -1 0 0 0.00 M M 3.5 7 280 M M 3 1 M M
10 81 49 65 -2 0 0 0.00 M M 3.6 8 200 M M 1 20 99
11 80 52 66 -1 0 1 0.00 M M 3.6 14 50 M M 0 18 50
12 82 50 66 -1 0 1 0.00 M M 4.9 14 120 M M 1 23 150
13 76 64 70 3 0 5 1.12 M M 4.5 12 260 M M 7 123 16 250
14 85 64 75 8 0 10 0.05 M M 9.0 18 250 M M 2 1 28 260
15 74 63 69 2 0 4 1.16 M M 6.8 17 200 M M 7 1 25 170
16 78 54 66 -1 0 1 0.00 M M 3.3 13 130 M M 0 20 80
17 84 51 68 1 0 3 0.00 M M 4.2 15 50 M M 0 20 60
18 82 56 69 2 0 4 0.00 M M 3.8 12 320 M M 0 18 290
19 85 61 73 6 0 8 0.00 M M 5.0 12 250 M M 1 8 17 230
20 77 63 70 3 0 5 T M M 7.0 14 30 M M 6 21 40
21 75 53 64 -3 1 0 0.00 M M 4.2 9 40 M M 2 M M
22 73 54 64 -3 1 0 0.00 M M 2.9 10 240 M M 3 14 240
23 82 59 71 4 0 6 T M M 7.0 14 180 M M 3 21 170
24 77 67 72 5 0 7 1.64 M M 8.6 23 220 M M 7 138 33 210
25 84 65 75 8 0 10 0.00 M M 7.0 17 250 M M 0 8 26 280
26 86 61 74 7 0 9 0.00 M M 4.8 13 250 M M 0 20 290
27 81 63 72 5 0 7 0.01 M M 3.3 13 280 M M 5 3 22 270
28 83 59 71 4 0 6 T M M 3.3 10 200 M M 1 16 230
29 78 61 70 3 0 5 1.35 M M 6.3 15 320 M M 6 138 27 320
30 67 53 60 -7 5 0 0.00 M M 5.1 13 300 M M 3 19 10
31 74 51 63 -3 2 0 0.00 M M 8.0 21 260 M M 5 8 32 270
================================================================================
SM 2439 1794 27 135 7.92 M 177.5 M 97
================================================================================
AV 78.7 57.9 5.7 FASTST M M 3 MAX(MPH)
MISC ----> 24 250 35 240
================================================================================
NOTES:
# LAST OF SEVERAL OCCURRENCES
COLUMN 17 PEAK WIND IN M.P.H.
PRELIMINARY LOCAL CLIMATOLOGICAL DATA (WS FORM: F-6) , PAGE 2
STATION: GAYLORD
MONTH: JULY
YEAR: 2021
LATITUDE: 45 0 N
LONGITUDE: 84 42 W
[TEMPERATURE DATA] [PRECIPITATION DATA] SYMBOLS USED IN COLUMN 16
AVERAGE MONTHLY: 68.3 TOTAL FOR MONTH: 7.92 1 = FOG OR MIST
DPTR FM NORMAL: 1.7 DPTR FM NORMAL: 5.11 2 = FOG REDUCING VISIBILITY
HIGHEST: 92 ON 4 GRTST 24HR 1.64 ON 23-24 TO 1/4 MILE OR LESS
LOWEST: 49 ON 10 3 = THUNDER
SNOW, ICE PELLETS, HAIL 4 = ICE PELLETS
TOTAL MONTH: M 5 = HAIL
GRTST 24HR M ON M 6 = FREEZING RAIN OR DRIZZLE
GRTST DEPTH: M ON M 7 = DUSTSTORM OR SANDSTORM:
VSBY 1/2 MILE OR LESS
8 = SMOKE OR HAZE
[NO. OF DAYS WITH] [WEATHER - DAYS WITH] 9 = BLOWING SNOW
X = TORNADO
MAX 32 OR BELOW: 0 0.01 INCH OR MORE: 10
MAX 90 OR ABOVE: 1 0.10 INCH OR MORE: 8
MIN 32 OR BELOW: 0 0.50 INCH OR MORE: 6
MIN 0 OR BELOW: 0 1.00 INCH OR MORE: 6
[HDD (BASE 65) ]
TOTAL THIS MO. 27 CLEAR (SCALE 0-3) 20
DPTR FM NORMAL -28 PTCLDY (SCALE 4-7) 9
TOTAL FM JUL 1 27 CLOUDY (SCALE 8-10) 2
DPTR FM NORMAL -35
[CDD (BASE 65) ]
TOTAL THIS MO. 135
DPTR FM NORMAL 30 [PRESSURE DATA]
TOTAL FM JAN 1 342 HIGHEST SLP 30.25 ON 18
DPTR FM NORMAL 164 LOWEST SLP 29.71 ON 24
[REMARKS]
#FINAL-07-21#