000
CXUS53 KAPX 010830
CF6GLR
PRELIMINARY LOCAL CLIMATOLOGICAL DATA (WS FORM: F-6)
STATION: GAYLORD
MONTH: NOVEMBER
YEAR: 2023
LATITUDE: 45 0 N
LONGITUDE: 84 42 W
TEMPERATURE IN F: :PCPN: SNOW: WIND :SUNSHINE: SKY :PK WND
================================================================================
1 2 3 4 5 6A 6B 7 8 9 10 11 12 13 14 15 16 17 18
12Z AVG MX 2MIN
DY MAX MIN AVG DEP HDD CDD WTR SNW DPTH SPD SPD DIR MIN PSBL S-S WX SPD DR
================================================================================
1 39 27 33 -6 32 0 T M M 7.0 21 240 M M 6 28 230
2 49 30 40 1 25 0 0.00 M M 9.6 21 220 M M 5 29 220
3 54 39 47 8 18 0 0.00 M M 11.2 23 240 M M 7 32 250
4 49 28 39 1 26 0 0.00 M M 1.7 9 260 M M 1 18 14 280
5 43 28 36 -2 29 0 0.01 M M 4.8 13 160 M M 10 8 16 170
6 57 43 50 12 15 0 0.28 M M 13.1 26 190 M M 10 13 40 150
7 44 31 38 1 27 0 T M M 7.6 18 280 M M 10 18 30 270
8 37 31 34 -3 31 0 0.33 M M 7.9 18 120 M M 10 1 29 120
9 46 36 41 5 24 0 T M M 13.5 31 250 M M 9 1 46 250
10 41 32 37 1 28 0 T M M 4.5 14 280 M M 9 1 20 280
11 43 30 37 1 28 0 0.00 M M 2.6 9 160 M M 8 14 140
12 50 34 42 7 23 0 T M M 11.6 22 180 M M 7 33 180
13 50 30 40 5 25 0 0.00 M M 9.8 21 270 M M 3 34 270
14 52 27 40 5 25 0 0.00 M M 7.4 17 210 M M 0 28 180
15 57 29 43 9 22 0 0.00 M M 7.8 18 250 M M 1 27 250
16 64 30 47 13 18 0 0.00 M M 12.2 29 200 M M 1 43 220
17 59 27 43 9 22 0 0.08 M M 6.6 29 250 M M 8 1 41 240
18 46 27 37 4 28 0 0.00 M M 8.0 17 250 M M 1 31 260
19 40 26 33 0 32 0 0.00 M M 3.9 12 260 M M 2 18 17 290
20 40 20 30 -2 35 0 0.00 M M 4.6 14 140 M M 0 20 150
21 35 33 34 2 31 0 0.13 M M 5.8 10 60 M M 9 126 23 100
22 37 31 34 2 31 0 T M M 5.7 14 220 M M 8 1 20 280
23 37 25 31 0 34 0 T M M 8.1 15 310 M M 8 26 310
24 28 23 26 -5 39 0 0.01 M M 6.8 15 300 M M 9 24 310
25 36 22 29 -2 36 0 0.00 M M 9.4 21 240 M M 4 28 250
26 31 29 30 0 35 0 T M M 8.5 16 250 M M 10 18 22 260
27 30 18 24 -6 41 0 T M M 10.6 22 250 M M 10 12 34 260
28 26 18 22 -8 43 0 T M M 8.8 17 300 M M 8 18 25 300
29 33 19 26 -3 39 0 T M M 13.8 25 220 M M 10 18 35 220
30 43 28 36 7 29 0 T M M 9.2 20 240 M M 5 18 30 220
================================================================================
SM 1296 851 871 0 0.84 M 242.1 M 189
================================================================================
AV 43.2 28.4 8.1 FASTST M M 6 MAX(MPH)
MISC ----> 31 250 46 250
================================================================================
NOTES:
# LAST OF SEVERAL OCCURRENCES
COLUMN 17 PEAK WIND IN M.P.H.
PRELIMINARY LOCAL CLIMATOLOGICAL DATA (WS FORM: F-6) , PAGE 2
STATION: GAYLORD
MONTH: NOVEMBER
YEAR: 2023
LATITUDE: 45 0 N
LONGITUDE: 84 42 W
[TEMPERATURE DATA] [PRECIPITATION DATA] SYMBOLS USED IN COLUMN 16
AVERAGE MONTHLY: 35.8 TOTAL FOR MONTH: 0.84 1 = FOG OR MIST
DPTR FM NORMAL: 1.7 DPTR FM NORMAL: -1.44 2 = FOG REDUCING VISIBILITY
HIGHEST: 64 ON 16 GRTST 24HR 0.33 ON 8- 8 TO 1/4 MILE OR LESS
LOWEST: 18 ON 28,27 3 = THUNDER
SNOW, ICE PELLETS, HAIL 4 = ICE PELLETS
TOTAL MONTH: M 5 = HAIL
GRTST 24HR M ON M 6 = FREEZING RAIN OR DRIZZLE
GRTST DEPTH: M ON M 7 = DUSTSTORM OR SANDSTORM:
VSBY 1/2 MILE OR LESS
8 = SMOKE OR HAZE
[NO. OF DAYS WITH] [WEATHER - DAYS WITH] 9 = BLOWING SNOW
X = TORNADO
MAX 32 OR BELOW: 4 0.01 INCH OR MORE: 6
MAX 90 OR ABOVE: 0 0.10 INCH OR MORE: 3
MIN 32 OR BELOW: 25 0.50 INCH OR MORE: 0
MIN 0 OR BELOW: 0 1.00 INCH OR MORE: 0
[HDD (BASE 65) ]
TOTAL THIS MO. 871 CLEAR (SCALE 0-3) 8
DPTR FM NORMAL -56 PTCLDY (SCALE 4-7) 10
TOTAL FM JUL 1 1556 CLOUDY (SCALE 8-10) 12
DPTR FM NORMAL -352
[CDD (BASE 65) ]
TOTAL THIS MO. 0
DPTR FM NORMAL 0 [PRESSURE DATA]
TOTAL FM JAN 1 400 HIGHEST SLP 30.48 ON 11
DPTR FM NORMAL 125 LOWEST SLP 29.45 ON 6
[REMARKS]
#FINAL-11-23#