000
CXUS54 KMAF 011110
CF6GNC
PRELIMINARY LOCAL CLIMATOLOGICAL DATA (WS FORM: F-6)
STATION: GAINES COUNTY AIRPORT
MONTH: MARCH
YEAR: 2022
LATITUDE: 32 40 N
LONGITUDE: 102 39 W
TEMPERATURE IN F: :PCPN: SNOW: WIND :SUNSHINE: SKY :PK WND
================================================================================
1 2 3 4 5 6A 6B 7 8 9 10 11 12 13 14 15 16 17 18
12Z AVG MX 2MIN
DY MAX MIN AVG DEP HDD CDD WTR SNW DPTH SPD SPD DIR MIN PSBL S-S WX SPD DR
================================================================================
1 64 35 50 M 15 0 M M M 2.4 7 170 M M 0 M M
2 73 36 55 M 10 0 M M M 3.3 8 150 M M 0 8 M M
3 76 36 56 M 9 0 M M M 6.4 10 170 M M 0 18 170
4 82 47 65 M 0 0 M M M 7.6 17 180 M M 0 25 220
5 73 47 60 M 5 0 M M M 14.9 31 280 M M 0 8 39 260
6 68 34 51 M 14 0 M M M 10.0 26 280 M M 1 8 36 280
7 47 25 36 M 29 0 M M M 7.8 13 30 M M 0 21 20
8 53 27 40 M 25 0 M M M 5.4 12 100 M M 0 18 290
9 65 26 46 M 19 0 M M M 9.2 16 170 M M 0 28 160
10 55 27 41 M 24 0 M M M 11.2 20 360 M M 0 31 50
11 41 22 32 M 33 0 M M M 13.7 22 40 M M 4 30 10
12 58 18 38 M 27 0 M M M 10.2 21 200 M M 0 26 210
13 70 22 46 M 19 0 M M M 9.5 15 210 M M 0 23 220
14 64 36 50 M 15 0 M M M 12.8 23 340 M M 0 8 30 350
15 73 31 52 M 13 0 M M M 5.5 9 230 M M 0 M M
16 83 39 61 M 4 0 M M M 10.2 17 260 M M 0 23 210
17 69 38 54 M 11 0 M M M 18.4 29 300 M M 1 8 44 290
18 60 31 46 M 19 0 M M M 8.8 20 340 M M 0 26 340
19 74 30 52 M 13 0 M M M 6.1 13 200 M M 0 18 170
20 77 38 58 M 7 0 M M M 14.8 26 150 M M 1 8 35 150
21 66 40 53 M 12 0 M M M 15.2 24 10 M M 1 49 240
22 53 37 45 M 20 0 M M M 17.2 24 350 M M 1 8 39 360
23 59 33 46 M 19 0 M M M 12.6 23 310 M M 0 8 33 320
24 75 28 52 M 13 0 M M M 9.8 17 270 M M 0 23 320
25 83 39 61 M 4 0 M M M 4.2 9 240 M M 0 16 160
26 86 36 61 M 4 0 M M M 4.8 9 30 M M 0 M M
27 91 46 69 M 0 4 M M M 7.1 13 210 M M 0 18 180
28 91 45 68 M 0 3 M M M 9.3 18 220 M M 0 24 220
29 86 60 73 M 0 8 M M M 15.4 35 270 M M 0 8 49 270
30 64 46 55 M 10 0 0.01 M M 12.9 23 360 M M 1 8 37 340
31 67 34 51 M 14 0 M M M 6.5 16 10 M M 0 30 320
================================================================================
SM 2146 1089 407 15 0.01 M 303.1 M 10
================================================================================
AV 69.2 35.1 9.8 FASTST M M 0 MAX(MPH)
MISC ----> 35 270 # 49 240
================================================================================
NOTES:
# LAST OF SEVERAL OCCURRENCES
COLUMN 17 PEAK WIND IN M.P.H.
PRELIMINARY LOCAL CLIMATOLOGICAL DATA (WS FORM: F-6) , PAGE 2
STATION: GAINES COUNTY AIRPORT
MONTH: MARCH
YEAR: 2022
LATITUDE: 32 40 N
LONGITUDE: 102 39 W
[TEMPERATURE DATA] [PRECIPITATION DATA] SYMBOLS USED IN COLUMN 16
AVERAGE MONTHLY: 52.2 TOTAL FOR MONTH: 0.01 1 = FOG OR MIST
DPTR FM NORMAL: 0.0 DPTR FM NORMAL: M 2 = FOG REDUCING VISIBILITY
HIGHEST: 91 ON 28,27 GRTST 24HR 0.01 ON 30-30 TO 1/4 MILE OR LESS
LOWEST: 18 ON 12 3 = THUNDER
SNOW, ICE PELLETS, HAIL 4 = ICE PELLETS
TOTAL MONTH: M 5 = HAIL
GRTST 24HR M ON M 6 = FREEZING RAIN OR DRIZZLE
GRTST DEPTH: M ON M 7 = DUSTSTORM OR SANDSTORM:
VSBY 1/2 MILE OR LESS
8 = SMOKE OR HAZE
[NO. OF DAYS WITH] [WEATHER - DAYS WITH] 9 = BLOWING SNOW
X = TORNADO
MAX 32 OR BELOW: 0 0.01 INCH OR MORE: 1
MAX 90 OR ABOVE: 2 0.10 INCH OR MORE: 0
MIN 32 OR BELOW: 11 0.50 INCH OR MORE: 0
MIN 0 OR BELOW: 0 1.00 INCH OR MORE: 0
[HDD (BASE 65) ]
TOTAL THIS MO. 407 CLEAR (SCALE 0-3) 30
DPTR FM NORMAL M PTCLDY (SCALE 4-7) 1
TOTAL FM JUL 1 2524 CLOUDY (SCALE 8-10) 0
DPTR FM NORMAL M
[CDD (BASE 65) ]
TOTAL THIS MO. 15
DPTR FM NORMAL M [PRESSURE DATA]
TOTAL FM JAN 1 15 HIGHEST SLP M ON M
DPTR FM NORMAL M LOWEST SLP M ON M
[REMARKS]
#FINAL-03-22#