000
CXUS54 KMAF 181110
CF6GNC
PRELIMINARY LOCAL CLIMATOLOGICAL DATA (WS FORM: F-6)
STATION: GAINES COUNTY AIRPORT
MONTH: MARCH
YEAR: 2024
LATITUDE: 32 40 N
LONGITUDE: 102 39 W
TEMPERATURE IN F: :PCPN: SNOW: WIND :SUNSHINE: SKY :PK WND
================================================================================
1 2 3 4 5 6A 6B 7 8 9 10 11 12 13 14 15 16 17 18
12Z AVG MX 2MIN
DY MAX MIN AVG DEP HDD CDD WTR SNW DPTH SPD SPD DIR MIN PSBL S-S WX SPD DR
================================================================================
1 73 39 56 M 9 0 M M M 10.6 16 240 M M 0 1 23 270
2 78 43 61 M 4 0 M M M 13.2 25 220 M M 0 31 240
3 79 45 62 M 3 0 M M M 14.6 28 250 M M 0 37 240
4 74 50 62 M 3 0 M M M 11.8 18 260 M M 0 28 260
5 73 40 57 M 8 0 M M M 6.8 12 240 M M 0 8 M M
6 75 40 58 M 7 0 M M M 7.9 20 230 M M 0 26 230
7 74 54 64 M 1 0 M M M 10.1 23 240 M M 2 33 240
8 55 37 46 M 19 0 M M M 13.2 21 360 M M 6 25 360
9 53 33 43 M 22 0 M M M 7.6 15 10 M M 4 21 10
10 64 31 48 M 17 0 M M M 5.9 14 190 M M 0 20 190
11 72 34 53 M 12 0 M M M 7.3 16 190 M M 0 22 190
12 80 50 65 M 0 0 M M M 9.3 17 250 M M 0 24 250
13 78 47 63 M 2 0 M M M 15.2 29 240 M M 0 38 260
14 75 45 60 M 5 0 M M M 7.1 18 50 M M 0 25 50
15 55 44 50 M 15 0 0.12 M M 15.5 26 40 M M 9 1 33 40
16 53 46 50 M 15 0 0.04 M M 6.3 10 40 M M 10 1 M M
17 50 46 48 M 17 0 0.04 M M 7.1 10 60 M M 9 1 18 30
================================================================================
SM 1161 724 159 0 0.20 M 169.5 M 40
================================================================================
AV 68.3 42.6 10.0 FASTST M M 2 MAX(MPH)
MISC ----> 29 240 38 260
================================================================================
NOTES:
# LAST OF SEVERAL OCCURRENCES
COLUMN 17 PEAK WIND IN M.P.H.
PRELIMINARY LOCAL CLIMATOLOGICAL DATA (WS FORM: F-6) , PAGE 2
STATION: GAINES COUNTY AIRPORT
MONTH: MARCH
YEAR: 2024
LATITUDE: 32 40 N
LONGITUDE: 102 39 W
[TEMPERATURE DATA] [PRECIPITATION DATA] SYMBOLS USED IN COLUMN 16
AVERAGE MONTHLY: 55.4 TOTAL FOR MONTH: 0.20 1 = FOG OR MIST
DPTR FM NORMAL: 0.0 DPTR FM NORMAL: 0.20 2 = FOG REDUCING VISIBILITY
HIGHEST: 80 ON 12 GRTST 24HR 0.12 ON 15-15 TO 1/4 MILE OR LESS
LOWEST: 31 ON 10 3 = THUNDER
SNOW, ICE PELLETS, HAIL 4 = ICE PELLETS
TOTAL MONTH: M 5 = HAIL
GRTST 24HR M ON M 6 = FREEZING RAIN OR DRIZZLE
GRTST DEPTH: M ON M 7 = DUSTSTORM OR SANDSTORM:
VSBY 1/2 MILE OR LESS
8 = SMOKE OR HAZE
[NO. OF DAYS WITH] [WEATHER - DAYS WITH] 9 = BLOWING SNOW
X = TORNADO
MAX 32 OR BELOW: 0 0.01 INCH OR MORE: 3
MAX 90 OR ABOVE: 0 0.10 INCH OR MORE: 1
MIN 32 OR BELOW: 1 0.50 INCH OR MORE: 0
MIN 0 OR BELOW: 0 1.00 INCH OR MORE: 0
[HDD (BASE 65) ]
TOTAL THIS MO. 159 CLEAR (SCALE 0-3) 12
DPTR FM NORMAL M PTCLDY (SCALE 4-7) 2
TOTAL FM JUL 1 2302 CLOUDY (SCALE 8-10) 3
DPTR FM NORMAL M
[CDD (BASE 65) ]
TOTAL THIS MO. 0
DPTR FM NORMAL M [PRESSURE DATA]
TOTAL FM JAN 1 3 HIGHEST SLP M ON M
DPTR FM NORMAL M LOWEST SLP M ON M
[REMARKS]