000
CXUS53 KGRB 091544
CF6GRB
PRELIMINARY LOCAL CLIMATOLOGICAL DATA (WS FORM: F-6)
STATION: GREEN BAY WI
MONTH: MARCH
YEAR: 2024
LATITUDE: 44 28 N
LONGITUDE: 88 8 W
TEMPERATURE IN F: :PCPN: SNOW: WIND :SUNSHINE: SKY :PK WND
================================================================================
1 2 3 4 5 6A 6B 7 8 9 10 11 12 13 14 15 16 17 18
12Z AVG MX 2MIN
DY MAX MIN AVG DEP HDD CDD WTR SNW DPTH SPD SPD DIR MIN PSBL S-S WX SPD DR
================================================================================
1 51 31 41 15 24 0 0.00 0.0 1 11.8 21 200 M M 0 32 220
2 58 31 45 19 20 0 0.00 0.0 0 10.1 17 220 M M 0 1 23 190
3 60 40 50 23 15 0 0.01 0.0 0 17.4 32 160 M M 4 18 47 140
4 58 33 46 19 19 0 0.71 0.0 0 9.6 22 290 M M 5 135 29 290
5 45 31 38 10 27 0 0.00 0.0 0 13.9 25 40 M M 2 33 40
6 47 26 37 9 28 0 0.00 0.0 0 9.4 18 50 M M 0 8 23 40
7 49 28 39 11 26 0 0.00 0.0 0 7.0 16 150 M M 3 22 90
8 43 33 38 9 27 0 0.23 0.2 0 11.5 22 30 M M 10 1 28 40
9 40 30 35 6 30 0 T T 0 12.7 22 350 M M 6 1 33 350
10 47 27 37 7 28 0 0.00 0.0 0 9.6 22 350 M M 1 29 350
11 63 25 44 14 21 0 0.00 0.0 0 5.5 16 270 M M 0 22 270
12 72 37 55 24 10 0 0.00 0.0 0 9.5 21 260 M M 0 30 270
13 68 31 50 19 15 0 0.00 0.0 0 4.2 18 40 M M 0 23 30
14 46 35 41 10 24 0 0.00 0.0 0 14.6 24 30 M M 3 33 30
15 55 29 42 10 23 0 0.00 0.0 0 7.3 18 270 M M 0 24 290
16 54 32 43 11 22 0 T T 0 14.8 26 300 M M 8 38 290
17 34 23 29 -4 36 0 T T 0 14.4 24 310 M M 10 32 300
18 38 23 31 -2 34 0 T T 0 11.5 20 250 M M 8 31 260
19 51 33 42 9 23 0 0.00 0.0 0 13.2 26 340 M M 7 37 340
20 33 20 27 -7 38 0 0.00 0.0 0 13.9 28 330 M M 4 40 330
21 36 15 26 -8 39 0 0.02 0.5 T 6.1 14 150 M M 2 1 21 170
22 32 25 29 -6 36 0 0.20 5.1 5 6.3 13 50 M M 10 18 16 50
23 35 8 22 -13 43 0 0.00 0.0 5 6.3 12 260 M M 1 17 250
24 37 27 32 -3 33 0 0.06 1.2 T 10.6 21 130 M M 10 12 30 110
25 50 36 43 7 22 0 0.66 0.0 0 9.0 16 160 M M 9 18 22 140
26 59 30 45 9 20 0 0.46 T 0 18.7 30 150 M M 10 1 40 160
27 37 26 32 -5 33 0 T T 0 15.2 28 260 M M 6 37 270
28 42 26 34 -3 31 0 0.00 0.0 0 12.0 25 270 M M 1 34 270
29 50 27 39 2 26 0 0.00 0.0 0 6.5 15 110 M M 0 21 110
30 40 35 38 0 27 0 T 0.0 0 8.1 17 20 M M 10 23 30
31 48 31 40 2 25 0 0.00 0.0 0 4.5 10 220 M M 7 14 190
================================================================================
SM 1478 884 825 0 2.35 7.0 325.2 M 137
================================================================================
AV 47.7 28.5 10.5 FASTST M M 4 MAX(MPH)
MISC ----> 32 160 47 140
================================================================================
NOTES:
# LAST OF SEVERAL OCCURRENCES
COLUMN 17 PEAK WIND IN M.P.H.
PRELIMINARY LOCAL CLIMATOLOGICAL DATA (WS FORM: F-6) , PAGE 2
STATION: GREEN BAY WI
MONTH: MARCH
YEAR: 2024
LATITUDE: 44 28 N
LONGITUDE: 88 8 W
[TEMPERATURE DATA] [PRECIPITATION DATA] SYMBOLS USED IN COLUMN 16
AVERAGE MONTHLY: 38.1 TOTAL FOR MONTH: 2.35 1 = FOG OR MIST
DPTR FM NORMAL: 6.0 DPTR FM NORMAL: 0.39 2 = FOG REDUCING VISIBILITY
HIGHEST: 72 ON 12 GRTST 24HR 1.01 ON 25-26 TO 1/4 MILE OR LESS
LOWEST: 8 ON 23 3 = THUNDER
SNOW, ICE PELLETS, HAIL 4 = ICE PELLETS
TOTAL MONTH: 7.0 INCHES 5 = HAIL
GRTST 24HR 5.1 ON 22-22 6 = FREEZING RAIN OR DRIZZLE
GRTST DEPTH: 5 ON 23,22 7 = DUSTSTORM OR SANDSTORM:
VSBY 1/2 MILE OR LESS
8 = SMOKE OR HAZE
[NO. OF DAYS WITH] [WEATHER - DAYS WITH] 9 = BLOWING SNOW
X = TORNADO
MAX 32 OR BELOW: 1 0.01 INCH OR MORE: 8
MAX 90 OR ABOVE: 0 0.10 INCH OR MORE: 5
MIN 32 OR BELOW: 23 0.50 INCH OR MORE: 2
MIN 0 OR BELOW: 0 1.00 INCH OR MORE: 0
[HDD (BASE 65) ]
TOTAL THIS MO. 825 CLEAR (SCALE 0-3) 15
DPTR FM NORMAL -194 PTCLDY (SCALE 4-7) 9
TOTAL FM JUL 1 5308 CLOUDY (SCALE 8-10) 7
DPTR FM NORMAL -1221
[CDD (BASE 65) ]
TOTAL THIS MO. 0
DPTR FM NORMAL 0 [PRESSURE DATA]
TOTAL FM JAN 1 0 HIGHEST SLP 30.39 ON 23
DPTR FM NORMAL 0 LOWEST SLP 29.29 ON 26
[REMARKS]
#FINAL-03-24#