000
CXUS53 KGRB 230639
CF6GRB
PRELIMINARY LOCAL CLIMATOLOGICAL DATA (WS FORM: F-6)
STATION: GREEN BAY WI
MONTH: SEPTEMBER
YEAR: 2021
LATITUDE: 44 28 N
LONGITUDE: 88 8 W
TEMPERATURE IN F: :PCPN: SNOW: WIND :SUNSHINE: SKY :PK WND
================================================================================
1 2 3 4 5 6A 6B 7 8 9 10 11 12 13 14 15 16 17 18
12Z AVG MX 2MIN
DY MAX MIN AVG DEP HDD CDD WTR SNW DPTH SPD SPD DIR MIN PSBL S-S WX SPD DR
================================================================================
1 74 54 64 -2 1 0 0.00 0.0 0 6.1 17 40 M M 0 23 40
2 75 51 63 -3 2 0 0.00 0.0 0 4.6 10 50 M M 0 8 13 40
3 69 56 63 -2 2 0 0.22 0.0 0 4.5 13 90 M M 6 1 19 230
4 69 58 64 -1 1 0 0.01 0.0 0 6.4 14 300 M M 7 1 22 290
5 76 55 66 1 0 1 T 0.0 0 8.7 22 270 M M 3 31 260
6 75 50 63 -1 2 0 0.00 0.0 0 6.3 14 290 M M 1 19 290
7 78 57 68 4 0 3 0.18 0.0 0 7.8 20 330 M M 3 13 32 330
8 73 52 63 -1 2 0 0.00 0.0 0 10.1 21 300 M M 2 31 300
9 75 48 62 -2 3 0 0.00 0.0 0 2.7 10 240 M M 4 16 260
10 76 50 63 0 2 0 0.00 0.0 0 4.0 12 190 M M 1 1 17 170
11 84 58 71 8 0 6 0.00 0.0 0 7.6 18 270 M M 0 26 250
12 72 52 62 0 3 0 T 0.0 0 3.7 12 50 M M 5 1 17 50
13 74 51 63 1 2 0 T 0.0 0 5.9 15 80 M M 4 12 21 50
14 74 58 66 4 0 1 0.02 0.0 0 11.4 24 270 M M 6 36 260
15 76 51 64 3 1 0 0.00 0.0 0 4.8 12 260 M M 0 8 21 280
16 79 51 65 4 0 0 0.00 0.0 0 9.7 18 170 M M 0 26 190
17 83 49 66 5 0 1 0.00 0.0 0 7.6 18 330 M M 0 27 330
18 75 43 59 -1 6 0 0.00 0.0 0 3.3 10 120 M M 0 15 140
19 86 47 67 7 0 2 0.00 0.0 0 6.0 17 150 M M 1 24 180
20 80 66 73 14 0 8 0.60 0.0 0 11.0 30 170 M M 4 13 44 190
21 71 50 61 2 4 0 0.02 0.0 0 9.9 18 340 M M 5 1 26 340
22 66 49 58 -1 7 0 0.00 0.0 0 12.0 24 360 M M 0 32 20
23 69 44 57 -1 8 0 0.00 0.0 0 9.2 22 350 M M 0 33 350
24 77 42 60 2 5 0 0.12 0.0 0 8.9 25 290 M M 3 1 36 300
25 66 46 56 -1 9 0 0.00 0.0 0 8.9 21 280 M M 3 31 260
26 72 52 62 5 3 0 T 0.0 0 4.2 12 210 M M 2 16 220
27 69 50 60 3 5 0 0.00 0.0 0 8.1 21 40 M M 1 1 28 30
28 71 43 57 1 8 0 0.00 0.0 0 3.6 12 170 M M 0 16 170
29 77 44 61 5 4 0 0.00 0.0 0 2.0 12 50 M M 0 12 13 40
30 77 48 63 8 2 0 0.00 0.0 0 3.5 10 50 M M 5 12 12 50
================================================================================
SM 2238 1525 82 22 1.17 0.0 202.5 M 66
================================================================================
AV 74.6 50.8 6.8 FASTST M M 2 MAX(MPH)
MISC ----> 30 170 44 190
================================================================================
NOTES:
# LAST OF SEVERAL OCCURRENCES
COLUMN 17 PEAK WIND IN M.P.H.
PRELIMINARY LOCAL CLIMATOLOGICAL DATA (WS FORM: F-6) , PAGE 2
STATION: GREEN BAY WI
MONTH: SEPTEMBER
YEAR: 2021
LATITUDE: 44 28 N
LONGITUDE: 88 8 W
[TEMPERATURE DATA] [PRECIPITATION DATA] SYMBOLS USED IN COLUMN 16
AVERAGE MONTHLY: 62.7 TOTAL FOR MONTH: 1.17 1 = FOG OR MIST
DPTR FM NORMAL: 1.7 DPTR FM NORMAL: -2.03 2 = FOG REDUCING VISIBILITY
HIGHEST: 86 ON 19 GRTST 24HR 0.62 ON 20-21 TO 1/4 MILE OR LESS
LOWEST: 42 ON 24 3 = THUNDER
SNOW, ICE PELLETS, HAIL 4 = ICE PELLETS
TOTAL MONTH: 0.0 INCH 5 = HAIL
GRTST 24HR 0.0 6 = FREEZING RAIN OR DRIZZLE
GRTST DEPTH: 0 7 = DUSTSTORM OR SANDSTORM:
VSBY 1/2 MILE OR LESS
8 = SMOKE OR HAZE
[NO. OF DAYS WITH] [WEATHER - DAYS WITH] 9 = BLOWING SNOW
X = TORNADO
MAX 32 OR BELOW: 0 0.01 INCH OR MORE: 7
MAX 90 OR ABOVE: 0 0.10 INCH OR MORE: 4
MIN 32 OR BELOW: 0 0.50 INCH OR MORE: 1
MIN 0 OR BELOW: 0 1.00 INCH OR MORE: 0
[HDD (BASE 65) ]
TOTAL THIS MO. 82 CLEAR (SCALE 0-3) 20
DPTR FM NORMAL -86 PTCLDY (SCALE 4-7) 10
TOTAL FM JUL 1 91 CLOUDY (SCALE 8-10) 0
DPTR FM NORMAL -119
[CDD (BASE 65) ]
TOTAL THIS MO. 22
DPTR FM NORMAL -25 [PRESSURE DATA]
TOTAL FM JAN 1 661 HIGHEST SLP 30.29 ON 18
DPTR FM NORMAL 157 LOWEST SLP 29.60 ON 7
[REMARKS]
#FINAL-09-21#