000
CXUS53 KIWX 010910
CF6GSH
PRELIMINARY LOCAL CLIMATOLOGICAL DATA (WS FORM: F-6)
STATION: GOSHEN
MONTH: DECEMBER
YEAR: 2020
LATITUDE: 41 31 N
LONGITUDE: 85 47 W
TEMPERATURE IN F: :PCPN: SNOW: WIND :SUNSHINE: SKY :PK WND
================================================================================
1 2 3 4 5 6A 6B 7 8 9 10 11 12 13 14 15 16 17 18
12Z AVG MX 2MIN
DY MAX MIN AVG DEP HDD CDD WTR SNW DPTH SPD SPD DIR MIN PSBL S-S WX SPD DR
================================================================================
1 40 27 34 1 31 0 0.00 M M 16.1 28 310 M M 9 38 310
2 45 23 34 1 31 0 0.00 M M 8.4 15 260 M M 0 19 290
3 44 23 34 2 31 0 0.00 M M 10.4 20 230 M M 0 26 220
4 45 30 38 6 27 0 0.00 M M 10.5 22 240 M M 2 18 27 250
5 35 22 29 -2 36 0 0.00 M M 4.7 13 340 M M 6 16 350
6 36 19 28 -3 37 0 0.00 M M 2.9 9 80 M M 4 1 11 120
7 35 27 31 0 34 0 0.00 M M 5.5 14 10 M M 10 17 330
8 37 29 33 3 32 0 0.00 M M 10.9 21 220 M M 10 8 28 220
9 49 28 39 9 26 0 0.00 M M 8.1 21 240 M M 3 18 27 240
10 54 23 39 9 26 0 0.00 0.0 0 4.3 13 140 M M 0 18 17 140
11 53 28 41 12 24 0 0.08 M M 6.1 18 100 M M 2 18 24 40
12 53 35 44 15 21 0 0.73 M M 14.8 32 240 M M 10 1 43 250
13 39 33 36 8 29 0 0.01 M M 6.9 16 340 M M 10 1 21 340
14 35 21 28 0 37 0 0.00 M M 11.1 21 310 M M 9 27 300
15 29 17 23 -5 42 0 0.00 M M 6.6 14 70 M M 0 20 70
16 31 23 27 -1 38 0 0.01 M M 8.1 16 80 M M 8 18 23 70
17 30 26 28 1 37 0 0.00 M M 4.6 9 10 M M 10 18 13 350
18 36 25 31 4 34 0 0.00 M M 8.4 18 170 M M 3 18 24 170
19 40 31 36 9 29 0 T M M 11.7 14 210 M M 7 20 180
20 36 32 34 8 31 0 0.00 M M 10.4 10 240 M M 4 M M
21 M M M M M M 0.00 M M M M M M M M M M
22 41 33 37 11 28 0 T M M 10.1 20 300 M M 2 1 26 300
23 52 36 44 18 21 0 0.25 M M 18.3 31 190 M M 5 18 47 190
24 46 15 31 5 34 0 0.03 M M 17.5 36 240 M M 9 18 49 230
25 22 14 18 -7 47 0 T M M 16.8 29 260 M M 9 18 35 270
26 27 15 21 -4 44 0 0.00 M M 9.9 21 240 M M 5 18 29 250
27 47 15 31 6 34 0 0.10 M M 11.5 26 260 M M 3 18 39 200
28 40 23 32 7 33 0 T M M 12.5 25 260 M M 9 18 36 250
29 32 17 25 0 40 0 0.04 M M 8.4 23 140 M M 3 18 32 130
30 40 28 34 10 31 0 0.16 M M 15.5 25 270 M M 10 1 36 270
31 31 22 27 3 38 0 0.00 M M 4.8 17 290 M M 9 18 24 280
================================================================================
SM 1180 740 983 0 1.41 0.0 295.8 M 171
================================================================================
AV 39.3 24.7 9.9 FASTST M M 6 MAX(MPH)
MISC ----> 36 240 49 230
================================================================================
NOTES:
# LAST OF SEVERAL OCCURRENCES
COLUMN 17 PEAK WIND IN M.P.H.
PRELIMINARY LOCAL CLIMATOLOGICAL DATA (WS FORM: F-6) , PAGE 2
STATION: GOSHEN
MONTH: DECEMBER
YEAR: 2020
LATITUDE: 41 31 N
LONGITUDE: 85 47 W
[TEMPERATURE DATA] [PRECIPITATION DATA] SYMBOLS USED IN COLUMN 16
AVERAGE MONTHLY: 32.0 TOTAL FOR MONTH: 1.41 1 = FOG OR MIST
DPTR FM NORMAL: 4.0 DPTR FM NORMAL: -0.80 2 = FOG REDUCING VISIBILITY
HIGHEST: 54 ON 10 GRTST 24HR 0.81 ON 11-12 TO 1/4 MILE OR LESS
LOWEST: 14 ON 25 3 = THUNDER
SNOW, ICE PELLETS, HAIL 4 = ICE PELLETS
TOTAL MONTH: 0.0 INCH 5 = HAIL
GRTST 24HR 0.0 6 = FREEZING RAIN OR DRIZZLE
GRTST DEPTH: 0 7 = DUSTSTORM OR SANDSTORM:
VSBY 1/2 MILE OR LESS
8 = SMOKE OR HAZE
[NO. OF DAYS WITH] [WEATHER - DAYS WITH] 9 = BLOWING SNOW
X = TORNADO
MAX 32 OR BELOW: 7 0.01 INCH OR MORE: 9
MAX 90 OR ABOVE: 0 0.10 INCH OR MORE: 4
MIN 32 OR BELOW: 26 0.50 INCH OR MORE: 1
MIN 0 OR BELOW: 0 1.00 INCH OR MORE: 0
[HDD (BASE 65) ]
TOTAL THIS MO. 983 CLEAR (SCALE 0-3) 9
DPTR FM NORMAL -165 PTCLDY (SCALE 4-7) 8
TOTAL FM JUL 1 2120 CLOUDY (SCALE 8-10) 14
DPTR FM NORMAL -352
[CDD (BASE 65) ]
TOTAL THIS MO. 0
DPTR FM NORMAL 0 [PRESSURE DATA]
TOTAL FM JAN 1 901 HIGHEST SLP 30.59 ON 29
DPTR FM NORMAL 239 LOWEST SLP 29.47 ON 23
[REMARKS]
#FINAL-12-20#