000
CXGM50 PGUM 010005
CF6GSN
PRELIMINARY LOCAL CLIMATOLOGICAL DATA (WS FORM: F-6)
STATION: SAIPAN/ISLEY_(CGS) MP
MONTH: SEPTEMBER
YEAR: 2020
LATITUDE: 15 7 N
LONGITUDE: 145-44 E
TEMPERATURE IN F: :PCPN: SNOW: WIND :SUNSHINE: SKY :PK WND
================================================================================
1 2 3 4 5 6A 6B 7 8 9 10 11 12 13 14 15 16 17 18
12Z AVG MX 2MIN
DY MAX MIN AVG DEP HDD CDD WTR SNW DPTH SPD SPD DIR MIN PSBL S-S WX SPD DR
================================================================================
1 85 77 81 M 0 16 1.25 0.0 0 5.5 16 330 M M 4 22 320
2 89 77 83 M 0 18 0.00 0.0 0 9.2 16 130 M M 1 21 140
3 90 79 85 M 0 20 0.19 0.0 0 8.0 24 110 M M 3 30 110
4 91 80 86 M 0 21 0.06 0.0 0 9.2 17 100 M M 2 3 21 130
5 88 81 85 M 0 20 0.00 0.0 0 5.5 10 80 M M 2 14 90
6 91 80 86 M 0 21 0.01 0.0 0 6.8 14 130 M M 2 20 90
7 87 78 83 M 0 18 0.13 0.0 0 11.4 21 60 M M 3 25 60
8 90 81 86 M 0 21 0.04 0.0 0 3.8 18 70 M M 2 23 70
9 90 80 85 M 0 20 T 0.0 0 4.2 10 240 M M 2 14 240
10 90 80 85 M 0 20 T 0.0 0 3.2 10 300 M M 3 14 330
11 91 79 85 M 0 20 0.09 0.0 0 5.7 17 40 M M 2 21 40
12 90 79 85 M 0 20 0.08 0.0 0 9.0 17 120 M M 1 24 120
13 91 77 84 M 0 19 0.29 0.0 0 10.3 26 110 M M 4 13 34 110
14 88 78 83 M 0 18 0.33 0.0 0 8.6 28 130 M M 5 1 34 130
15 89 77 83 M 0 18 0.01 0.0 0 9.1 23 70 M M 4 1 29 80
16 89 80 85 M 0 20 0.00 0.0 0 11.4 23 80 M M 3 27 80
17 87 77 82 M 0 17 1.20 0.0 0 9.3 23 70 M M 5 32 100
18 91 79 85 M 0 20 0.06 0.0 0 11.4 22 90 M M 2 28 90
19 90 79 85 M 0 20 0.07 0.0 0 8.6 18 120 M M 3 22 120
20 84 78 81 M 0 16 0.92 0.0 0 5.8 17 190 M M 7 24 180
21 85 77 81 M 0 16 1.23 0.0 0 7.6 22 220 M M 5 1 26 220
22 86 78 82 M 0 17 1.17 0.0 0 7.6 18 270 M M 3 25 260
23 89 80 85 M 0 20 0.00 0.0 0 6.9 13 170 M M 1 15 190
24 90 81 86 M 0 21 T 0.0 0 3.7 10 220 M M 2 13 270
25 90 81 86 M 0 21 0.60 0.0 0 4.1 13 210 M M 3 15 240
26 90 80 85 M 0 20 0.00 0.0 0 4.0 9 190 M M 1 13 160
27 91 80 86 M 0 21 0.00 0.0 0 3.8 9 260 M M 2 12 300
28 91 81 86 M 0 21 T 0.0 0 7.4 15 200 M M 1 19 200
29 90 78 84 M 0 19 0.51 0.0 0 8.0 21 120 M M 5 1 29 130
30 88 77 83 M 0 18 2.57 0.0 0 7.4 20 210 M M 5 13 24 210
================================================================================
SM 2671 2369 0 577 10.81 0.0 216.5 M 88
================================================================================
AV 89.0 79.0 7.2 FASTST M M 3 MAX(MPH)
MISC ----> # 28 130 # 34 110
================================================================================
NOTES:
# LAST OF SEVERAL OCCURRENCES
COLUMN 17 PEAK WIND IN M.P.H.
PRELIMINARY LOCAL CLIMATOLOGICAL DATA (WS FORM: F-6) , PAGE 2
STATION: SAIPAN/ISLEY_(CGS) MP
MONTH: SEPTEMBER
YEAR: 2020
LATITUDE: 15 7 N
LONGITUDE: 145-44 E
[TEMPERATURE DATA] [PRECIPITATION DATA] SYMBOLS USED IN COLUMN 16
AVERAGE MONTHLY: 84.0 TOTAL FOR MONTH: 10.81 1 = FOG OR MIST
DPTR FM NORMAL: M DPTR FM NORMAL: 0.60 2 = FOG REDUCING VISIBILITY
HIGHEST: 91 ON 28,27 GRTST 24HR 2.57 ON 30-30 TO 1/4 MILE OR LESS
LOWEST: 77 ON 30,21 3 = THUNDER
SNOW, ICE PELLETS, HAIL 4 = ICE PELLETS
TOTAL MONTH: 0.0 INCH 5 = HAIL
GRTST 24HR 0.0 6 = FREEZING RAIN OR DRIZZLE
GRTST DEPTH: 0 7 = DUSTSTORM OR SANDSTORM:
VSBY 1/2 MILE OR LESS
8 = SMOKE OR HAZE
[NO. OF DAYS WITH] [WEATHER - DAYS WITH] 9 = BLOWING SNOW
X = TORNADO
MAX 32 OR BELOW: 0 0.01 INCH OR MORE: 20
MAX 90 OR ABOVE: 17 0.10 INCH OR MORE: 12
MIN 32 OR BELOW: 0 0.50 INCH OR MORE: 8
MIN 0 OR BELOW: 0 1.00 INCH OR MORE: 5
[HDD (BASE 65) ]
TOTAL THIS MO. 0 CLEAR (SCALE 0-3) 18
DPTR FM NORMAL M PTCLDY (SCALE 4-7) 12
TOTAL FM JUL 1 0 CLOUDY (SCALE 8-10) 0
DPTR FM NORMAL M
[CDD (BASE 65) ]
TOTAL THIS MO. 577
DPTR FM NORMAL M [PRESSURE DATA]
TOTAL FM JAN 1 5249 HIGHEST SLP M ON M
DPTR FM NORMAL M LOWEST SLP 29.70 ON 30
[REMARKS]
#FINAL-09-20#