000
CXUS52 KRAH 011350
CLMGSO
CLIMATE REPORT
NATIONAL WEATHER SERVICE RALEIGH NC
950 AM EDT WED NOV 01 2023
...................................
...THE GREENSBORO NC CLIMATE SUMMARY FOR THE MONTH OF OCTOBER 2023...
CLIMATE NORMAL PERIOD 1991 TO 2020
CLIMATE RECORD PERIOD 1903 TO 2023
WEATHER OBSERVED NORMAL DEPART LAST YEAR`S
VALUE DATE(S) VALUE FROM VALUE
NORMAL
..............................................................
TEMPERATURE (F)
RECORD
HIGH 95 10/03/2019
10/05/1954
10/05/1919
LOW 20 10/27/1962
HIGHEST 83 10/28 78
10/30
LOWEST 36 10/23 31
AVG. MAXIMUM 72.3 71.0 1.3 68.2
AVG. MINIMUM 49.5 49.4 0.1 45.8
MEAN 60.9 60.2 0.7 57.0
DAYS MAX >= 90 0 0
DAYS MAX <= 32 0 0
DAYS MIN <= 32 0 2
DAYS MIN <= 0 0 0
PRECIPITATION (INCHES)
RECORD
MAXIMUM 12.59 1990
TOTALS 1.26 3.10 -1.84 1.40
DAYS >= .01 5
DAYS >= .10 3
DAYS >= .50 1
DAYS >= 1.00 0
GREATEST
24 HR. TOTAL 0.79 10/14 TO 10/14
DEGREE DAYS
HEATING TOTAL 159 187 -28 243
SINCE 7/1 169 209 -40 277
COOLING TOTAL 40 39 1 2
SINCE 1/1 1368 1549 -181 1583
..............................................................
WIND (MPH)
AVERAGE WIND SPEED 5.3
HIGHEST WIND SPEED/DIRECTION 33/290 DATE 10/20
HIGHEST GUST SPEED/DIRECTION 45/290 DATE 10/20
SKY COVER
POSSIBLE SUNSHINE (PERCENT) MM
AVERAGE SKY COVER 0.44
NUMBER OF DAYS FAIR 14
NUMBER OF DAYS PC 13
NUMBER OF DAYS CLOUDY 4
AVERAGE RH (PERCENT) 66
WEATHER CONDITIONS. NUMBER OF DAYS WITH
THUNDERSTORM 1 MIXED PRECIP 0
HEAVY RAIN 2 RAIN 3
LIGHT RAIN 6 FREEZING RAIN 0
LT FREEZING RAIN 0 HAIL 1
HEAVY SNOW 0 SNOW 0
LIGHT SNOW 0 SLEET 0
FOG 4 FOG W/VIS <= 1/4 MILE 0
HAZE 0
- INDICATES NEGATIVE NUMBERS.
R INDICATES RECORD WAS SET OR TIED.
MM INDICATES DATA IS MISSING.
T INDICATES TRACE AMOUNT.
&&
THERE WERE NO RECORDS IN THE MONTH OF OCTOBER.
$$