032
CXUS54 KFWD 010731
CF6GVT
PRELIMINARY LOCAL CLIMATOLOGICAL DATA (WS FORM: F-6)
STATION: GREENVILLE
MONTH: JULY
YEAR: 2020
LATITUDE: 33 4 N
LONGITUDE: 96 4 W
TEMPERATURE IN F: :PCPN: SNOW: WIND :SUNSHINE: SKY :PK WND
================================================================================
1 2 3 4 5 6A 6B 7 8 9 10 11 12 13 14 15 16 17 18
12Z AVG MX 2MIN
DY MAX MIN AVG DEP HDD CDD WTR SNW DPTH SPD SPD DIR MIN PSBL S-S WX SPD DR
================================================================================
1 95 81 88 5 0 23 0.00 0.0 0 10.9 17 190 M M 5 24 190
2 97 79 88 4 0 23 0.00 0.0 0 5.4 10 190 M M 3 M M
3 99 75 87 3 0 22 0.32 0.0 0 4.4 20 120 M M 2 3 31 120
4 93 73 83 -1 0 18 0.00 0.0 0 2.3 7 160 M M 1 M M
5 95 79 87 3 0 22 0.01 0.0 0 2.0 8 230 M M 4 M M
6 90 75 83 -1 0 18 1.11 0.0 0 3.0 14 210 M M 6 3 21 210
7 88 75 82 -2 0 17 0.00 0.0 0 3.7 12 180 M M 5 M M
8 95 75 85 1 0 20 0.00 0.0 0 5.0 10 170 M M 4 8 M M
9 95 79 87 3 0 22 0.00 0.0 0 7.3 14 190 M M 2 18 190
10 95 79 87 3 0 22 0.00 0.0 0 4.2 15 170 M M 2 20 170
11 99 79 89 5 0 24 0.00 0.0 0 4.8 10 190 M M 0 M M
12 99 79 89 4 0 24 0.00 0.0 0 4.2 16 360 M M 1 29 30
13 100 79 90 5 0 25 0.00 0.0 0 6.2 13 140 M M 0 16 170
14 99 81 90 5 0 25 0.00 0.0 0 11.0 16 170 M M 0 18 180
15 97 81 89 4 0 24 0.00 0.0 0 10.8 18 180 M M 1 22 180
16 99 81 90 5 0 25 M 0.0 0 7.4 12 190 M M 0 M M
17 99 77 88 3 0 23 0.00 0.0 0 4.2 9 110 M M 2 M M
18 95 77 86 1 0 21 0.00 0.0 0 7.6 13 140 M M 1 18 140
19 97 75 86 1 0 21 0.00 0.0 0 5.8 10 160 M M 0 M M
20 97 75 86 1 0 21 0.00 0.0 0 5.1 14 140 M M 2 17 140
21 93 73 83 -2 0 18 0.03 0.0 0 4.3 10 150 M M 3 M M
22 95 77 86 1 0 21 0.00 0.0 0 2.7 9 110 M M 5 M M
23 99 77 88 2 0 23 0.00 0.0 0 3.3 10 120 M M 3 18 M M
24 97 77 87 1 0 22 0.00 0.0 0 4.7 12 60 M M 2 18 110
25 95 77 86 0 0 21 0.00 0.0 0 4.9 14 120 M M 6 M M
26 95 75 85 -1 0 20 0.00 0.0 0 3.7 13 120 M M 6 18 120
27 95 73 84 -2 0 19 0.00 0.0 0 3.3 7 120 M M 4 M M
28 93 75 84 -2 0 19 0.70 0.0 0 2.3 9 190 M M 2 3 16 330
29 95 79 87 1 0 22 0.00 0.0 0 7.3 14 180 M M 3 20 170
30 99 72 86 0 0 21 0.12 0.0 0 12.2 17 180 M M 3 3 30 330
31 91 72 82 -4 0 17 0.00 0.0 0 4.9 14 300 M M 5 3 18 300
================================================================================
SM 2970 2381 0 663 2.29 0.0 168.9 M 83
================================================================================
AV 95.8 76.8 5.4 FASTST M M 3 MAX(MPH)
MISC ----> # 20 120 # 31 120
================================================================================
NOTES:
# LAST OF SEVERAL OCCURRENCES
COLUMN 17 PEAK WIND IN M.P.H.
PRELIMINARY LOCAL CLIMATOLOGICAL DATA (WS FORM: F-6) , PAGE 2
STATION: GREENVILLE
MONTH: JULY
YEAR: 2020
LATITUDE: 33 4 N
LONGITUDE: 96 4 W
[TEMPERATURE DATA] [PRECIPITATION DATA] SYMBOLS USED IN COLUMN 16
AVERAGE MONTHLY: 86.3 TOTAL FOR MONTH: 2.29 1 = FOG OR MIST
DPTR FM NORMAL: 1.4 DPTR FM NORMAL: -0.87 2 = FOG REDUCING VISIBILITY
HIGHEST: 100 ON 13 GRTST 24HR 1.11 ON 6- 6 TO 1/4 MILE OR LESS
LOWEST: 72 ON 31,30 3 = THUNDER
SNOW, ICE PELLETS, HAIL 4 = ICE PELLETS
TOTAL MONTH: 0.0 INCH 5 = HAIL
GRTST 24HR 0.0 6 = FREEZING RAIN OR DRIZZLE
GRTST DEPTH: 0 7 = DUSTSTORM OR SANDSTORM:
VSBY 1/2 MILE OR LESS
8 = SMOKE OR HAZE
[NO. OF DAYS WITH] [WEATHER - DAYS WITH] 9 = BLOWING SNOW
X = TORNADO
MAX 32 OR BELOW: 0 0.01 INCH OR MORE: 6
MAX 90 OR ABOVE: 30 0.10 INCH OR MORE: 4
MIN 32 OR BELOW: 0 0.50 INCH OR MORE: 2
MIN 0 OR BELOW: 0 1.00 INCH OR MORE: 1
[HDD (BASE 65) ]
TOTAL THIS MO. 0 CLEAR (SCALE 0-3) 19
DPTR FM NORMAL 0 PTCLDY (SCALE 4-7) 12
TOTAL FM JUL 1 0 CLOUDY (SCALE 8-10) 0
DPTR FM NORMAL 0
[CDD (BASE 65) ]
TOTAL THIS MO. 663
DPTR FM NORMAL 48 [PRESSURE DATA]
TOTAL FM JAN 1 1600 HIGHEST SLP M ON M
DPTR FM NORMAL 132 LOWEST SLP M ON M
[REMARKS]
#FINAL-07-20#